{"id":154,"date":"2017-07-26T12:47:49","date_gmt":"2017-07-26T12:47:49","guid":{"rendered":"https:\/\/webs.uab.cat\/cien\/proyecto-2014-2016\/"},"modified":"2017-07-26T12:47:49","modified_gmt":"2017-07-26T12:47:49","slug":"proyecto-2014-2016","status":"publish","type":"page","link":"https:\/\/webs.uab.cat\/cien\/proyecto-2014-2016\/","title":{"rendered":"Proyecto 2014-2016"},"content":{"rendered":"<p class=\"rtejustify\"><strong><em>T\u00edtulo del proyecto:&nbsp;<\/em><\/strong>SGR- reconocimiento de C. I. E. N. como Grupo de Investigaci\u00f3n Consolidado<\/p>\n<p class=\"rtejustify\"><strong><em>IP:<\/em><\/strong>&nbsp;Melissa Moyer<\/p>\n<p class=\"rtejustify\"><strong><em>Miembros del equipo:&nbsp;<\/em><\/strong>Eva Cod\u00f3, Mar\u00eda Rosa Garrido, Gema Rubio Carbonero, Massimiliano Sassi,&nbsp;Andrea Sunyol<\/p>\n<p class=\"rtejustify\"><strong><em>Entidad financiadora:&nbsp;<\/em><\/strong>Generalitat de Catalunya- AGAUR (SGR 2014 1508)<\/p>\n<p class=\"rtejustify\"><strong><em>Resumen del proyecto:<\/em><\/strong><\/p>\n<p class=\"rtejustify\">Los objetivos de investigaci\u00f3n clave del grupo CIEN dentro de este proyecto son:<\/p>\n<p class=\"rtejustify\">1. mantener y tratar de aumentar la difusi\u00f3n de los resultados de la investigaci\u00f3n en publicaciones revisadas por pares internacionales (monograf\u00edas, art\u00edculos y n\u00fameros especiales de revistas).<\/p>\n<p class=\"rtejustify\">2. Mantener la participaci\u00f3n del grupo en las principales reuniones internacionales y nacionales relacionados con el \u00e1rea de investigaci\u00f3n del grupo.&nbsp;<\/p>\n<p class=\"rtejustify\">3. Incorporar nuevos miembros al grupo SGR, tanto investigadores nacionales e internacionales establecidos como doctores y &nbsp;j\u00f3venes investigadores que est\u00e1n llevando a cabo estudios de postgrado (maestr\u00eda y doctorado).<\/p>\n<p class=\"rtejustify\">4. Solicitar un nuevo proyecto de investigaci\u00f3n del Plan Nacional de Investigaci\u00f3n, MINECO despu\u00e9s de que finalice el proyecto de la convocatoria del 2011.&nbsp;<\/p>\n<p class=\"rtejustify\">5. Organizar un peque\u00f1o seminario internacional en 2015 con investigadores que est\u00e9n &nbsp;desarrollando temas similares a los del equipo de investigaci\u00f3n CIEN.&nbsp;<\/p>\n<p class=\"rtejustify\">6. Producir una publicaci\u00f3n revisada por pares (monograf\u00eda o un n\u00famero especial) como resultado de este seminario. Posibles revistas que nos gustar\u00eda tener en cuenta son&nbsp;&nbsp;The Journal of Sociolinguistics, Language and Society, Journal of Pragmatics, Multilingua.<\/p>\n<p class=\"rtejustify\">7. Mejorar la aplicaci\u00f3n de los conocimientos generados en el proyecto a la realidad social de Catalu\u00f1a y Espa\u00f1a. El conocimiento sobre el multiling\u00fcismo puede ser &nbsp;no solo transferido a los materiales de ense\u00f1anza, sino que tambi\u00e9n ofrece informaci\u00f3n pertinente para la ejecuci\u00f3n de pol\u00edticas y pr\u00e1cticas del lenguaje en las instituciones p\u00fablicas y privadas.<\/p>\n<p class=\"rtejustify\">8. Promover una mayor colaboraci\u00f3n interdisciplinaria con especialistas de Filolog\u00eda Inglesa que trabajan en el \u00e1mbito de la cultura.<\/p>\n<p class=\"rtejustify\">9. Financiar parcialmente una posici\u00f3n post-doc para un joven investigador que participar\u00e1 en la investigaci\u00f3n del equipo CIEN.&nbsp;<\/p>\n<p class=\"rtejustify\">10. Ayudar a financiar a tres investigadores visitantes que realicen investigaci\u00f3n de vanguardia sobre el lenguaje y la movilidad.<\/p>\n<p class=\"rtejustify\">&nbsp;<\/p>\n","protected":false},"excerpt":{"rendered":"<p>T\u00edtulo del proyecto:&nbsp;SGR- reconocimiento de C. I. E. N. como Grupo de Investigaci\u00f3n Consolidado IP:&nbsp;Melissa Moyer Miembros del equipo:&nbsp;Eva Cod\u00f3, Mar\u00eda Rosa Garrido, Gema Rubio Carbonero, Massimiliano Sassi,&nbsp;Andrea Sunyol Entidad financiadora:&nbsp;Generalitat de Catalunya- AGAUR (SGR 2014 1508) Resumen del proyecto: Los objetivos de investigaci\u00f3n clave del grupo CIEN dentro de este proyecto son: 1. mantener [&hellip;]<\/p>\n","protected":false},"author":20,"featured_media":0,"parent":0,"menu_order":0,"comment_status":"closed","ping_status":"closed","template":"","meta":{"footnotes":""},"class_list":["post-154","page","type-page","status-publish","hentry"],"_links":{"self":[{"href":"https:\/\/webs.uab.cat\/cien\/wp-json\/wp\/v2\/pages\/154","targetHints":{"allow":["GET"]}}],"collection":[{"href":"https:\/\/webs.uab.cat\/cien\/wp-json\/wp\/v2\/pages"}],"about":[{"href":"https:\/\/webs.uab.cat\/cien\/wp-json\/wp\/v2\/types\/page"}],"author":[{"embeddable":true,"href":"https:\/\/webs.uab.cat\/cien\/wp-json\/wp\/v2\/users\/20"}],"replies":[{"embeddable":true,"href":"https:\/\/webs.uab.cat\/cien\/wp-json\/wp\/v2\/comments?post=154"}],"version-history":[{"count":0,"href":"https:\/\/webs.uab.cat\/cien\/wp-json\/wp\/v2\/pages\/154\/revisions"}],"wp:attachment":[{"href":"https:\/\/webs.uab.cat\/cien\/wp-json\/wp\/v2\/media?parent=154"}],"curies":[{"name":"wp","href":"https:\/\/api.w.org\/{rel}","templated":true}]}}