{"id":165,"date":"2017-06-28T12:14:21","date_gmt":"2017-06-28T12:14:21","guid":{"rendered":"https:\/\/webs.uab.cat\/cien\/working-papers\/"},"modified":"2022-07-27T08:03:03","modified_gmt":"2022-07-27T08:03:03","slug":"working-papers","status":"publish","type":"page","link":"https:\/\/webs.uab.cat\/cien\/working-papers\/","title":{"rendered":"Working Papers"},"content":{"rendered":"\n<p><strong>Acta de la reuni\u00f3n del equipo investigador, 03-05-2010.<\/strong><br>\u00a0<a href=\"https:\/\/webs.uab.cat\/cien\/wp-content\/uploads\/sites\/88\/2022\/07\/report_research_meeting_03_05_2010.pdf\" data-type=\"attachment\" data-id=\"350\" target=\"_blank\" rel=\"noreferrer noopener\">See Full Report<\/a><\/p>\n\n\n\n<p><strong>Acta de la reuni\u00f3n del equipo investigador, 19-05-2010.<\/strong><\/p>\n\n\n\n<p>\u00a0<a href=\"https:\/\/webs.uab.cat\/cien\/wp-content\/uploads\/sites\/88\/2022\/07\/report_research_meeting_19_05_2010.pdf\" data-type=\"attachment\" data-id=\"353\" target=\"_blank\" rel=\"noreferrer noopener\">See Full Report<\/a><\/p>\n\n\n\n<p><strong>The Radein Initiative: Some Directions in Research on Multilingualism<\/strong>Motivados por la preocupaci\u00f3n sobre el futuro de la investigaci\u00f3n en el campo del multiling\u00fcismo, nueve acad\u00e9micos europeos se reunieron en el pueblo de Radein, lugar de trabajo situado a las monta\u00f1as Dolomitas, el septiembre de 2010, para identificar los asuntos que nos presentan m\u00e1s retos sobre el estudio de este \u00e1mbito y para proponer pasos activos a trav\u00e9s de los cuales se pueda promover investigaciones continuas y avanzadas en este campo. La Iniciativa surge de una concienciaci\u00f3n profunda sobre la importancia del multiling\u00fcismo en las sociedades contempor\u00e1neas y de la necesidad de responder a las diversas realidades sociales, culturales y ling\u00fc\u00edsticas con que nos encontramos frente a las fuerzas de mercado global y a la subsiguiente movilidad de personas. Sus discusiones se han recogido en este documento borrador que presenta nuevas direcciones de investigaci\u00f3n en torno al multiling\u00fcismo, con el objetivo de iniciar un debate m\u00e1s amplio sobre futuras l\u00edneas de investigaci\u00f3n. El prop\u00f3sito de esta compilaci\u00f3n es motivar el compromiso y la participaci\u00f3n de colegas que tambi\u00e9n llevan a cabo sus investigaciones en el campo del multiling\u00fcismo en varios entornos y desde perspectivas disciplinarias diferentes.<\/p>\n\n\n\n<p><a href=\"https:\/\/webs.uab.cat\/cien\/wp-content\/uploads\/sites\/88\/2022\/07\/radein_initiative_v2.0.pdf\" data-type=\"attachment\" data-id=\"347\" target=\"_blank\" rel=\"noreferrer noopener\">Documento Borrador Radein Initiative<\/a><\/p>\n\n\n\n<p>\u00a0<\/p>\n","protected":false},"excerpt":{"rendered":"<p>Acta de la reuni\u00f3n del equipo investigador, 03-05-2010.\u00a0See Full Report Acta de la reuni\u00f3n del equipo investigador, 19-05-2010. \u00a0See Full Report The Radein Initiative: Some Directions in Research on MultilingualismMotivados por la preocupaci\u00f3n sobre el futuro de la investigaci\u00f3n en el campo del multiling\u00fcismo, nueve acad\u00e9micos europeos se reunieron en el pueblo de Radein, lugar [&hellip;]<\/p>\n","protected":false},"author":20,"featured_media":0,"parent":0,"menu_order":0,"comment_status":"closed","ping_status":"closed","template":"","meta":{"footnotes":""},"class_list":["post-165","page","type-page","status-publish","hentry"],"_links":{"self":[{"href":"https:\/\/webs.uab.cat\/cien\/wp-json\/wp\/v2\/pages\/165","targetHints":{"allow":["GET"]}}],"collection":[{"href":"https:\/\/webs.uab.cat\/cien\/wp-json\/wp\/v2\/pages"}],"about":[{"href":"https:\/\/webs.uab.cat\/cien\/wp-json\/wp\/v2\/types\/page"}],"author":[{"embeddable":true,"href":"https:\/\/webs.uab.cat\/cien\/wp-json\/wp\/v2\/users\/20"}],"replies":[{"embeddable":true,"href":"https:\/\/webs.uab.cat\/cien\/wp-json\/wp\/v2\/comments?post=165"}],"version-history":[{"count":3,"href":"https:\/\/webs.uab.cat\/cien\/wp-json\/wp\/v2\/pages\/165\/revisions"}],"predecessor-version":[{"id":357,"href":"https:\/\/webs.uab.cat\/cien\/wp-json\/wp\/v2\/pages\/165\/revisions\/357"}],"wp:attachment":[{"href":"https:\/\/webs.uab.cat\/cien\/wp-json\/wp\/v2\/media?parent=165"}],"curies":[{"name":"wp","href":"https:\/\/api.w.org\/{rel}","templated":true}]}}

<p><strong>Acta de la reunión del equipo investigador, 03-05-2010.</strong><br> <a href="https://webs.uab.cat/cien/wp-content/uploads/sites/88/2022/07/report_research_meeting_03_05_2010.pdf" data-type="attachment" data-id="350" target="_blank" rel="noreferrer noopener">See Full Report</a></p>



<p><strong>Acta de la reunión del equipo investigador, 19-05-2010.</strong></p>



<p> <a href="https://webs.uab.cat/cien/wp-content/uploads/sites/88/2022/07/report_research_meeting_19_05_2010.pdf" data-type="attachment" data-id="353" target="_blank" rel="noreferrer noopener">See Full Report</a></p>



<p><strong>The Radein Initiative: Some Directions in Research on Multilingualism</strong>Motivados por la preocupación sobre el futuro de la investigación en el campo del multilingüismo, nueve académicos europeos se reunieron en el pueblo de Radein, lugar de trabajo situado a las montañas Dolomitas, el septiembre de 2010, para identificar los asuntos que nos presentan más retos sobre el estudio de este ámbito y para proponer pasos activos a través de los cuales se pueda promover investigaciones continuas y avanzadas en este campo. La Iniciativa surge de una concienciación profunda sobre la importancia del multilingüismo en las sociedades contemporáneas y de la necesidad de responder a las diversas realidades sociales, culturales y lingüísticas con que nos encontramos frente a las fuerzas de mercado global y a la subsiguiente movilidad de personas. Sus discusiones se han recogido en este documento borrador que presenta nuevas direcciones de investigación en torno al multilingüismo, con el objetivo de iniciar un debate más amplio sobre futuras líneas de investigación. El propósito de esta compilación es motivar el compromiso y la participación de colegas que también llevan a cabo sus investigaciones en el campo del multilingüismo en varios entornos y desde perspectivas disciplinarias diferentes.</p>



<p><a href="https://webs.uab.cat/cien/wp-content/uploads/sites/88/2022/07/radein_initiative_v2.0.pdf" data-type="attachment" data-id="347" target="_blank" rel="noreferrer noopener">Documento Borrador Radein Initiative</a></p>



<p> </p>

<p>Acta de la reunión del equipo investigador, 03-05-2010. See Full Report Acta de la reunión del equipo investigador, 19-05-2010.  See Full Report The Radein Initiative: Some Directions in Research on MultilingualismMotivados por la preocupación sobre el futuro de la investigación en el campo del multilingüismo, nueve académicos europeos se reunieron en el pueblo de Radein, lugar [&hellip;]</p>
