{"id":166,"date":"2017-06-28T12:15:16","date_gmt":"2017-06-28T12:15:16","guid":{"rendered":"https:\/\/webs.uab.cat\/cien\/proximos-congresos-y-seminarios\/"},"modified":"2022-07-27T08:23:24","modified_gmt":"2022-07-27T08:23:24","slug":"proximos-congresos-y-seminarios","status":"publish","type":"page","link":"https:\/\/webs.uab.cat\/cien\/proximos-congresos-y-seminarios\/","title":{"rendered":"Pr\u00f3ximos congresos y seminarios"},"content":{"rendered":"\n<p><strong>Lecturas para el seminario sobre \u00abNarratives as Discourse\u00bb a cargo de Anna de Fina.<\/strong><br>Del 2 al 7 de junio de 2010. Universitat Aut\u00f2noma de Barcelona, Facultad de Psicolog\u00eda, aula P-21. Todas las lecturas para este seminario son en ingl\u00e9s.<\/p>\n\n\n\n<p>\u00a0Readings for Session 1 (June 2)<br>\u00a0Readings for Session 2 (June 3) &#8211; part 1<br><a href=\"https:\/\/webs.uab.cat\/cien\/wp-content\/uploads\/sites\/88\/2022\/07\/day2_2.pdf\" data-type=\"attachment\" data-id=\"362\" target=\"_blank\" rel=\"noreferrer noopener\">\u00a0Readings for Session 2<\/a> (June 3) &#8211; part 2<br>\u00a0<a href=\"https:\/\/webs.uab.cat\/cien\/wp-content\/uploads\/sites\/88\/2022\/07\/day3.pdf\" data-type=\"attachment\" data-id=\"365\" target=\"_blank\" rel=\"noreferrer noopener\">Readings for Session 3<\/a> (June 4)<br>\u00a0<a href=\"https:\/\/webs.uab.cat\/cien\/wp-content\/uploads\/sites\/88\/2022\/07\/day4.pdf\" data-type=\"attachment\" data-id=\"368\" target=\"_blank\" rel=\"noreferrer noopener\">Readings for Session 4<\/a> (June 7)<\/p>\n\n\n\n<p><strong>Recepci\u00f3n de propuestas de comunicaci\u00f3n para el 4\u00ba Seminario Internacional sobre la lengua y la migraci\u00f3n AILA.<\/strong><br>Instituto de Multiling\u00fcismo, University of Teacher Education de Fribourg, Suiza. Fechas: 28-29 de enero 2010.<br>\u00a0<a href=\"https:\/\/webs.uab.cat\/cien\/wp-content\/uploads\/sites\/88\/2022\/07\/aila_call_final_kurz.pdf\" data-type=\"attachment\" data-id=\"359\" target=\"_blank\" rel=\"noreferrer noopener\">Call for papers AILA4<\/a><\/p>\n\n\n\n<p><strong>Seminario sobre Language, Ideologies and the New Economy.<\/strong><br>Instituto de Multiling\u00fcismo, University of Teacher Education de Fribourg, Suiza. Fechas: 27-29 de abril 2010.<br>\u00a0<a href=\"https:\/\/webs.uab.cat\/cien\/wp-content\/uploads\/sites\/88\/2022\/07\/aila_call_final_kurz.pdf\" data-type=\"attachment\" data-id=\"359\" target=\"_blank\" rel=\"noreferrer noopener\">Language, Ideologies and the New Economy<\/a>.<\/p>\n\n\n\n<p><strong>Call for papers AILA 3rd International Seminar on Language and Migration<\/strong>.<br>Barcelona, February 2 &#8211; 3, 2009.<br>\u00a0<a href=\"https:\/\/webs.uab.cat\/cien\/wp-content\/uploads\/sites\/88\/2022\/07\/finalannounce_20_9_2008.pdf\" data-type=\"attachment\" data-id=\"371\" target=\"_blank\" rel=\"noreferrer noopener\">Call for papers PDF Form<\/a><\/p>\n\n\n\n<p><strong>Programa del 3r Seminario Internacional AILA sobre Lengua y Migraci\u00f3n.<\/strong><br>Versi\u00f3n definitiva del programa del seminario que es celebrar\u00e1 en Barcelona este mes de febrero.<\/p>\n\n\n\n<p>Programa del seminario AILA<\/p>\n","protected":false},"excerpt":{"rendered":"<p>Lecturas para el seminario sobre \u00abNarratives as Discourse\u00bb a cargo de Anna de Fina.Del 2 al 7 de junio de 2010. Universitat Aut\u00f2noma de Barcelona, Facultad de Psicolog\u00eda, aula P-21. Todas las lecturas para este seminario son en ingl\u00e9s. \u00a0Readings for Session 1 (June 2)\u00a0Readings for Session 2 (June 3) &#8211; part 1\u00a0Readings for Session [&hellip;]<\/p>\n","protected":false},"author":20,"featured_media":0,"parent":0,"menu_order":0,"comment_status":"closed","ping_status":"closed","template":"","meta":{"footnotes":""},"class_list":["post-166","page","type-page","status-publish","hentry"],"_links":{"self":[{"href":"https:\/\/webs.uab.cat\/cien\/wp-json\/wp\/v2\/pages\/166","targetHints":{"allow":["GET"]}}],"collection":[{"href":"https:\/\/webs.uab.cat\/cien\/wp-json\/wp\/v2\/pages"}],"about":[{"href":"https:\/\/webs.uab.cat\/cien\/wp-json\/wp\/v2\/types\/page"}],"author":[{"embeddable":true,"href":"https:\/\/webs.uab.cat\/cien\/wp-json\/wp\/v2\/users\/20"}],"replies":[{"embeddable":true,"href":"https:\/\/webs.uab.cat\/cien\/wp-json\/wp\/v2\/comments?post=166"}],"version-history":[{"count":2,"href":"https:\/\/webs.uab.cat\/cien\/wp-json\/wp\/v2\/pages\/166\/revisions"}],"predecessor-version":[{"id":374,"href":"https:\/\/webs.uab.cat\/cien\/wp-json\/wp\/v2\/pages\/166\/revisions\/374"}],"wp:attachment":[{"href":"https:\/\/webs.uab.cat\/cien\/wp-json\/wp\/v2\/media?parent=166"}],"curies":[{"name":"wp","href":"https:\/\/api.w.org\/{rel}","templated":true}]}}

Próximos congresos y seminarios

<p><strong>Lecturas para el seminario sobre «Narratives as Discourse» a cargo de Anna de Fina.</strong><br>Del 2 al 7 de junio de 2010. Universitat Autònoma de Barcelona, Facultad de Psicología, aula P-21. Todas las lecturas para este seminario son en inglés.</p>



<p> Readings for Session 1 (June 2)<br> Readings for Session 2 (June 3) &#8211; part 1<br><a href="https://webs.uab.cat/cien/wp-content/uploads/sites/88/2022/07/day2_2.pdf" data-type="attachment" data-id="362" target="_blank" rel="noreferrer noopener"> Readings for Session 2</a> (June 3) &#8211; part 2<br> <a href="https://webs.uab.cat/cien/wp-content/uploads/sites/88/2022/07/day3.pdf" data-type="attachment" data-id="365" target="_blank" rel="noreferrer noopener">Readings for Session 3</a> (June 4)<br> <a href="https://webs.uab.cat/cien/wp-content/uploads/sites/88/2022/07/day4.pdf" data-type="attachment" data-id="368" target="_blank" rel="noreferrer noopener">Readings for Session 4</a> (June 7)</p>



<p><strong>Recepción de propuestas de comunicación para el 4º Seminario Internacional sobre la lengua y la migración AILA.</strong><br>Instituto de Multilingüismo, University of Teacher Education de Fribourg, Suiza. Fechas: 28-29 de enero 2010.<br> <a href="https://webs.uab.cat/cien/wp-content/uploads/sites/88/2022/07/aila_call_final_kurz.pdf" data-type="attachment" data-id="359" target="_blank" rel="noreferrer noopener">Call for papers AILA4</a></p>



<p><strong>Seminario sobre Language, Ideologies and the New Economy.</strong><br>Instituto de Multilingüismo, University of Teacher Education de Fribourg, Suiza. Fechas: 27-29 de abril 2010.<br> <a href="https://webs.uab.cat/cien/wp-content/uploads/sites/88/2022/07/aila_call_final_kurz.pdf" data-type="attachment" data-id="359" target="_blank" rel="noreferrer noopener">Language, Ideologies and the New Economy</a>.</p>



<p><strong>Call for papers AILA 3rd International Seminar on Language and Migration</strong>.<br>Barcelona, February 2 &#8211; 3, 2009.<br> <a href="https://webs.uab.cat/cien/wp-content/uploads/sites/88/2022/07/finalannounce_20_9_2008.pdf" data-type="attachment" data-id="371" target="_blank" rel="noreferrer noopener">Call for papers PDF Form</a></p>



<p><strong>Programa del 3r Seminario Internacional AILA sobre Lengua y Migración.</strong><br>Versión definitiva del programa del seminario que es celebrará en Barcelona este mes de febrero.</p>



<p>Programa del seminario AILA</p>

<p>Lecturas para el seminario sobre «Narratives as Discourse» a cargo de Anna de Fina.Del 2 al 7 de junio de 2010. Universitat Autònoma de Barcelona, Facultad de Psicología, aula P-21. Todas las lecturas para este seminario son en inglés.  Readings for Session 1 (June 2) Readings for Session 2 (June 3) &#8211; part 1 Readings for Session [&hellip;]</p>
