{"id":1007,"date":"2019-02-18T17:24:14","date_gmt":"2019-02-18T17:24:14","guid":{"rendered":"https:\/\/webs.uab.cat\/cienciaxllegir\/adela-munoz\/"},"modified":"2023-06-06T15:59:35","modified_gmt":"2023-06-06T15:59:35","slug":"adela-munoz","status":"publish","type":"page","link":"https:\/\/webs.uab.cat\/cienciaxllegir\/adela-munoz\/","title":{"rendered":"Adela Mu\u00f1oz"},"content":{"rendered":"\n<div class=\"wp-block-media-text alignwide is-stacked-on-mobile is-vertically-aligned-top has-blanc-coco-color has-verd-tropic-background-color has-text-color has-background\" style=\"grid-template-columns:20% auto\"><figure class=\"wp-block-media-text__media\"><img loading=\"lazy\" decoding=\"async\" width=\"250\" height=\"250\" src=\"https:\/\/webs.uab.cat\/cienciaxllegir\/wp-content\/uploads\/sites\/215\/2019\/02\/adelamun_foto.jpg\" alt=\"\" class=\"wp-image-1006 size-full\" srcset=\"https:\/\/webs.uab.cat\/cienciaxllegir\/wp-content\/uploads\/sites\/215\/2019\/02\/adelamun_foto.jpg 250w, https:\/\/webs.uab.cat\/cienciaxllegir\/wp-content\/uploads\/sites\/215\/2019\/02\/adelamun_foto-150x150.jpg 150w\" sizes=\"auto, (max-width: 250px) 100vw, 250px\" \/><\/figure><div class=\"wp-block-media-text__content\">\n<p class=\"has-small-font-size\"><em>&#8220;<\/em>La lucha no ha hecho m\u00e1s que empezar y una de las primeras batallas que hay que ganar es poner a las mujeres cient\u00edficas del pasado en el lugar hist\u00f3rico que les corresponde. [&#8230;] Es una deuda que las cient\u00edficas del presente tenemos con ellas y con las futuras generaciones, que tienen que saber desde peque\u00f1as que la ciencia <strong>&#8220;s\u00ed&#8221;<\/strong> es cosa de mujeres. Pero no es solo una cuesti\u00f3n de justicia, sino una necesidad vital, porque el mundo avanza gracias a la ciencia y no podemos permitirnos desperdiciar la mitad del talento.<em>&#8220;<\/em><\/p>\n\n\n\n<p class=\"has-small-font-size\">Extracte de la p\u00e0gina d&#8217;agra\u00efments al llibre<br><a href=\"https:\/\/bibcercador.uab.cat\/permalink\/34CSUC_UAB\/1eqfv2p\/alma991007258659706709\" target=\"_blank\" rel=\"noreferrer noopener\">Sabias: la cara oculta de la ciencia<\/a><\/p>\n<\/div><\/div>\n\n\n\n<p><strong>Adela Mu\u00f1oz P\u00e1ez <\/strong>(La Carolina, Ja\u00e9n, 1958) \u00e9s catedr\u00e0tica de Qu\u00edmica Inorg\u00e0nica de la Universitat de Sevilla i combina les facetes de docent, investigadora i divulgadora. Una part de la seva recerca est\u00e0 centrada en l\u2019estudi del fenomen de les fonts de radiaci\u00f3 sincrotr\u00f3 de Gran Bretanya, Fran\u00e7a i Jap\u00f3. Ha estat subdirectora de l\u2019<a href=\"https:\/\/www.icms.us-csic.es\/\" target=\"_blank\" rel=\"noreferrer noopener\">Instituto de Ciencia de Materiales de Sevilla<\/a> i ha participat en el disseny d\u2019una de les estacions de la font de radiaci\u00f3 sincrotr\u00f3 ALBA. Als darrers anys ha desenvolupat una intensa activitat com a divulgadora cient\u00edfica, a trav\u00e9s del seu bloc <a href=\"http:\/\/mentazar.ddns.net\/hypatia\/\" target=\"_blank\" rel=\"noreferrer noopener\">Cartas a Hipatia<\/a>, i escrivint articles a El Peri\u00f3dico o el Huffington Post.<\/p>\n\n\n\n<p>A m\u00e9s, participa a <a href=\"https:\/\/institucional.us.es\/cientificas\/\" target=\"_blank\" rel=\"noreferrer noopener\"><strong>Cient\u00edficas: pasado, presente y futuro<\/strong><\/a>, una obra de teatre creada i dirigida per Francisco Vega Narv\u00e1ez, en la qual cinc investigadores de la Univesitat de Sevilla interpreten a cient\u00edfiques del passat (Hipatia, Ada Lovelace, Marie Curie, Rosalind Franklin i Hedy Lamarr) amb la finalitat de fer visible el seu paper com a dones cient\u00edfiques.<\/p>\n\n\n\n<p><strong>M\u00e9s informaci\u00f3:<\/strong><\/p>\n\n\n\n<ul class=\"wp-block-list\"><li><a href=\"https:\/\/webs.uab.cat\/cienciaxllegir\/obra-divulgativa-adela-munoz\">Obra divulgativa comentada<\/a><\/li><li><a rel=\"noreferrer noopener\" href=\"https:\/\/bibcercador.uab.cat\/discovery\/search?query=creator,exact,Mu%C3%B1oz%20P%C3%A1ez,%20A.,AND&amp;tab=Everything&amp;search_scope=MyInst_and_CI&amp;vid=34CSUC_UAB:VU1&amp;facet=creator,exact,Mu%C3%B1oz%20P%C3%A1ez,%20A.&amp;mode=advanced\" target=\"_blank\">Adela Mu\u00f1oz<\/a> al nostre cat\u00e0leg<\/li><li><a rel=\"noreferrer noopener\" href=\"https:\/\/bibcercador.uab.cat\/discovery\/search?query=creator,exact,Mu%C3%B1oz%20P%C3%A1ez,%20A.,AND&amp;tab=DiscoveryNetwork&amp;search_scope=DiscoveryNetwork&amp;sortby=date_d&amp;vid=34CSUC_UAB:VU1&amp;facet=creator,exact,Mu%C3%B1oz%20P%C3%A1ez,%20A.&amp;mode=advanced&amp;offset=0&amp;came_from=sort\" target=\"_blank\">Adela Mu\u00f1oz<\/a> al cat\u00e0leg col\u00b7lectiu (PUC)<\/li><\/ul>\n\n\n\n<p class=\"has-blanc-coco-color has-text-color\">a<\/p>\n\n\n\n<ul class=\"wp-block-list\"><li><a href=\"https:\/\/investigacion.us.es\/sisius\/sis_showpub.php?idpers=1151\" target=\"_blank\" rel=\"noreferrer noopener\">Perfil d&#8217;investigadora<\/a> (Universidad de Sevilla)<\/li><li><a href=\"https:\/\/twitter.com\/adelamunozus?lang=es\" target=\"_blank\" rel=\"noreferrer noopener\">Compte de Twitter<\/a><\/li><li>Bloc: <a href=\"http:\/\/mentazar.ddns.net\/hypatia\/\" target=\"_blank\" rel=\"noreferrer noopener\">Cartas a Hypatia<\/a><\/li><li><a href=\"https:\/\/www.elperiodico.com\/es\/autor\/adela-munoz-paez-55561\" target=\"_blank\" rel=\"noreferrer noopener\">Articles de divulgaci\u00f3 a El Peri\u00f3dico<\/a><\/li><\/ul>\n","protected":false},"excerpt":{"rendered":"<p>&#8220;La lucha no ha hecho m\u00e1s que empezar y una de las primeras batallas que hay que ganar es poner a las mujeres cient\u00edficas del pasado en el lugar hist\u00f3rico que les corresponde. [&#8230;] Es una deuda que las cient\u00edficas del presente tenemos con ellas y con las futuras generaciones, que tienen que saber desde [&hellip;]<\/p>\n","protected":false},"author":20,"featured_media":0,"parent":0,"menu_order":0,"comment_status":"closed","ping_status":"closed","template":"","meta":{"footnotes":""},"class_list":["post-1007","page","type-page","status-publish","hentry"],"_links":{"self":[{"href":"https:\/\/webs.uab.cat\/cienciaxllegir\/wp-json\/wp\/v2\/pages\/1007","targetHints":{"allow":["GET"]}}],"collection":[{"href":"https:\/\/webs.uab.cat\/cienciaxllegir\/wp-json\/wp\/v2\/pages"}],"about":[{"href":"https:\/\/webs.uab.cat\/cienciaxllegir\/wp-json\/wp\/v2\/types\/page"}],"author":[{"embeddable":true,"href":"https:\/\/webs.uab.cat\/cienciaxllegir\/wp-json\/wp\/v2\/users\/20"}],"replies":[{"embeddable":true,"href":"https:\/\/webs.uab.cat\/cienciaxllegir\/wp-json\/wp\/v2\/comments?post=1007"}],"version-history":[{"count":2,"href":"https:\/\/webs.uab.cat\/cienciaxllegir\/wp-json\/wp\/v2\/pages\/1007\/revisions"}],"predecessor-version":[{"id":2708,"href":"https:\/\/webs.uab.cat\/cienciaxllegir\/wp-json\/wp\/v2\/pages\/1007\/revisions\/2708"}],"wp:attachment":[{"href":"https:\/\/webs.uab.cat\/cienciaxllegir\/wp-json\/wp\/v2\/media?parent=1007"}],"curies":[{"name":"wp","href":"https:\/\/api.w.org\/{rel}","templated":true}]}}