{"id":1018,"date":"2019-02-20T17:09:02","date_gmt":"2019-02-20T17:09:02","guid":{"rendered":"https:\/\/webs.uab.cat\/cienciaxllegir\/clara-grima\/"},"modified":"2025-06-26T16:53:31","modified_gmt":"2025-06-26T16:53:31","slug":"clara-grima","status":"publish","type":"page","link":"https:\/\/webs.uab.cat\/cienciaxllegir\/clara-grima\/","title":{"rendered":"Clara Grima"},"content":{"rendered":"\n<div class=\"wp-block-media-text alignwide is-stacked-on-mobile has-blanc-coco-color has-verd-tropic-background-color has-text-color has-background\" style=\"grid-template-columns:19% auto\"><figure class=\"wp-block-media-text__media\"><img loading=\"lazy\" decoding=\"async\" width=\"250\" height=\"250\" src=\"https:\/\/webs.uab.cat\/cienciaxllegir\/wp-content\/uploads\/sites\/215\/2019\/02\/cgrima_foto.jpg\" alt=\"\" class=\"wp-image-1017 size-full\" srcset=\"https:\/\/webs.uab.cat\/cienciaxllegir\/wp-content\/uploads\/sites\/215\/2019\/02\/cgrima_foto.jpg 250w, https:\/\/webs.uab.cat\/cienciaxllegir\/wp-content\/uploads\/sites\/215\/2019\/02\/cgrima_foto-150x150.jpg 150w\" sizes=\"auto, (max-width: 250px) 100vw, 250px\" \/><\/figure><div class=\"wp-block-media-text__content\">\n<p class=\"has-small-font-size\"><em>&#8220;Pero \u00bfpor qu\u00e9 matem\u00e1tica? Porque yo era, b\u00e1sicamente, perezosa. No me gustava aprender mombres que otros hab\u00edan asignado a los r\u00edos, a los animales o las plantas porque s\u00ed, porque ellos quieron. Las mates, en cambio, eran un juego; solo hab\u00eda que aprender las reglas y jugar. \u00a1Hab\u00eda que descubrir! Eso era emocionante. [&#8230;] Todo era l\u00f3gico, las matem\u00e1ticas son lo que tienen que ser, no dependen del capricho humano, son y ser\u00e1n siempre las mismas. Son eternas. Cualquier movimiento pol\u00edtico puede cambiar una frontera o el nombre de una ciudad, pero 7 siempre ser\u00e1 un n\u00famero primo y eso es algo tan poderoso como maravilloso.&#8221;<\/em><\/p>\n\n\n\n<p class=\"has-small-font-size\">Fragment del pr\u00f2leg del <a href=\"https:\/\/bibcercador.uab.cat\/permalink\/34CSUC_UAB\/1eqfv2p\/alma991009117039706709\" target=\"_blank\" rel=\"noreferrer noopener\">\u00a1Que las matem\u00e1ticas te acompa\u00f1en!<\/a><\/p>\n<\/div><\/div>\n\n\n\n<p><strong>Clara Isabel Grima Ruiz <\/strong>(Sevilla, 1971) \u00e9s doctora en Matem\u00e0tiques i professora titular de Matem\u00e0tica Aplicada a la Universitat de Sevilla. Des de 2010 compagina la seva tasca docent i investigadora amb la divulgaci\u00f3 cient\u00edfica. Escriu llibres divulgatius i articles en diferents mitjans, participa en r\u00e0dio i televisi\u00f3 y, sobretot, imparteix un munt de xerrades a l&#8217;any. Entre d&#8217;altres, ha rebut el <a href=\"https:\/\/www.cosce.org\/clara-grima-premio-cosce-2017\/\" target=\"_blank\" rel=\"noreferrer noopener\">premi COSCE 2017<\/a> per la seva traject\u00f2ria com a divulgadora cient\u00edfica.<\/p>\n\n\n\n<p>Tamb\u00e9 participa a <a href=\"https:\/\/institucional.us.es\/cientificas\/\" target=\"_blank\" rel=\"noreferrer noopener\"><strong>Cient\u00edficas: pasado, presente y futuro<\/strong><\/a>, una obra de teatre creada i dirigida per Francisco Vega Narv\u00e1ez, en la qual cinc investigadores de la Univesitat de Sevilla interpreten a cient\u00edfiques del passat (Hipatia, Ada Lovelace, Marie Curie, Rosalind Franklin i Hedy Lamarr) amb la finalitat de fer visible el seu paper com a dones cient\u00edfiques.<\/p>\n\n\n\n<p>El 2024 ha estat guardonada amb <a href=\"https:\/\/www.rsme.es\/2024\/07\/alberto-bermudez-de-castro-clara-grima-y-eugenio-hernandez-medallas-de-la-rsme-2024\/\" target=\"_blank\" rel=\"noreferrer noopener\">la medalla de la Real Sociedad Matem\u00e1tica Espa\u00f1ola<\/a>.<\/p>\n\n\n\n<p><strong>M\u00e9s informaci\u00f3:<\/strong><\/p>\n\n\n\n<ul class=\"wp-block-list\">\n<li><a href=\"https:\/\/webs.uab.cat\/cienciaxllegir\/obra-divulgativa-clara-grima\">Obra divulgativa comentada<\/a><\/li>\n\n\n\n<li><a rel=\"noreferrer noopener\" href=\"https:\/\/bibcercador.uab.cat\/discovery\/search?query=creator,exact,Grima,%20Clara%20I.,AND&amp;tab=Everything&amp;search_scope=MyInst_and_CI&amp;vid=34CSUC_UAB:VU1&amp;facet=creator,exact,Grima,%20Clara%20I.&amp;mode=advanced&amp;offset=0\" target=\"_blank\">Clara Grima<\/a> al nostre cat\u00e0leg<\/li>\n\n\n\n<li><a rel=\"noreferrer noopener\" href=\"https:\/\/bibcercador.uab.cat\/discovery\/search?query=creator,exact,Grima,%20Clara%20I.,AND&amp;tab=DiscoveryNetwork&amp;search_scope=DiscoveryNetwork&amp;vid=34CSUC_UAB:VU1&amp;facet=creator,exact,Grima,%20Clara%20I.&amp;facet=rtype,include,books&amp;mode=advanced&amp;offset=0\" target=\"_blank\">Clara Grima<\/a> al cat\u00e0leg col\u00b7lectiu (PUC)<\/li>\n<\/ul>\n\n\n\n<p class=\"has-blanc-coco-color has-text-color\">a<\/p>\n\n\n\n<ul class=\"wp-block-list\">\n<li><a rel=\"noreferrer noopener\" href=\"http:\/\/claragrima.com\/bio.html\" target=\"_blank\">Perfil biogr\u00e0fic<\/a><\/li>\n\n\n\n<li><a href=\"https:\/\/twitter.com\/claragrima?lang=es\" target=\"_blank\" rel=\"noreferrer noopener\">Perfil de Twitter<\/a><\/li>\n\n\n\n<li><a href=\"https:\/\/bsky.app\/profile\/claragrima.com\" target=\"_blank\" rel=\"noreferrer noopener\">Perfil de Bluesky<\/a><\/li>\n\n\n\n<li>Bloc: <a href=\"https:\/\/seispalabras-clara.blogspot.com\/\" target=\"_blank\" rel=\"noreferrer noopener\">Seis palabras<\/a><\/li>\n<\/ul>\n","protected":false},"excerpt":{"rendered":"<p>&#8220;Pero \u00bfpor qu\u00e9 matem\u00e1tica? Porque yo era, b\u00e1sicamente, perezosa. No me gustava aprender mombres que otros hab\u00edan asignado a los r\u00edos, a los animales o las plantas porque s\u00ed, porque ellos quieron. Las mates, en cambio, eran un juego; solo hab\u00eda que aprender las reglas y jugar. \u00a1Hab\u00eda que descubrir! Eso era emocionante. [&#8230;] Todo [&hellip;]<\/p>\n","protected":false},"author":20,"featured_media":0,"parent":0,"menu_order":0,"comment_status":"closed","ping_status":"closed","template":"","meta":{"footnotes":""},"class_list":["post-1018","page","type-page","status-publish","hentry"],"_links":{"self":[{"href":"https:\/\/webs.uab.cat\/cienciaxllegir\/wp-json\/wp\/v2\/pages\/1018","targetHints":{"allow":["GET"]}}],"collection":[{"href":"https:\/\/webs.uab.cat\/cienciaxllegir\/wp-json\/wp\/v2\/pages"}],"about":[{"href":"https:\/\/webs.uab.cat\/cienciaxllegir\/wp-json\/wp\/v2\/types\/page"}],"author":[{"embeddable":true,"href":"https:\/\/webs.uab.cat\/cienciaxllegir\/wp-json\/wp\/v2\/users\/20"}],"replies":[{"embeddable":true,"href":"https:\/\/webs.uab.cat\/cienciaxllegir\/wp-json\/wp\/v2\/comments?post=1018"}],"version-history":[{"count":6,"href":"https:\/\/webs.uab.cat\/cienciaxllegir\/wp-json\/wp\/v2\/pages\/1018\/revisions"}],"predecessor-version":[{"id":4027,"href":"https:\/\/webs.uab.cat\/cienciaxllegir\/wp-json\/wp\/v2\/pages\/1018\/revisions\/4027"}],"wp:attachment":[{"href":"https:\/\/webs.uab.cat\/cienciaxllegir\/wp-json\/wp\/v2\/media?parent=1018"}],"curies":[{"name":"wp","href":"https:\/\/api.w.org\/{rel}","templated":true}]}}