{"id":1134,"date":"2020-03-18T17:49:38","date_gmt":"2020-03-18T17:49:38","guid":{"rendered":"https:\/\/webs.uab.cat\/cienciaxllegir\/editar-la-ciencia\/"},"modified":"2025-09-30T19:10:38","modified_gmt":"2025-09-30T19:10:38","slug":"editar-la-ciencia","status":"publish","type":"page","link":"https:\/\/webs.uab.cat\/cienciaxllegir\/editar-la-ciencia\/","title":{"rendered":"Editar la ci\u00e8ncia"},"content":{"rendered":"\n<p><img loading=\"lazy\" decoding=\"async\" class=\" size-full wp-image-1130\" style=\"float: right\" src=\"https:\/\/webs.uab.cat\/cienciaxllegir\/wp-content\/uploads\/sites\/215\/2020\/03\/editarcienciaweb222.gif\" alt=\"\" width=\"340\" height=\"191\">A la Biblioteca de Ci\u00e8ncia i Tecnologia ens interessa la ci\u00e8ncia. I els projectes editorials que aposten per continguts de qualitat a l\u2019hora de produir els seus llibres, pensant sobretot en el lector final.<\/p>\n\n\n\n<p>Seguint la iniciativa de biblioteques com la d\u2019<strong>El Clot-Josep Benet<\/strong> que tenen en marxa el seu projecte <a href=\"https:\/\/ajuntament.barcelona.cat\/biblioteques\/bibelclot\/ca\/canal\/petites-editorials-grans-projectes\" target=\"_blank\" rel=\"noopener\">Centre d\u2019inter\u00e8s: Petites editorials, grans projectes<\/a>, la BCT tamb\u00e9 ha apostat per cedir els seus aparadors a aquelles editorials petites i poc conegudes que es dediquen a la divulgaci\u00f3 i son rigoroses amb l&#8217;edici\u00f3 cient\u00edfica.<\/p>\n\n\n\n<p>Si la nostra iniciativa \u00e9s tamb\u00e9 del vostre inter\u00e8s, <strong><a href=\"mailto:bct.ciencia.tecnologia@uab.cat?subject=Editar%20la%20Ci%C3%A8ncia\">contacteu amb nosaltres per reservar un aparador<\/a><\/strong>, <strong>de forma totalment gratu\u00efta<\/strong>, o per si voleu recomanar-nos alguna editorial en concret.<\/p>\n\n\n\n<h2 class=\"wp-block-heading\">Editorials convidades<\/h2>\n\n\n\n<div class=\"wp-block-columns is-layout-flex wp-container-core-columns-is-layout-9d6595d7 wp-block-columns-is-layout-flex\">\n<div class=\"wp-block-column is-layout-flow wp-block-column-is-layout-flow\">\n<figure class=\"wp-block-image size-full\"><a href=\"https:\/\/webs.uab.cat\/cienciaxllegir\/shackleton-books\/\"><img loading=\"lazy\" decoding=\"async\" width=\"197\" height=\"300\" src=\"https:\/\/webs.uab.cat\/cienciaxllegir\/wp-content\/uploads\/sites\/215\/2025\/07\/00botoshackleton.jpg\" alt=\"\" class=\"wp-image-4149\" \/><\/a><figcaption class=\"wp-element-caption\">2025. Shackleton Books<\/figcaption><\/figure>\n\n\n\n<figure class=\"wp-block-image size-full\"><a href=\"https:\/\/webs.uab.cat\/cienciaxllegir\/lynx-edicions\/\" target=\"_blank\" rel=\"noreferrer noopener\"><img loading=\"lazy\" decoding=\"async\" width=\"197\" height=\"300\" src=\"https:\/\/webs.uab.cat\/cienciaxllegir\/wp-content\/uploads\/sites\/215\/2020\/03\/00botolynx.jpg\" alt=\"\" class=\"wp-image-1132\" \/><\/a><figcaption class=\"wp-element-caption\">2021. Lynx Nature Books<\/figcaption><\/figure>\n<\/div>\n\n\n\n<div class=\"wp-block-column is-layout-flow wp-block-column-is-layout-flow\">\n<figure class=\"wp-block-image size-full\"><a href=\"https:\/\/webs.uab.cat\/cienciaxllegir\/next-door-publishers\/\" target=\"_blank\" rel=\"noreferrer noopener\"><img loading=\"lazy\" decoding=\"async\" width=\"197\" height=\"300\" src=\"https:\/\/webs.uab.cat\/cienciaxllegir\/wp-content\/uploads\/sites\/215\/2023\/10\/2023botonextdoor.jpg\" alt=\"\" class=\"wp-image-3403\" \/><\/a><figcaption class=\"wp-element-caption\">2023. Next Door Publishers<\/figcaption><\/figure>\n\n\n\n<figure class=\"wp-block-image\"><a href=\"https:\/\/webs.uab.cat\/cienciaxllegir\/content\/eila-editores\" target=\"_blank\" rel=\"noreferrer noopener\"><img loading=\"lazy\" decoding=\"async\" width=\"197\" height=\"300\" src=\"https:\/\/webs.uab.cat\/cienciaxllegir\/wp-content\/uploads\/sites\/215\/2020\/03\/00botoeila4.jpg\" alt=\"\" class=\"wp-image-1131\" \/><\/a><figcaption class=\"wp-element-caption\">2020. EILA editores<\/figcaption><\/figure>\n<\/div>\n\n\n\n<div class=\"wp-block-column is-layout-flow wp-block-column-is-layout-flow\">\n<figure class=\"wp-block-image size-full\"><a href=\"https:\/\/webs.uab.cat\/cienciaxllegir\/errata-naturae\/\" target=\"_blank\" rel=\"noreferrer noopener\"><img loading=\"lazy\" decoding=\"async\" width=\"197\" height=\"300\" src=\"https:\/\/webs.uab.cat\/cienciaxllegir\/wp-content\/uploads\/sites\/215\/2020\/03\/00botoerrata.jpg\" alt=\"\" class=\"wp-image-1133\" \/><\/a><figcaption class=\"wp-element-caption\">2022. Errata naturae<\/figcaption><\/figure>\n<\/div>\n<\/div>\n\n\n\n<div class=\"wp-block-columns is-layout-flex wp-container-core-columns-is-layout-9d6595d7 wp-block-columns-is-layout-flex\">\n<div class=\"wp-block-column is-layout-flow wp-block-column-is-layout-flow\"><\/div>\n\n\n\n<div class=\"wp-block-column is-layout-flow wp-block-column-is-layout-flow\"><\/div>\n\n\n\n<div class=\"wp-block-column is-layout-flow wp-block-column-is-layout-flow\"><\/div>\n<\/div>\n","protected":false},"excerpt":{"rendered":"<p>A la Biblioteca de Ci\u00e8ncia i Tecnologia ens interessa la ci\u00e8ncia. I els projectes editorials que aposten per continguts de qualitat a l\u2019hora de produir els seus llibres, pensant sobretot en el lector final. Seguint la iniciativa de biblioteques com la d\u2019El Clot-Josep Benet que tenen en marxa el seu projecte Centre d\u2019inter\u00e8s: Petites editorials, [&hellip;]<\/p>\n","protected":false},"author":20,"featured_media":0,"parent":0,"menu_order":0,"comment_status":"closed","ping_status":"closed","template":"","meta":{"footnotes":""},"class_list":["post-1134","page","type-page","status-publish","hentry"],"_links":{"self":[{"href":"https:\/\/webs.uab.cat\/cienciaxllegir\/wp-json\/wp\/v2\/pages\/1134","targetHints":{"allow":["GET"]}}],"collection":[{"href":"https:\/\/webs.uab.cat\/cienciaxllegir\/wp-json\/wp\/v2\/pages"}],"about":[{"href":"https:\/\/webs.uab.cat\/cienciaxllegir\/wp-json\/wp\/v2\/types\/page"}],"author":[{"embeddable":true,"href":"https:\/\/webs.uab.cat\/cienciaxllegir\/wp-json\/wp\/v2\/users\/20"}],"replies":[{"embeddable":true,"href":"https:\/\/webs.uab.cat\/cienciaxllegir\/wp-json\/wp\/v2\/comments?post=1134"}],"version-history":[{"count":9,"href":"https:\/\/webs.uab.cat\/cienciaxllegir\/wp-json\/wp\/v2\/pages\/1134\/revisions"}],"predecessor-version":[{"id":4232,"href":"https:\/\/webs.uab.cat\/cienciaxllegir\/wp-json\/wp\/v2\/pages\/1134\/revisions\/4232"}],"wp:attachment":[{"href":"https:\/\/webs.uab.cat\/cienciaxllegir\/wp-json\/wp\/v2\/media?parent=1134"}],"curies":[{"name":"wp","href":"https:\/\/api.w.org\/{rel}","templated":true}]}}