{"id":1161,"date":"2020-03-25T18:29:05","date_gmt":"2020-03-25T18:29:05","guid":{"rendered":"https:\/\/webs.uab.cat\/cienciaxllegir\/obra-divulgativa-miquel-carandell\/"},"modified":"2024-07-01T17:21:46","modified_gmt":"2024-07-01T17:21:46","slug":"obra-divulgativa-miquel-carandell","status":"publish","type":"page","link":"https:\/\/webs.uab.cat\/cienciaxllegir\/obra-divulgativa-miquel-carandell\/","title":{"rendered":"Obra divulgativa de Miquel Carandell"},"content":{"rendered":"<div class=\"wp-block-image\">\n<figure class=\"aligncenter\"><a href=\"https:\/\/webs.uab.cat\/cienciaxllegir\/miquel-carandell\/\"><img loading=\"lazy\" decoding=\"async\" width=\"208\" height=\"70\" src=\"https:\/\/webs.uab.cat\/cienciaxllegir\/wp-content\/uploads\/sites\/215\/2020\/03\/00botoretornarmcarandell.jpg\" alt=\"\" class=\"wp-image-1157\" \/><\/a><\/figure>\n<\/div>\n\n\n<div class=\"wp-block-media-text alignwide is-stacked-on-mobile\" style=\"grid-template-columns:15% auto\"><figure class=\"wp-block-media-text__media\"><img loading=\"lazy\" decoding=\"async\" width=\"149\" height=\"225\" src=\"https:\/\/webs.uab.cat\/cienciaxllegir\/wp-content\/uploads\/sites\/215\/2020\/03\/taxidermista.jpg\" alt=\"\" class=\"wp-image-1158 size-full\" \/><\/figure><div class=\"wp-block-media-text__content\">\n<p class=\"wp-block-paragraph\"><strong><br>El taxidermista de la pla\u00e7a Reial (2021)&nbsp; &nbsp;<\/strong><em>-Assaig hist\u00f2ric-<\/em><\/p>\n\n\n\n<p class=\"wp-block-paragraph\">Aquesta \u00e9s la hist\u00f2ria de la que va ser la botiga de ci\u00e8ncies naturals m\u00e9s important de Barcelona durant m\u00e9s d&#8217;un segle. El seu fundador Llu\u00eds Soler Pujol i els seus descendents van fer d&#8217;aquest establiment un referent en el m\u00f3n de la taxid\u00e8rmia i, alhora, un espai de difusi\u00f3 de la hist\u00f2ria natural, de la ci\u00e8ncia, un punt de trobada de col\u00b7leccionistes, cient\u00edfics, aficionats i curiosos.<br>Un relat explicat des d&#8217;una triple perspectiva: l&#8217;emotiva, a partir de les olors pr\u00f2pies de l&#8217;activitat de la botiga, que recrea <strong>N\u00faria Viladevall<\/strong>, besn\u00e9ta de Soler Pujol; la hist\u00f2rica, a c\u00e0rrec de Miquel Carandell; i la de testimonis diversos. Una cr\u00f2nica d&#8217;un comer\u00e7 singular que va obrir a finals del segle XIX i que, alhora, \u00e9s tamb\u00e9 el relat d&#8217;un temps i d&#8217;un pa\u00eds.<\/p>\n\n\n\n<p class=\"wp-block-paragraph\"><a rel=\"noreferrer noopener\" href=\"https:\/\/bibcercador.uab.cat\/permalink\/34CSUC_UAB\/ja52mf\/alma991060413643906706\" target=\"_blank\">Disponibilitat<\/a><\/p>\n<\/div><\/div>\n\n\n\n<div class=\"wp-block-media-text alignwide is-stacked-on-mobile\" style=\"grid-template-columns:15% auto\"><figure class=\"wp-block-media-text__media\"><img loading=\"lazy\" decoding=\"async\" width=\"149\" height=\"225\" src=\"https:\/\/webs.uab.cat\/cienciaxllegir\/wp-content\/uploads\/sites\/215\/2020\/03\/00mcarandell-llibre02.jpg\" alt=\"\" class=\"wp-image-1159 size-full\" \/><\/figure><div class=\"wp-block-media-text__content\">\n<p class=\"wp-block-paragraph\"><strong><br>De les g\u00e0bies als espais oberts : hist\u00f2ria i futur del Zoo de Barcelona (2018)&nbsp; &nbsp;<\/strong><em>-Assaig hist\u00f2ric-<\/em><\/p>\n\n\n\n<p class=\"wp-block-paragraph\">En el llibre es reflecteix la renovaci\u00f3 que ha tingut lloc al Zoo de Barcelona des de mitjans del segle passat, fent una mirada hist\u00f2rica sobre la transformaci\u00f3 experimentada entre els anys 1955 i 1970, de g\u00e0bies amb barrots a espais oberts amb depend\u00e8ncies naturalitzades per als animals.<br>De fet, aquest \u00e9s l&#8217;eix central: explorar nous espais, espais oberts, que, tenint en compte el debat sobre aquesta mena d&#8217;instal\u00b7lacions, ens far\u00e0 pensar tamb\u00e9 sobre el futur del Zoo i dels seus habitants.<\/p>\n\n\n\n<p class=\"wp-block-paragraph\"><a rel=\"noreferrer noopener\" href=\"https:\/\/bibcercador.uab.cat\/permalink\/34CSUC_UAB\/1eqfv2p\/alma991009117229706709\" target=\"_blank\">Disponibilitat<\/a><\/p>\n<\/div><\/div>\n\n\n\n<div class=\"wp-block-media-text alignwide is-stacked-on-mobile\" style=\"grid-template-columns:15% auto\"><figure class=\"wp-block-media-text__media\"><img loading=\"lazy\" decoding=\"async\" width=\"149\" height=\"225\" src=\"https:\/\/webs.uab.cat\/cienciaxllegir\/wp-content\/uploads\/sites\/215\/2020\/03\/00mcarandell-llibre01.jpg\" alt=\"\" class=\"wp-image-1160 size-full\" \/><\/figure><div class=\"wp-block-media-text__content\">\n<p class=\"wp-block-paragraph\"><strong><br>Barcelona, ci\u00e8ncia i coneixement (2017)&nbsp; &nbsp;<\/strong><em>-Assaig hist\u00f2ric-<\/em><\/p>\n\n\n\n<p class=\"wp-block-paragraph\">En aquest llibre es retrata Barcelona des del punt de vista de la ci\u00e8ncia i el coneixement, recollint els fets cient\u00edfics m\u00e9s rellevants, esdevinguts a la ciutat, i relacionats amb la salut i la medicina, l&#8217;estudi de la natura, els esfor\u00e7os dels cient\u00edfics barcelonins per assimilar les lleis de la f\u00edsica i la qu\u00edmica, i el paper de la ci\u00e8ncia en el desenvolupament de les xarxes de comunicaci\u00f3, la producci\u00f3 i distribuci\u00f3 d&#8217;energia.<\/p>\n\n\n\n<p class=\"wp-block-paragraph\"><a rel=\"noreferrer noopener\" href=\"https:\/\/bibcercador.uab.cat\/permalink\/34CSUC_UAB\/1eqfv2p\/alma991007594999706709\" target=\"_blank\">Disponibilitat<\/a><\/p>\n<\/div><\/div>\n","protected":false},"excerpt":{"rendered":"<p>El taxidermista de la pla\u00e7a Reial (2021)&nbsp; &nbsp;-Assaig hist\u00f2ric- Aquesta \u00e9s la hist\u00f2ria de la que va ser la botiga de ci\u00e8ncies naturals m\u00e9s important de Barcelona durant m\u00e9s d&#8217;un segle. El seu fundador Llu\u00eds Soler Pujol i els seus descendents van fer d&#8217;aquest establiment un referent en el m\u00f3n de la taxid\u00e8rmia i, alhora, [&hellip;]<\/p>\n","protected":false},"author":20,"featured_media":0,"parent":0,"menu_order":0,"comment_status":"closed","ping_status":"closed","template":"","meta":{"footnotes":""},"class_list":["post-1161","page","type-page","status-publish","hentry"],"_links":{"self":[{"href":"https:\/\/webs.uab.cat\/cienciaxllegir\/wp-json\/wp\/v2\/pages\/1161","targetHints":{"allow":["GET"]}}],"collection":[{"href":"https:\/\/webs.uab.cat\/cienciaxllegir\/wp-json\/wp\/v2\/pages"}],"about":[{"href":"https:\/\/webs.uab.cat\/cienciaxllegir\/wp-json\/wp\/v2\/types\/page"}],"author":[{"embeddable":true,"href":"https:\/\/webs.uab.cat\/cienciaxllegir\/wp-json\/wp\/v2\/users\/20"}],"replies":[{"embeddable":true,"href":"https:\/\/webs.uab.cat\/cienciaxllegir\/wp-json\/wp\/v2\/comments?post=1161"}],"version-history":[{"count":6,"href":"https:\/\/webs.uab.cat\/cienciaxllegir\/wp-json\/wp\/v2\/pages\/1161\/revisions"}],"predecessor-version":[{"id":3855,"href":"https:\/\/webs.uab.cat\/cienciaxllegir\/wp-json\/wp\/v2\/pages\/1161\/revisions\/3855"}],"wp:attachment":[{"href":"https:\/\/webs.uab.cat\/cienciaxllegir\/wp-json\/wp\/v2\/media?parent=1161"}],"curies":[{"name":"wp","href":"https:\/\/api.w.org\/{rel}","templated":true}]}}

<div class="wp-block-image">
<figure class="aligncenter"><a href="https://webs.uab.cat/cienciaxllegir/miquel-carandell/"><img loading="lazy" decoding="async" width="208" height="70" src="https://webs.uab.cat/cienciaxllegir/wp-content/uploads/sites/215/2020/03/00botoretornarmcarandell.jpg" alt="" class="wp-image-1157" /></a></figure>
</div>


<div class="wp-block-media-text alignwide is-stacked-on-mobile" style="grid-template-columns:15% auto"><figure class="wp-block-media-text__media"><img loading="lazy" decoding="async" width="149" height="225" src="https://webs.uab.cat/cienciaxllegir/wp-content/uploads/sites/215/2020/03/taxidermista.jpg" alt="" class="wp-image-1158 size-full" /></figure><div class="wp-block-media-text__content">
<p class="wp-block-paragraph"><strong><br>El taxidermista de la plaça Reial (2021)&nbsp; &nbsp;</strong><em>-Assaig històric-</em></p>



<p class="wp-block-paragraph">Aquesta és la història de la que va ser la botiga de ciències naturals més important de Barcelona durant més d&#8217;un segle. El seu fundador Lluís Soler Pujol i els seus descendents van fer d&#8217;aquest establiment un referent en el món de la taxidèrmia i, alhora, un espai de difusió de la història natural, de la ciència, un punt de trobada de col·leccionistes, científics, aficionats i curiosos.<br>Un relat explicat des d&#8217;una triple perspectiva: l&#8217;emotiva, a partir de les olors pròpies de l&#8217;activitat de la botiga, que recrea <strong>Núria Viladevall</strong>, besnéta de Soler Pujol; la històrica, a càrrec de Miquel Carandell; i la de testimonis diversos. Una crònica d&#8217;un comerç singular que va obrir a finals del segle XIX i que, alhora, és també el relat d&#8217;un temps i d&#8217;un país.</p>



<p class="wp-block-paragraph"><a rel="noreferrer noopener" href="https://bibcercador.uab.cat/permalink/34CSUC_UAB/ja52mf/alma991060413643906706" target="_blank">Disponibilitat</a></p>
</div></div>



<div class="wp-block-media-text alignwide is-stacked-on-mobile" style="grid-template-columns:15% auto"><figure class="wp-block-media-text__media"><img loading="lazy" decoding="async" width="149" height="225" src="https://webs.uab.cat/cienciaxllegir/wp-content/uploads/sites/215/2020/03/00mcarandell-llibre02.jpg" alt="" class="wp-image-1159 size-full" /></figure><div class="wp-block-media-text__content">
<p class="wp-block-paragraph"><strong><br>De les gàbies als espais oberts : història i futur del Zoo de Barcelona (2018)&nbsp; &nbsp;</strong><em>-Assaig històric-</em></p>



<p class="wp-block-paragraph">En el llibre es reflecteix la renovació que ha tingut lloc al Zoo de Barcelona des de mitjans del segle passat, fent una mirada històrica sobre la transformació experimentada entre els anys 1955 i 1970, de gàbies amb barrots a espais oberts amb dependències naturalitzades per als animals.<br>De fet, aquest és l&#8217;eix central: explorar nous espais, espais oberts, que, tenint en compte el debat sobre aquesta mena d&#8217;instal·lacions, ens farà pensar també sobre el futur del Zoo i dels seus habitants.</p>



<p class="wp-block-paragraph"><a rel="noreferrer noopener" href="https://bibcercador.uab.cat/permalink/34CSUC_UAB/1eqfv2p/alma991009117229706709" target="_blank">Disponibilitat</a></p>
</div></div>



<div class="wp-block-media-text alignwide is-stacked-on-mobile" style="grid-template-columns:15% auto"><figure class="wp-block-media-text__media"><img loading="lazy" decoding="async" width="149" height="225" src="https://webs.uab.cat/cienciaxllegir/wp-content/uploads/sites/215/2020/03/00mcarandell-llibre01.jpg" alt="" class="wp-image-1160 size-full" /></figure><div class="wp-block-media-text__content">
<p class="wp-block-paragraph"><strong><br>Barcelona, ciència i coneixement (2017)&nbsp; &nbsp;</strong><em>-Assaig històric-</em></p>



<p class="wp-block-paragraph">En aquest llibre es retrata Barcelona des del punt de vista de la ciència i el coneixement, recollint els fets científics més rellevants, esdevinguts a la ciutat, i relacionats amb la salut i la medicina, l&#8217;estudi de la natura, els esforços dels científics barcelonins per assimilar les lleis de la física i la química, i el paper de la ciència en el desenvolupament de les xarxes de comunicació, la producció i distribució d&#8217;energia.</p>



<p class="wp-block-paragraph"><a rel="noreferrer noopener" href="https://bibcercador.uab.cat/permalink/34CSUC_UAB/1eqfv2p/alma991007594999706709" target="_blank">Disponibilitat</a></p>
</div></div>

<p>El taxidermista de la plaça Reial (2021)&nbsp; &nbsp;-Assaig històric- Aquesta és la història de la que va ser la botiga de ciències naturals més important de Barcelona durant més d&#8217;un segle. El seu fundador Lluís Soler Pujol i els seus descendents van fer d&#8217;aquest establiment un referent en el món de la taxidèrmia i, alhora, [&hellip;]</p>
