{"id":1197,"date":"2020-05-20T22:43:15","date_gmt":"2020-05-20T22:43:15","guid":{"rendered":"https:\/\/webs.uab.cat\/cienciaxllegir\/inflat-de-ciencia\/"},"modified":"2023-06-09T10:25:22","modified_gmt":"2023-06-09T10:25:22","slug":"inflat-de-ciencia","status":"publish","type":"page","link":"https:\/\/webs.uab.cat\/cienciaxllegir\/inflat-de-ciencia\/","title":{"rendered":"Ens ha canviat la vida&#8230;"},"content":{"rendered":"\n<p><strong><span style=\"font-size: 18px\">Ens ha canviat la vida&#8230; i de quina manera!<\/span><\/strong><\/p>\n\n\n\n<p>Els nostres plans, els que cadasc\u00fa de nosaltres tenia en comen\u00e7ar el 2020, han girat cua. I, \u00fanicament els m\u00e9s resistents, els plans amb mascareta i a la dist\u00e0ncia m\u00ednima obligat\u00f2ria, han sabut adaptar-se als nous temps. Aix\u00ed que ja podem respirar tranquils, tornem a tenir plans. I la ci\u00e8ncia no hi pot faltar.<br>Aquesta temporada, la millor divulgaci\u00f3 cient\u00edfica la gaudir\u00e0s d&#8217;una altra manera, m\u00e9s virtual, m\u00e9s d&#8217;estar per casa, per\u00f2 sorprenent i imaginativa com mai.<\/p>\n\n\n\n<p><span style=\"font-size: 18px\"><strong>Infla&#8217;t de ci\u00e8ncia<\/strong><\/span> amb tot el que t&#8217;hem preparat. Tens moltes opcions per descobrir:<\/p>\n\n\n\n<ul class=\"wp-block-list\">\n<li>llibres recomanats per lectors com tu<\/li>\n\n\n\n<li>informaci\u00f3 sobre temes d&#8217;actualitat, m\u00e9s enll\u00e0 de la COVID-19<\/li>\n\n\n\n<li>films i documentals que et faran passar la calor de cop<\/li>\n\n\n\n<li>youtubers que es moren de ganes d&#8217;explicar-te les coses importants a la seva manera<\/li>\n\n\n\n<li>i reptes, i jocs!<\/li>\n<\/ul>\n\n\n\n<p>I sense sortir-te del pressupost, tot de franc!<br>Qu\u00e8? Per on vols comen\u00e7ar?<\/p>\n\n\n\n<div class=\"wp-block-columns alignwide is-layout-flex wp-container-core-columns-is-layout-9d6595d7 wp-block-columns-is-layout-flex\">\n<div class=\"wp-block-column is-layout-flow wp-block-column-is-layout-flow\">\n<figure class=\"wp-block-image\"><a href=\"http:\/\/webs.uab.cat\/cienciaxllegir\/inflat-de-ciencia\/lectures-recomanades\" target=\"_blank\" rel=\"noreferrer noopener\"><img loading=\"lazy\" decoding=\"async\" width=\"300\" height=\"300\" src=\"https:\/\/webs.uab.cat\/cienciaxllegir\/wp-content\/uploads\/sites\/215\/2020\/05\/idclectures_0.jpg\" alt=\"exposatfg1.jpg\" class=\"wp-image-1193\" srcset=\"https:\/\/webs.uab.cat\/cienciaxllegir\/wp-content\/uploads\/sites\/215\/2020\/05\/idclectures_0.jpg 300w, https:\/\/webs.uab.cat\/cienciaxllegir\/wp-content\/uploads\/sites\/215\/2020\/05\/idclectures_0-150x150.jpg 150w\" sizes=\"auto, (max-width: 300px) 100vw, 300px\" \/><\/a><figcaption class=\"wp-element-caption\"><strong>Lectures recomanades<\/strong><\/figcaption><\/figure>\n<\/div>\n\n\n\n<div class=\"wp-block-column is-layout-flow wp-block-column-is-layout-flow\">\n<figure class=\"wp-block-image size-full\"><a href=\"https:\/\/webs.uab.cat\/cienciaxllegir\/plataformes\/\" target=\"_blank\" rel=\"noreferrer noopener\"><img loading=\"lazy\" decoding=\"async\" width=\"300\" height=\"300\" src=\"https:\/\/webs.uab.cat\/cienciaxllegir\/wp-content\/uploads\/sites\/215\/2020\/05\/idcplataformes.jpg\" alt=\"idcplataformes\" class=\"wp-image-1202\" srcset=\"https:\/\/webs.uab.cat\/cienciaxllegir\/wp-content\/uploads\/sites\/215\/2020\/05\/idcplataformes.jpg 300w, https:\/\/webs.uab.cat\/cienciaxllegir\/wp-content\/uploads\/sites\/215\/2020\/05\/idcplataformes-150x150.jpg 150w\" sizes=\"auto, (max-width: 300px) 100vw, 300px\" \/><\/a><figcaption class=\"wp-element-caption\"><strong>Plataformes de llibres<\/strong><\/figcaption><\/figure>\n<\/div>\n\n\n\n<div class=\"wp-block-column is-layout-flow wp-block-column-is-layout-flow\">\n<figure class=\"wp-block-image size-full\"><a href=\"https:\/\/webs.uab.cat\/cienciaxllegir\/temes-dinteres\/\" target=\"_blank\" rel=\"noreferrer noopener\"><img loading=\"lazy\" decoding=\"async\" width=\"300\" height=\"300\" src=\"https:\/\/webs.uab.cat\/cienciaxllegir\/wp-content\/uploads\/sites\/215\/2020\/05\/idcciencia.jpg\" alt=\"idcciencia\" class=\"wp-image-1198\" srcset=\"https:\/\/webs.uab.cat\/cienciaxllegir\/wp-content\/uploads\/sites\/215\/2020\/05\/idcciencia.jpg 300w, https:\/\/webs.uab.cat\/cienciaxllegir\/wp-content\/uploads\/sites\/215\/2020\/05\/idcciencia-150x150.jpg 150w\" sizes=\"auto, (max-width: 300px) 100vw, 300px\" \/><\/a><figcaption class=\"wp-element-caption\"><strong>Temes d&#8217;inter\u00e8s<\/strong><\/figcaption><\/figure>\n<\/div>\n<\/div>\n\n\n\n<div class=\"wp-block-columns alignwide is-layout-flex wp-container-core-columns-is-layout-9d6595d7 wp-block-columns-is-layout-flex\">\n<div class=\"wp-block-column is-layout-flow wp-block-column-is-layout-flow\">\n<figure class=\"wp-block-image size-full\"><a href=\"https:\/\/webs.uab.cat\/cienciaxllegir\/plataformes-documentals\/\" target=\"_blank\" rel=\"noreferrer noopener\"><img loading=\"lazy\" decoding=\"async\" width=\"300\" height=\"300\" src=\"https:\/\/webs.uab.cat\/cienciaxllegir\/wp-content\/uploads\/sites\/215\/2020\/05\/idcdocumentals.jpg\" alt=\"idcdocumentals\" class=\"wp-image-1203\" srcset=\"https:\/\/webs.uab.cat\/cienciaxllegir\/wp-content\/uploads\/sites\/215\/2020\/05\/idcdocumentals.jpg 300w, https:\/\/webs.uab.cat\/cienciaxllegir\/wp-content\/uploads\/sites\/215\/2020\/05\/idcdocumentals-150x150.jpg 150w\" sizes=\"auto, (max-width: 300px) 100vw, 300px\" \/><\/a><figcaption class=\"wp-element-caption\"><strong>Plataformes de documentals<\/strong><\/figcaption><\/figure>\n<\/div>\n\n\n\n<div class=\"wp-block-column is-layout-flow wp-block-column-is-layout-flow\">\n<figure class=\"wp-block-image size-full is-resized\"><a href=\"https:\/\/webs.uab.cat\/cienciaxllegir\/plataformes-films\/\" target=\"_blank\" rel=\"noreferrer noopener\"><img loading=\"lazy\" decoding=\"async\" src=\"https:\/\/webs.uab.cat\/cienciaxllegir\/wp-content\/uploads\/sites\/215\/2020\/05\/idcfilms_0.jpg\" alt=\"idcfilms\" class=\"wp-image-1199\" width=\"304\" height=\"304\" srcset=\"https:\/\/webs.uab.cat\/cienciaxllegir\/wp-content\/uploads\/sites\/215\/2020\/05\/idcfilms_0.jpg 300w, https:\/\/webs.uab.cat\/cienciaxllegir\/wp-content\/uploads\/sites\/215\/2020\/05\/idcfilms_0-150x150.jpg 150w\" sizes=\"auto, (max-width: 304px) 100vw, 304px\" \/><\/a><figcaption class=\"wp-element-caption\"><strong>Plataformes de pel\u00b7l\u00edcules<\/strong><\/figcaption><\/figure>\n<\/div>\n\n\n\n<div class=\"wp-block-column is-layout-flow wp-block-column-is-layout-flow\">\n<figure class=\"wp-block-image size-full\"><a href=\"https:\/\/webs.uab.cat\/cienciaxllegir\/youtubers\/\" target=\"_blank\" rel=\"noreferrer noopener\"><img loading=\"lazy\" decoding=\"async\" width=\"300\" height=\"300\" src=\"https:\/\/webs.uab.cat\/cienciaxllegir\/wp-content\/uploads\/sites\/215\/2020\/05\/idcyoutubers_0.jpg\" alt=\"idcyoutubers\" class=\"wp-image-1200\" srcset=\"https:\/\/webs.uab.cat\/cienciaxllegir\/wp-content\/uploads\/sites\/215\/2020\/05\/idcyoutubers_0.jpg 300w, https:\/\/webs.uab.cat\/cienciaxllegir\/wp-content\/uploads\/sites\/215\/2020\/05\/idcyoutubers_0-150x150.jpg 150w\" sizes=\"auto, (max-width: 300px) 100vw, 300px\" \/><\/a><figcaption class=\"wp-element-caption\"><strong>Youtube<\/strong><\/figcaption><\/figure>\n<\/div>\n<\/div>\n\n\n\n<div class=\"wp-block-columns alignwide is-layout-flex wp-container-core-columns-is-layout-9d6595d7 wp-block-columns-is-layout-flex\">\n<div class=\"wp-block-column is-layout-flow wp-block-column-is-layout-flow\">\n<figure class=\"wp-block-image\"><a href=\"https:\/\/pagines.uab.cat\/cienciaxllegir\/inflat-de-ciencia\/illustracio\" target=\"_blank\" rel=\"noreferrer noopener\"><img loading=\"lazy\" decoding=\"async\" width=\"300\" height=\"300\" src=\"https:\/\/webs.uab.cat\/cienciaxllegir\/wp-content\/uploads\/sites\/215\/2020\/05\/idcillustracio_0.jpg\" alt=\"exposatfg1.jpg\" class=\"wp-image-1194\" srcset=\"https:\/\/webs.uab.cat\/cienciaxllegir\/wp-content\/uploads\/sites\/215\/2020\/05\/idcillustracio_0.jpg 300w, https:\/\/webs.uab.cat\/cienciaxllegir\/wp-content\/uploads\/sites\/215\/2020\/05\/idcillustracio_0-150x150.jpg 150w\" sizes=\"auto, (max-width: 300px) 100vw, 300px\" \/><\/a><figcaption class=\"wp-element-caption\"><strong>Il\u00b7lustraci\u00f3 cient\u00edfica<\/strong><\/figcaption><\/figure>\n<\/div>\n\n\n\n<div class=\"wp-block-column is-layout-flow wp-block-column-is-layout-flow\">\n<figure class=\"wp-block-image\"><a href=\"https:\/\/pagines.uab.cat\/cienciaxllegir\/inflat-de-ciencia\/escacs\" target=\"_blank\" rel=\"noreferrer noopener\"><img loading=\"lazy\" decoding=\"async\" width=\"300\" height=\"300\" src=\"https:\/\/webs.uab.cat\/cienciaxllegir\/wp-content\/uploads\/sites\/215\/2020\/05\/idcescacs_0.jpg\" alt=\"exposatfg1.jpg\" class=\"wp-image-1195\" srcset=\"https:\/\/webs.uab.cat\/cienciaxllegir\/wp-content\/uploads\/sites\/215\/2020\/05\/idcescacs_0.jpg 300w, https:\/\/webs.uab.cat\/cienciaxllegir\/wp-content\/uploads\/sites\/215\/2020\/05\/idcescacs_0-150x150.jpg 150w\" sizes=\"auto, (max-width: 300px) 100vw, 300px\" \/><\/a><figcaption class=\"wp-element-caption\"><strong>Escacs<\/strong><\/figcaption><\/figure>\n<\/div>\n\n\n\n<div class=\"wp-block-column is-layout-flow wp-block-column-is-layout-flow\">\n<figure class=\"wp-block-image\"><a href=\"https:\/\/twitter.com\/search?q=%23InflatDeCiencia%20(from%3Abctuab)&amp;src=typed_query&amp;f=live\" target=\"_blank\" rel=\"noreferrer noopener\"><img loading=\"lazy\" decoding=\"async\" width=\"300\" height=\"300\" src=\"https:\/\/webs.uab.cat\/cienciaxllegir\/wp-content\/uploads\/sites\/215\/2020\/05\/bototwitter.jpg\" alt=\"exposatfg1.jpg\" class=\"wp-image-1196\" srcset=\"https:\/\/webs.uab.cat\/cienciaxllegir\/wp-content\/uploads\/sites\/215\/2020\/05\/bototwitter.jpg 300w, https:\/\/webs.uab.cat\/cienciaxllegir\/wp-content\/uploads\/sites\/215\/2020\/05\/bototwitter-150x150.jpg 150w\" sizes=\"auto, (max-width: 300px) 100vw, 300px\" \/><\/a><figcaption class=\"wp-element-caption\"><strong>Tamb\u00e9 a Twitter<\/strong><\/figcaption><\/figure>\n<\/div>\n<\/div>\n","protected":false},"excerpt":{"rendered":"<p>Ens ha canviat la vida&#8230; i de quina manera! Els nostres plans, els que cadasc\u00fa de nosaltres tenia en comen\u00e7ar el 2020, han girat cua. I, \u00fanicament els m\u00e9s resistents, els plans amb mascareta i a la dist\u00e0ncia m\u00ednima obligat\u00f2ria, han sabut adaptar-se als nous temps. Aix\u00ed que ja podem respirar tranquils, tornem a tenir [&hellip;]<\/p>\n","protected":false},"author":20,"featured_media":0,"parent":0,"menu_order":0,"comment_status":"closed","ping_status":"closed","template":"","meta":{"footnotes":""},"class_list":["post-1197","page","type-page","status-publish","hentry"],"_links":{"self":[{"href":"https:\/\/webs.uab.cat\/cienciaxllegir\/wp-json\/wp\/v2\/pages\/1197","targetHints":{"allow":["GET"]}}],"collection":[{"href":"https:\/\/webs.uab.cat\/cienciaxllegir\/wp-json\/wp\/v2\/pages"}],"about":[{"href":"https:\/\/webs.uab.cat\/cienciaxllegir\/wp-json\/wp\/v2\/types\/page"}],"author":[{"embeddable":true,"href":"https:\/\/webs.uab.cat\/cienciaxllegir\/wp-json\/wp\/v2\/users\/20"}],"replies":[{"embeddable":true,"href":"https:\/\/webs.uab.cat\/cienciaxllegir\/wp-json\/wp\/v2\/comments?post=1197"}],"version-history":[{"count":21,"href":"https:\/\/webs.uab.cat\/cienciaxllegir\/wp-json\/wp\/v2\/pages\/1197\/revisions"}],"predecessor-version":[{"id":2818,"href":"https:\/\/webs.uab.cat\/cienciaxllegir\/wp-json\/wp\/v2\/pages\/1197\/revisions\/2818"}],"wp:attachment":[{"href":"https:\/\/webs.uab.cat\/cienciaxllegir\/wp-json\/wp\/v2\/media?parent=1197"}],"curies":[{"name":"wp","href":"https:\/\/api.w.org\/{rel}","templated":true}]}}