{"id":371,"date":"2013-07-17T17:29:23","date_gmt":"2013-07-17T17:29:23","guid":{"rendered":"https:\/\/webs.uab.cat\/cienciaxllegir\/stephen-jay-gould\/"},"modified":"2023-06-08T13:07:28","modified_gmt":"2023-06-08T13:07:28","slug":"stephen-jay-gould","status":"publish","type":"page","link":"https:\/\/webs.uab.cat\/cienciaxllegir\/stephen-jay-gould\/","title":{"rendered":"Stephen Jay Gould"},"content":{"rendered":"\n<div class=\"wp-block-media-text alignwide is-stacked-on-mobile has-blanc-coco-color has-verd-tropic-background-color has-text-color has-background\" style=\"grid-template-columns:19% auto\"><figure class=\"wp-block-media-text__media\"><img loading=\"lazy\" decoding=\"async\" width=\"185\" height=\"206\" src=\"https:\/\/webs.uab.cat\/cienciaxllegir\/wp-content\/uploads\/sites\/215\/2023\/06\/StephenJayGould.jpg\" alt=\"\" class=\"wp-image-2735 size-full\" \/><\/figure><div class=\"wp-block-media-text__content\">\n<p class=\"has-small-font-size\"><em>&#8220;Como quincea\u00f1ero rom\u00e1ntico estaba convencido de que mi futura vida como cient\u00edfico quedar\u00eda justificada si consegu\u00eda descrubrir un solo hecho nuevo, a\u00f1adiendo un ladrillo m\u00e1s al esplendoroso templo del conocimiento humano. Mi convicci\u00f3n era noble, la met\u00e1fora tan s\u00f3lo est\u00fapida. Y, no obstante, esa misma met\u00e1fora sigue gobernando la actitud de multitud de cient\u00edficos respecto a su disciplina.\u201d<\/em><\/p>\n\n\n\n<p class=\"has-small-font-size\">Fragment del llibre<br><a href=\"https:\/\/bibcercador.uab.cat\/permalink\/34CSUC_UAB\/1eqfv2p\/alma991000835869706709\" target=\"_blank\" rel=\"noreferrer noopener\">Desde Darwin<\/a><\/p>\n<\/div><\/div>\n\n\n\n<p><strong>Stephen Jay Gould <\/strong>(Estats Units d\u2019Am\u00e8rica, 1941-2002) fou paleont\u00f2leg, bi\u00f2leg evolutiu, historiador de la ci\u00e8ncia, i un dels m\u00e9s influents i llegits divulgadors cient\u00edfics de la seva generaci\u00f3.<\/p>\n\n\n\n<p>Gould va impartir classes a la Universitat de Harvard i, als darrers anys de la seva vida, a la de Nova York. Treball\u00e0 tamb\u00e9 a l\u2019<a href=\"http:\/\/www.amnh.org\/\" target=\"_blank\" rel=\"noreferrer noopener\">American Museum of Natural History<\/a>.<br>A nivell divulgatiu, es va donar a con\u00e8ixer a trav\u00e9s de la revista Natural History i dels seus llibres, teoritzant sobre biologia evolutiva.<\/p>\n\n\n\n<p><strong>M\u00e9s informaci\u00f3:<\/strong><\/p>\n\n\n\n<ul class=\"wp-block-list\">\n<li><a href=\"https:\/\/ddd.uab.cat\/record\/20412?ln=ca\" target=\"_blank\" rel=\"noreferrer noopener\">Obra divulgativa comentada<\/a> (exposici\u00f3 virtual de la BCT sobre Gould)<\/li>\n\n\n\n<li><a href=\"https:\/\/bibcercador.uab.cat\/discovery\/search?query=creator,exact,Gould,%20Stephen%20Jay,AND&amp;tab=Everything&amp;search_scope=MyInst_and_CI&amp;sortby=rank&amp;vid=34CSUC_UAB:VU1&amp;mode=advanced&amp;offset=0\" target=\"_blank\" rel=\"noreferrer noopener\">Stephen Jay Gould<\/a> al nostre cat\u00e0leg<\/li>\n\n\n\n<li><a href=\"https:\/\/bibcercador.uab.cat\/discovery\/search?query=creator,exact,Gould,%20Stephen%20Jay,AND&amp;tab=DiscoveryNetwork&amp;search_scope=DiscoveryNetwork&amp;sortby=rank&amp;vid=34CSUC_UAB:VU1&amp;mode=advanced&amp;offset=0\" target=\"_blank\" rel=\"noreferrer noopener\">Stephen Jay Gould<\/a> al cat\u00e0leg col\u00b7lectiu (PUC)<\/li>\n<\/ul>\n\n\n\n<p class=\"has-blanc-coco-color has-text-color\">a<\/p>\n\n\n\n<ul class=\"wp-block-list\">\n<li><a href=\"http:\/\/ca.wikipedia.org\/wiki\/Stephen_Jay_Gould\" target=\"_blank\" rel=\"noreferrer noopener\">Biografia<\/a> (segons Viquip\u00e8dia)<\/li>\n\n\n\n<li><a rel=\"noreferrer noopener\" href=\"http:\/\/www.amnh.org\/science\/bios\/gould\/\" target=\"_blank\">Perfil a l&#8217;American Museum of Natural History<\/a><\/li>\n\n\n\n<li><a href=\"http:\/\/www.naturalhistorymag.com\/perspectives\/302413\/remembering-stephen-jay-gould\" target=\"_blank\" rel=\"noreferrer noopener\">Article sobre Gould a la revista &#8220;Natural History&#8221;<\/a><\/li>\n<\/ul>\n","protected":false},"excerpt":{"rendered":"<p>&#8220;Como quincea\u00f1ero rom\u00e1ntico estaba convencido de que mi futura vida como cient\u00edfico quedar\u00eda justificada si consegu\u00eda descrubrir un solo hecho nuevo, a\u00f1adiendo un ladrillo m\u00e1s al esplendoroso templo del conocimiento humano. Mi convicci\u00f3n era noble, la met\u00e1fora tan s\u00f3lo est\u00fapida. Y, no obstante, esa misma met\u00e1fora sigue gobernando la actitud de multitud de cient\u00edficos respecto [&hellip;]<\/p>\n","protected":false},"author":20,"featured_media":0,"parent":0,"menu_order":0,"comment_status":"closed","ping_status":"closed","template":"","meta":{"footnotes":""},"class_list":["post-371","page","type-page","status-publish","hentry"],"_links":{"self":[{"href":"https:\/\/webs.uab.cat\/cienciaxllegir\/wp-json\/wp\/v2\/pages\/371","targetHints":{"allow":["GET"]}}],"collection":[{"href":"https:\/\/webs.uab.cat\/cienciaxllegir\/wp-json\/wp\/v2\/pages"}],"about":[{"href":"https:\/\/webs.uab.cat\/cienciaxllegir\/wp-json\/wp\/v2\/types\/page"}],"author":[{"embeddable":true,"href":"https:\/\/webs.uab.cat\/cienciaxllegir\/wp-json\/wp\/v2\/users\/20"}],"replies":[{"embeddable":true,"href":"https:\/\/webs.uab.cat\/cienciaxllegir\/wp-json\/wp\/v2\/comments?post=371"}],"version-history":[{"count":8,"href":"https:\/\/webs.uab.cat\/cienciaxllegir\/wp-json\/wp\/v2\/pages\/371\/revisions"}],"predecessor-version":[{"id":2741,"href":"https:\/\/webs.uab.cat\/cienciaxllegir\/wp-json\/wp\/v2\/pages\/371\/revisions\/2741"}],"wp:attachment":[{"href":"https:\/\/webs.uab.cat\/cienciaxllegir\/wp-json\/wp\/v2\/media?parent=371"}],"curies":[{"name":"wp","href":"https:\/\/api.w.org\/{rel}","templated":true}]}}