{"id":661,"date":"2016-05-06T20:49:55","date_gmt":"2016-05-06T20:49:55","guid":{"rendered":"https:\/\/webs.uab.cat\/cienciaxllegir\/joan-girbau\/"},"modified":"2023-06-26T13:50:58","modified_gmt":"2023-06-26T13:50:58","slug":"joan-girbau","status":"publish","type":"page","link":"https:\/\/webs.uab.cat\/cienciaxllegir\/joan-girbau\/","title":{"rendered":"Joan Girbau"},"content":{"rendered":"\n<div class=\"wp-block-media-text alignwide is-stacked-on-mobile has-blanc-coco-color has-verd-tropic-background-color has-text-color has-background\" style=\"grid-template-columns:19% auto\"><figure class=\"wp-block-media-text__media\"><img loading=\"lazy\" decoding=\"async\" width=\"250\" height=\"250\" src=\"https:\/\/webs.uab.cat\/cienciaxllegir\/wp-content\/uploads\/sites\/215\/2016\/05\/Jgirbau_foto.jpg\" alt=\"\" class=\"wp-image-660 size-full\" srcset=\"https:\/\/webs.uab.cat\/cienciaxllegir\/wp-content\/uploads\/sites\/215\/2016\/05\/Jgirbau_foto.jpg 250w, https:\/\/webs.uab.cat\/cienciaxllegir\/wp-content\/uploads\/sites\/215\/2016\/05\/Jgirbau_foto-150x150.jpg 150w\" sizes=\"auto, (max-width: 250px) 100vw, 250px\" \/><\/figure><div class=\"wp-block-media-text__content\">\n<p class=\"has-small-font-size\"><em>&#8220;La Matem\u00e1tica, a medida que se ha ido desarrollando, ha adquirido un mayor grado de abstracci\u00f3n. Los resultados de la geometr\u00eda griega podr\u00edan ser explicados en pocas palabras a cualquier persona de recto juicio que, no hubiera o\u00eddo jam\u00e1s hablar de Geometr\u00eda. Ello es debido a que los conceptos utilizados por los griegos constituyen una primera abstracci\u00f3n de los empleados en la vida corriente. No puede decirse lo mismo de la Matem\u00e1tica actual, cuyos conceptos son abstracciones de conceptos matem\u00e1ticos de otras \u00e9pocas, que a su vez son abstracciones de abstracciones de conceptos corrientes. A ello se debe la gran dificultad, por no decir la imposibilidad, de divulgaci\u00f3n de los resultados de la Matem\u00e1tica actual a un p\u00fablico no especializado. [\u2026] La presentaci\u00f3n hist\u00f3rica constituye la mejor manera de comprender el por qu\u00e9 de los diferentes conceptos y definiciones actuales.&#8221;<\/em><\/p>\n\n\n\n<p class=\"has-small-font-size\">Fragment de la introducci\u00f3 del llibre<br><a href=\"https:\/\/bibcercador.uab.cat\/permalink\/34CSUC_UAB\/1eqfv2p\/alma991001282619706709\" target=\"_blank\" rel=\"noreferrer noopener\">Memoria sobre el concepto, m\u00e9todo y fuentes de la geometr\u00eda diferencial<\/a><\/p>\n<\/div><\/div>\n\n\n\n<p><strong>Joan Girbau i Bad\u00f3\u00a0 <\/strong>(Barcelona, 1942 &#8211; 2023) va ser catedr\u00e0tic em\u00e8rit de la UAB. El 1964 es va llicenciar en Ci\u00e8ncies Matem\u00e0tiques per la Universitat de Barcelona i el 1970 va marxar a Par\u00eds a ampliar estudis sota la direcci\u00f3 d\u2019Andr\u00e9 Lichnerowicz. El 1972 va tornar definitivament a Catalunya i s\u2019incorpor\u00e0 a la Universitat Aut\u00f2noma de Barcelona com a professor, i el 1976 va obtenir una pla\u00e7a de catedr\u00e0tic. De 1986 a 1990 va ser president de la <strong><a href=\"https:\/\/scm.iec.cat\/\" target=\"_blank\" rel=\"noreferrer noopener\">Societat Catalana de Matem\u00e0tiques<\/a><\/strong>,  i l\u2019any 1990 va ser elegit membre numerari de l\u2019<strong>Institut d\u2019Estudis Catalans<\/strong>. <\/p>\n\n\n\n<p>El 1998 el govern de la Generalitat li atorg\u00e0 <strong>la medalla Narc\u00eds Monturiol<\/strong> al m\u00e8rit cient\u00edfic i tecnol\u00f2gic per la seva tasca acad\u00e8mica, per les seves contribucions a la geometria i topologia i en particular a les varietats complexes i les foliacions holomorfes, i tamb\u00e9 per la seva activitat de promoci\u00f3 de la matem\u00e0tica. <\/p>\n\n\n\n<p>Va ser autor de nombrosos treballs de recerca en els camps de la geometria diferencial i de la f\u00edsica matem\u00e0tica apareguts en revistes internacionals, i de diverses monografies, algunes dins de la prestigiosa col\u00b7lecci\u00f3 <strong>Progress in Mathematical Physics<\/strong>.<\/p>\n\n\n\n<p><strong>M\u00e9s informaci\u00f3:<\/strong><\/p>\n\n\n\n<ul class=\"wp-block-list\">\n<li><a href=\"https:\/\/webs.uab.cat\/cienciaxllegir\/obra-divulgativa-de-joan-girbau\">Obra divulgativa comentada<\/a><\/li>\n\n\n\n<li><a rel=\"noreferrer noopener\" href=\"https:\/\/bibcercador.uab.cat\/discovery\/search?query=creator,exact,Girbau,%20Joan,AND&amp;tab=Everything&amp;search_scope=MyInst_and_CI&amp;sortby=date_d&amp;vid=34CSUC_UAB:VU1&amp;facet=creator,exact,Girbau,%20Joan&amp;mode=advanced&amp;offset=0&amp;came_from=sort\" target=\"_blank\">Joan Girbau<\/a> al nostre cat\u00e0leg<\/li>\n\n\n\n<li><a rel=\"noreferrer noopener\" href=\"https:\/\/bibcercador.uab.cat\/discovery\/search?query=creator,exact,Girbau,%20Joan,AND&amp;tab=DiscoveryNetwork&amp;search_scope=DiscoveryNetwork&amp;sortby=date_d&amp;vid=34CSUC_UAB:VU1&amp;mode=advanced&amp;offset=0\" target=\"_blank\">Joan Girbau<\/a> al cat\u00e0leg col\u00b7lectiu (PUC)<\/li>\n<\/ul>\n\n\n\n<p class=\"has-blanc-coco-color has-text-color\">a<\/p>\n\n\n\n<ul class=\"wp-block-list\">\n<li><a href=\"https:\/\/www.wikiwand.com\/ca\/Joan_Girbau_i_Bad%C3%B3\" target=\"_blank\" rel=\"noreferrer noopener\">Perfil biogr\u00e0fic<\/a> (Wikiwand)<\/li>\n<\/ul>\n","protected":false},"excerpt":{"rendered":"<p>&#8220;La Matem\u00e1tica, a medida que se ha ido desarrollando, ha adquirido un mayor grado de abstracci\u00f3n. Los resultados de la geometr\u00eda griega podr\u00edan ser explicados en pocas palabras a cualquier persona de recto juicio que, no hubiera o\u00eddo jam\u00e1s hablar de Geometr\u00eda. Ello es debido a que los conceptos utilizados por los griegos constituyen una [&hellip;]<\/p>\n","protected":false},"author":20,"featured_media":0,"parent":0,"menu_order":0,"comment_status":"closed","ping_status":"closed","template":"","meta":{"footnotes":""},"class_list":["post-661","page","type-page","status-publish","hentry"],"_links":{"self":[{"href":"https:\/\/webs.uab.cat\/cienciaxllegir\/wp-json\/wp\/v2\/pages\/661","targetHints":{"allow":["GET"]}}],"collection":[{"href":"https:\/\/webs.uab.cat\/cienciaxllegir\/wp-json\/wp\/v2\/pages"}],"about":[{"href":"https:\/\/webs.uab.cat\/cienciaxllegir\/wp-json\/wp\/v2\/types\/page"}],"author":[{"embeddable":true,"href":"https:\/\/webs.uab.cat\/cienciaxllegir\/wp-json\/wp\/v2\/users\/20"}],"replies":[{"embeddable":true,"href":"https:\/\/webs.uab.cat\/cienciaxllegir\/wp-json\/wp\/v2\/comments?post=661"}],"version-history":[{"count":6,"href":"https:\/\/webs.uab.cat\/cienciaxllegir\/wp-json\/wp\/v2\/pages\/661\/revisions"}],"predecessor-version":[{"id":3155,"href":"https:\/\/webs.uab.cat\/cienciaxllegir\/wp-json\/wp\/v2\/pages\/661\/revisions\/3155"}],"wp:attachment":[{"href":"https:\/\/webs.uab.cat\/cienciaxllegir\/wp-json\/wp\/v2\/media?parent=661"}],"curies":[{"name":"wp","href":"https:\/\/api.w.org\/{rel}","templated":true}]}}