{"id":733,"date":"2016-12-14T19:57:34","date_gmt":"2016-12-14T19:57:34","guid":{"rendered":"https:\/\/webs.uab.cat\/cienciaxllegir\/txernobil-trenta-anys-dun-accident\/"},"modified":"2016-12-14T19:57:34","modified_gmt":"2016-12-14T19:57:34","slug":"txernobil-trenta-anys-dun-accident","status":"publish","type":"page","link":"https:\/\/webs.uab.cat\/cienciaxllegir\/txernobil-trenta-anys-dun-accident\/","title":{"rendered":"Txern\u00f2bil, trenta anys d&#8217;un accident"},"content":{"rendered":"<p>El 2006, la Biblioteca va muntar l\u2019exposici\u00f3 <a href=\"http:\/\/ddd.uab.cat\/record\/15768\" target=\"_blank\" rel=\"noopener\"><strong>Txern\u00f2bil 20 anys despr\u00e9s<\/strong><\/a>. Enguany, en el 30\u00e8 aniversari del accident nuclear, s\u2019ha fet una instal\u00b7laci\u00f3 al hall apostant aix\u00ed per acostar la trag\u00e8dia dels afectats de Txern\u00f2bil a tothom que s\u2019aturi a con\u00e8ixer-los.<\/p>\n<p>&nbsp;<\/p>\n<p>Partim de les obres del fot\u00f2graf <strong>Igor Kostin<\/strong>, la periodista <strong>Svetlana Alexievich<\/strong> i l\u2019escriptor <strong>Javier Sebasti\u00e1n<\/strong>, totes elles basades en testimonis directes, tant de l\u2019accident com de les conseq\u00fc\u00e8ncies posteriors.<\/p>\n<p><a href=\"https:\/\/cataleg.uab.cat\/iii\/encore\/plus\/C__Rb1671500__SIgor%20Kostin%20reporter__Orightresult__U__X1__T?lang=cat&amp;suite=def\" target=\"_blank\" rel=\"noopener\"><img loading=\"lazy\" decoding=\"async\" alt=\"\" height=\"302\" src=\"http:\/\/pagines.uab.cat\/cienciaxllegir\/sites\/pagines.uab.cat.cienciaxllegir\/files\/igor01.jpg\" style=\"float:left\" width=\"200\" \/><\/a> &nbsp;<a href=\"https:\/\/cataleg.uab.cat\/iii\/encore\/record\/C__Rb1958938?lang=cat\" target=\"_blank\" rel=\"noopener\"><img loading=\"lazy\" decoding=\"async\" alt=\"\" height=\"302\" src=\"http:\/\/pagines.uab.cat\/cienciaxllegir\/sites\/pagines.uab.cat.cienciaxllegir\/files\/svetlana01.jpg\" width=\"200\" \/><\/a> &nbsp;<a href=\"https:\/\/cataleg.uab.cat\/iii\/encore\/record\/C__Rb1870273?lang=cat\" target=\"_blank\" rel=\"noopener\"><img loading=\"lazy\" decoding=\"async\" alt=\"\" height=\"302\" src=\"http:\/\/pagines.uab.cat\/cienciaxllegir\/sites\/pagines.uab.cat.cienciaxllegir\/files\/sebastian01.jpg\" width=\"200\" \/><\/a><\/p>\n<p><a href=\"https:\/\/es.wikipedia.org\/wiki\/Igor_Kostin\" target=\"_blank\" rel=\"noopener\"><strong>Igor Kostin<\/strong><\/a> testimonia el seu treball fotogr\u00e0fic en el lloc dels fets. La Premi Nobel de Literatura 2015 <a href=\"http:\/\/www.elmundo.es\/cultura\/2016\/05\/17\/573a05de46163fc0378b4619.html\" target=\"_blank\" rel=\"noopener\"><strong>Svetlana Alexievich<\/strong><\/a> posa per escrit el testimoni de moltes de les persones an\u00f2nimes que es van veure afectades per l\u2019accident i la radiaci\u00f3 posterior. I <a href=\"https:\/\/es.wikipedia.org\/wiki\/Javier_Sebasti%C3%A1n_Luengo\" target=\"_blank\" rel=\"noopener\"><strong>Javier Sabasti\u00e1n<\/strong><\/a> novel\u00b7la diversos episodis de la vida del f\u00edsic nuclear Vasili B. Nesterenko.<\/p>\n<p>Us recomanem tamb\u00e9 tres grans documentals:<\/p>\n<ul>\n<li>\n<p><a href=\"https:\/\/www.youtube.com\/watch?v=1AR1pDygalQ\" target=\"_blank\" rel=\"noopener\"><strong>La batalla de Chern\u00f3bil<\/strong><\/a>, del programa \u00abLa noche tem\u00e1tica\u00bb (La2)<\/p>\n<\/li>\n<li>\n<p><a href=\"https:\/\/www.youtube.com\/watch?v=njTQaUCk4KY\" target=\"_blank\" rel=\"noopener\"><strong>Chernobyl Nuclear &#8211; \u00abSurviving disaster\u00bb<\/strong><\/a>, un docudrama de la BBC<\/p>\n<\/li>\n<li>\n<p><a href=\"https:\/\/www.youtube.com\/watch?v=TJ7NLiaxwuE\" target=\"_blank\" rel=\"noopener\"><strong>L&#8217;hora zero: la cat\u00e0strofe de Txern\u00f2bil<\/strong><\/a>, del programa \u201cCronos\u201d (TV3)<\/p>\n<\/li>\n<\/ul>\n<p>I per ampliar la informaci\u00f3, us recomanem els seg\u00fcents ep\u00edgrafs del cat\u00e0leg de les Biblioteques de la UAB:<\/p>\n<ul>\n<li>\n<p><a href=\"https:\/\/cataleg.uab.cat\/iii\/encore\/plus\/C__Rb1690622__STxornobil%20%28Ucra%C3%AFna%29__Orightresult__U__X3__T?lang=cat&amp;suite=def\" target=\"_blank\" rel=\"noopener\">Txornobil (Ucra\u00efna)<\/a><\/p>\n<\/li>\n<li>\n<p><a href=\"https:\/\/cataleg.uab.cat\/iii\/encore\/plus\/C__Rb1138099__SAccident%20nuclear%20de%20Txornobil%2C%20Txornobil%2C%20Ucra%C3%AFna%2C%201986__Orightresult__U__X1__T?lang=cat&amp;suite=def\" target=\"_blank\" rel=\"noopener\">Accident nuclear de Txornobil, Txornobil, Ucra\u00efna, 1986<\/a><\/p>\n<\/li>\n<li>\n<p><a href=\"https:\/\/cataleg.uab.cat\/iii\/encore\/plus\/C__Rb1719364__SCentrals%20nuclears%20--%20Accidents__Orightresult__U__X3__T?lang=cat&amp;suite=def\" target=\"_blank\" rel=\"noopener\">Centrals nuclears &#8212; Accidents<\/a><\/p>\n<\/li>\n<\/ul>\n<p><span style=\"border-radius: 2px; text-indent: 20px; width: auto; padding: 0px 4px 0px 0px; text-align: center; font: bold 11px\/20px 'Helvetica Neue',Helvetica,sans-serif; color: #ffffff; background: #bd081c url('data:image\/svg+xml;base64,PHN2ZyB4bWxucz0iaHR0cDovL3d3dy53My5vcmcvMjAwMC9zdmciIGhlaWdodD0iMzBweCIgd2lkdGg9IjMwcHgiIHZpZXdCb3g9Ii0xIC0xIDMxIDMxIj48Zz48cGF0aCBkPSJNMjkuNDQ5LDE0LjY2MiBDMjkuNDQ5LDIyLjcyMiAyMi44NjgsMjkuMjU2IDE0Ljc1LDI5LjI1NiBDNi42MzIsMjkuMjU2IDAuMDUxLDIyLjcyMiAwLjA1MSwxNC42NjIgQzAuMDUxLDYuNjAxIDYuNjMyLDAuMDY3IDE0Ljc1LDAuMDY3IEMyMi44NjgsMC4wNjcgMjkuNDQ5LDYuNjAxIDI5LjQ0OSwxNC42NjIiIGZpbGw9IiNmZmYiIHN0cm9rZT0iI2ZmZiIgc3Ryb2tlLXdpZHRoPSIxIj48L3BhdGg+PHBhdGggZD0iTTE0LjczMywxLjY4NiBDNy41MTYsMS42ODYgMS42NjUsNy40OTUgMS42NjUsMTQuNjYyIEMxLjY2NSwyMC4xNTkgNS4xMDksMjQuODU0IDkuOTcsMjYuNzQ0IEM5Ljg1NiwyNS43MTggOS43NTMsMjQuMTQzIDEwLjAxNiwyMy4wMjIgQzEwLjI1MywyMi4wMSAxMS41NDgsMTYuNTcyIDExLjU0OCwxNi41NzIgQzExLjU0OCwxNi41NzIgMTEuMTU3LDE1Ljc5NSAxMS4xNTcsMTQuNjQ2IEMxMS4xNTcsMTIuODQyIDEyLjIxMSwxMS40OTUgMTMuNTIyLDExLjQ5NSBDMTQuNjM3LDExLjQ5NSAxNS4xNzUsMTIuMzI2IDE1LjE3NSwxMy4zMjMgQzE1LjE3NSwxNC40MzYgMTQuNDYyLDE2LjEgMTQuMDkzLDE3LjY0MyBDMTMuNzg1LDE4LjkzNSAxNC43NDUsMTkuOTg4IDE2LjAyOCwxOS45ODggQzE4LjM1MSwxOS45ODggMjAuMTM2LDE3LjU1NiAyMC4xMzYsMTQuMDQ2IEMyMC4xMzYsMTAuOTM5IDE3Ljg4OCw4Ljc2NyAxNC42NzgsOC43NjcgQzEwLjk1OSw4Ljc2NyA4Ljc3NywxMS41MzYgOC43NzcsMTQuMzk4IEM4Ljc3NywxNS41MTMgOS4yMSwxNi43MDkgOS43NDksMTcuMzU5IEM5Ljg1NiwxNy40ODggOS44NzIsMTcuNiA5Ljg0LDE3LjczMSBDOS43NDEsMTguMTQxIDkuNTIsMTkuMDIzIDkuNDc3LDE5LjIwMyBDOS40MiwxOS40NCA5LjI4OCwxOS40OTEgOS4wNCwxOS4zNzYgQzcuNDA4LDE4LjYyMiA2LjM4NywxNi4yNTIgNi4zODcsMTQuMzQ5IEM2LjM4NywxMC4yNTYgOS4zODMsNi40OTcgMTUuMDIyLDYuNDk3IEMxOS41NTUsNi40OTcgMjMuMDc4LDkuNzA1IDIzLjA3OCwxMy45OTEgQzIzLjA3OCwxOC40NjMgMjAuMjM5LDIyLjA2MiAxNi4yOTcsMjIuMDYyIEMxNC45NzMsMjIuMDYyIDEzLjcyOCwyMS4zNzkgMTMuMzAyLDIwLjU3MiBDMTMuMzAyLDIwLjU3MiAxMi42NDcsMjMuMDUgMTIuNDg4LDIzLjY1NyBDMTIuMTkzLDI0Ljc4NCAxMS4zOTYsMjYuMTk2IDEwLjg2MywyNy4wNTggQzEyLjA4NiwyNy40MzQgMTMuMzg2LDI3LjYzNyAxNC43MzMsMjcuNjM3IEMyMS45NSwyNy42MzcgMjcuODAxLDIxLjgyOCAyNy44MDEsMTQuNjYyIEMyNy44MDEsNy40OTUgMjEuOTUsMS42ODYgMTQuNzMzLDEuNjg2IiBmaWxsPSIjYmQwODFjIj48L3BhdGg+PC9nPjwvc3ZnPg==') no-repeat scroll 3px 50% \/ 14px 14px; position: absolute; opacity: 1; z-index: 8675309; display: none; cursor: pointer; top: 191px; left: 47px;\">Save<\/span><\/p>\n","protected":false},"excerpt":{"rendered":"<p>El 2006, la Biblioteca va muntar l\u2019exposici\u00f3 Txern\u00f2bil 20 anys despr\u00e9s. Enguany, en el 30\u00e8 aniversari del accident nuclear, s\u2019ha fet una instal\u00b7laci\u00f3 al hall apostant aix\u00ed per acostar la trag\u00e8dia dels afectats de Txern\u00f2bil a tothom que s\u2019aturi a con\u00e8ixer-los. &nbsp; Partim de les obres del fot\u00f2graf Igor Kostin, la periodista Svetlana Alexievich i [&hellip;]<\/p>\n","protected":false},"author":20,"featured_media":734,"parent":0,"menu_order":0,"comment_status":"closed","ping_status":"closed","template":"","meta":{"footnotes":""},"class_list":["post-733","page","type-page","status-publish","has-post-thumbnail","hentry"],"_links":{"self":[{"href":"https:\/\/webs.uab.cat\/cienciaxllegir\/wp-json\/wp\/v2\/pages\/733","targetHints":{"allow":["GET"]}}],"collection":[{"href":"https:\/\/webs.uab.cat\/cienciaxllegir\/wp-json\/wp\/v2\/pages"}],"about":[{"href":"https:\/\/webs.uab.cat\/cienciaxllegir\/wp-json\/wp\/v2\/types\/page"}],"author":[{"embeddable":true,"href":"https:\/\/webs.uab.cat\/cienciaxllegir\/wp-json\/wp\/v2\/users\/20"}],"replies":[{"embeddable":true,"href":"https:\/\/webs.uab.cat\/cienciaxllegir\/wp-json\/wp\/v2\/comments?post=733"}],"version-history":[{"count":0,"href":"https:\/\/webs.uab.cat\/cienciaxllegir\/wp-json\/wp\/v2\/pages\/733\/revisions"}],"wp:featuredmedia":[{"embeddable":true,"href":"https:\/\/webs.uab.cat\/cienciaxllegir\/wp-json\/wp\/v2\/media\/734"}],"wp:attachment":[{"href":"https:\/\/webs.uab.cat\/cienciaxllegir\/wp-json\/wp\/v2\/media?parent=733"}],"curies":[{"name":"wp","href":"https:\/\/api.w.org\/{rel}","templated":true}]}}

Txernòbil, trenta anys d&#8217;un accident

<p>El 2006, la Biblioteca va muntar l’exposició <a href="http://ddd.uab.cat/record/15768" target="_blank" rel="noopener"><strong>Txernòbil 20 anys després</strong></a>. Enguany, en el 30è aniversari del accident nuclear, s’ha fet una instal·lació al hall apostant així per acostar la tragèdia dels afectats de Txernòbil a tothom que s’aturi a conèixer-los.</p>
<p>&nbsp;</p>
<p>Partim de les obres del fotògraf <strong>Igor Kostin</strong>, la periodista <strong>Svetlana Alexievich</strong> i l’escriptor <strong>Javier Sebastián</strong>, totes elles basades en testimonis directes, tant de l’accident com de les conseqüències posteriors.</p>
<p><a href="https://cataleg.uab.cat/iii/encore/plus/C__Rb1671500__SIgor%20Kostin%20reporter__Orightresult__U__X1__T?lang=cat&amp;suite=def" target="_blank" rel="noopener"><img loading="lazy" decoding="async" alt="" height="302" src="http://pagines.uab.cat/cienciaxllegir/sites/pagines.uab.cat.cienciaxllegir/files/igor01.jpg" style="float:left" width="200" /></a> &nbsp;<a href="https://cataleg.uab.cat/iii/encore/record/C__Rb1958938?lang=cat" target="_blank" rel="noopener"><img loading="lazy" decoding="async" alt="" height="302" src="http://pagines.uab.cat/cienciaxllegir/sites/pagines.uab.cat.cienciaxllegir/files/svetlana01.jpg" width="200" /></a> &nbsp;<a href="https://cataleg.uab.cat/iii/encore/record/C__Rb1870273?lang=cat" target="_blank" rel="noopener"><img loading="lazy" decoding="async" alt="" height="302" src="http://pagines.uab.cat/cienciaxllegir/sites/pagines.uab.cat.cienciaxllegir/files/sebastian01.jpg" width="200" /></a></p>
<p><a href="https://es.wikipedia.org/wiki/Igor_Kostin" target="_blank" rel="noopener"><strong>Igor Kostin</strong></a> testimonia el seu treball fotogràfic en el lloc dels fets. La Premi Nobel de Literatura 2015 <a href="http://www.elmundo.es/cultura/2016/05/17/573a05de46163fc0378b4619.html" target="_blank" rel="noopener"><strong>Svetlana Alexievich</strong></a> posa per escrit el testimoni de moltes de les persones anònimes que es van veure afectades per l’accident i la radiació posterior. I <a href="https://es.wikipedia.org/wiki/Javier_Sebasti%C3%A1n_Luengo" target="_blank" rel="noopener"><strong>Javier Sabastián</strong></a> novel·la diversos episodis de la vida del físic nuclear Vasili B. Nesterenko.</p>
<p>Us recomanem també tres grans documentals:</p>
<ul>
<li>
<p><a href="https://www.youtube.com/watch?v=1AR1pDygalQ" target="_blank" rel="noopener"><strong>La batalla de Chernóbil</strong></a>, del programa «La noche temática» (La2)</p>
</li>
<li>
<p><a href="https://www.youtube.com/watch?v=njTQaUCk4KY" target="_blank" rel="noopener"><strong>Chernobyl Nuclear &#8211; «Surviving disaster»</strong></a>, un docudrama de la BBC</p>
</li>
<li>
<p><a href="https://www.youtube.com/watch?v=TJ7NLiaxwuE" target="_blank" rel="noopener"><strong>L&#8217;hora zero: la catàstrofe de Txernòbil</strong></a>, del programa “Cronos” (TV3)</p>
</li>
</ul>
<p>I per ampliar la informació, us recomanem els següents epígrafs del catàleg de les Biblioteques de la UAB:</p>
<ul>
<li>
<p><a href="https://cataleg.uab.cat/iii/encore/plus/C__Rb1690622__STxornobil%20%28Ucra%C3%AFna%29__Orightresult__U__X3__T?lang=cat&amp;suite=def" target="_blank" rel="noopener">Txornobil (Ucraïna)</a></p>
</li>
<li>
<p><a href="https://cataleg.uab.cat/iii/encore/plus/C__Rb1138099__SAccident%20nuclear%20de%20Txornobil%2C%20Txornobil%2C%20Ucra%C3%AFna%2C%201986__Orightresult__U__X1__T?lang=cat&amp;suite=def" target="_blank" rel="noopener">Accident nuclear de Txornobil, Txornobil, Ucraïna, 1986</a></p>
</li>
<li>
<p><a href="https://cataleg.uab.cat/iii/encore/plus/C__Rb1719364__SCentrals%20nuclears%20--%20Accidents__Orightresult__U__X3__T?lang=cat&amp;suite=def" target="_blank" rel="noopener">Centrals nuclears &#8212; Accidents</a></p>
</li>
</ul>
<p><span style="border-radius: 2px; text-indent: 20px; width: auto; padding: 0px 4px 0px 0px; text-align: center; font: bold 11px/20px 'Helvetica Neue',Helvetica,sans-serif; color: #ffffff; background: #bd081c url('data:image/svg+xml;base64,PHN2ZyB4bWxucz0iaHR0cDovL3d3dy53My5vcmcvMjAwMC9zdmciIGhlaWdodD0iMzBweCIgd2lkdGg9IjMwcHgiIHZpZXdCb3g9Ii0xIC0xIDMxIDMxIj48Zz48cGF0aCBkPSJNMjkuNDQ5LDE0LjY2MiBDMjkuNDQ5LDIyLjcyMiAyMi44NjgsMjkuMjU2IDE0Ljc1LDI5LjI1NiBDNi42MzIsMjkuMjU2IDAuMDUxLDIyLjcyMiAwLjA1MSwxNC42NjIgQzAuMDUxLDYuNjAxIDYuNjMyLDAuMDY3IDE0Ljc1LDAuMDY3IEMyMi44NjgsMC4wNjcgMjkuNDQ5LDYuNjAxIDI5LjQ0OSwxNC42NjIiIGZpbGw9IiNmZmYiIHN0cm9rZT0iI2ZmZiIgc3Ryb2tlLXdpZHRoPSIxIj48L3BhdGg+PHBhdGggZD0iTTE0LjczMywxLjY4NiBDNy41MTYsMS42ODYgMS42NjUsNy40OTUgMS42NjUsMTQuNjYyIEMxLjY2NSwyMC4xNTkgNS4xMDksMjQuODU0IDkuOTcsMjYuNzQ0IEM5Ljg1NiwyNS43MTggOS43NTMsMjQuMTQzIDEwLjAxNiwyMy4wMjIgQzEwLjI1MywyMi4wMSAxMS41NDgsMTYuNTcyIDExLjU0OCwxNi41NzIgQzExLjU0OCwxNi41NzIgMTEuMTU3LDE1Ljc5NSAxMS4xNTcsMTQuNjQ2IEMxMS4xNTcsMTIuODQyIDEyLjIxMSwxMS40OTUgMTMuNTIyLDExLjQ5NSBDMTQuNjM3LDExLjQ5NSAxNS4xNzUsMTIuMzI2IDE1LjE3NSwxMy4zMjMgQzE1LjE3NSwxNC40MzYgMTQuNDYyLDE2LjEgMTQuMDkzLDE3LjY0MyBDMTMuNzg1LDE4LjkzNSAxNC43NDUsMTkuOTg4IDE2LjAyOCwxOS45ODggQzE4LjM1MSwxOS45ODggMjAuMTM2LDE3LjU1NiAyMC4xMzYsMTQuMDQ2IEMyMC4xMzYsMTAuOTM5IDE3Ljg4OCw4Ljc2NyAxNC42NzgsOC43NjcgQzEwLjk1OSw4Ljc2NyA4Ljc3NywxMS41MzYgOC43NzcsMTQuMzk4IEM4Ljc3NywxNS41MTMgOS4yMSwxNi43MDkgOS43NDksMTcuMzU5IEM5Ljg1NiwxNy40ODggOS44NzIsMTcuNiA5Ljg0LDE3LjczMSBDOS43NDEsMTguMTQxIDkuNTIsMTkuMDIzIDkuNDc3LDE5LjIwMyBDOS40MiwxOS40NCA5LjI4OCwxOS40OTEgOS4wNCwxOS4zNzYgQzcuNDA4LDE4LjYyMiA2LjM4NywxNi4yNTIgNi4zODcsMTQuMzQ5IEM2LjM4NywxMC4yNTYgOS4zODMsNi40OTcgMTUuMDIyLDYuNDk3IEMxOS41NTUsNi40OTcgMjMuMDc4LDkuNzA1IDIzLjA3OCwxMy45OTEgQzIzLjA3OCwxOC40NjMgMjAuMjM5LDIyLjA2MiAxNi4yOTcsMjIuMDYyIEMxNC45NzMsMjIuMDYyIDEzLjcyOCwyMS4zNzkgMTMuMzAyLDIwLjU3MiBDMTMuMzAyLDIwLjU3MiAxMi42NDcsMjMuMDUgMTIuNDg4LDIzLjY1NyBDMTIuMTkzLDI0Ljc4NCAxMS4zOTYsMjYuMTk2IDEwLjg2MywyNy4wNTggQzEyLjA4NiwyNy40MzQgMTMuMzg2LDI3LjYzNyAxNC43MzMsMjcuNjM3IEMyMS45NSwyNy42MzcgMjcuODAxLDIxLjgyOCAyNy44MDEsMTQuNjYyIEMyNy44MDEsNy40OTUgMjEuOTUsMS42ODYgMTQuNzMzLDEuNjg2IiBmaWxsPSIjYmQwODFjIj48L3BhdGg+PC9nPjwvc3ZnPg==') no-repeat scroll 3px 50% / 14px 14px; position: absolute; opacity: 1; z-index: 8675309; display: none; cursor: pointer; top: 191px; left: 47px;">Save</span></p>

<p>El 2006, la Biblioteca va muntar l’exposició Txernòbil 20 anys després. Enguany, en el 30è aniversari del accident nuclear, s’ha fet una instal·lació al hall apostant així per acostar la tragèdia dels afectats de Txernòbil a tothom que s’aturi a conèixer-los. &nbsp; Partim de les obres del fotògraf Igor Kostin, la periodista Svetlana Alexievich i [&hellip;]</p>
