{"id":843,"date":"2018-01-24T17:45:16","date_gmt":"2018-01-24T17:45:16","guid":{"rendered":"https:\/\/webs.uab.cat\/cienciaxllegir\/maria-a-blasco\/"},"modified":"2023-05-29T13:50:09","modified_gmt":"2023-05-29T13:50:09","slug":"maria-a-blasco","status":"publish","type":"page","link":"https:\/\/webs.uab.cat\/cienciaxllegir\/maria-a-blasco\/","title":{"rendered":"Maria A. Blasco."},"content":{"rendered":"\n<div class=\"wp-block-media-text alignwide is-stacked-on-mobile has-blanc-coco-color has-verd-tropic-background-color has-text-color has-background\" style=\"grid-template-columns:20% auto\"><figure class=\"wp-block-media-text__media\"><img loading=\"lazy\" decoding=\"async\" width=\"250\" height=\"250\" src=\"https:\/\/webs.uab.cat\/cienciaxllegir\/wp-content\/uploads\/sites\/215\/2018\/01\/mariablasco_foto.jpg\" alt=\"\" class=\"wp-image-842 size-full\" srcset=\"https:\/\/webs.uab.cat\/cienciaxllegir\/wp-content\/uploads\/sites\/215\/2018\/01\/mariablasco_foto.jpg 250w, https:\/\/webs.uab.cat\/cienciaxllegir\/wp-content\/uploads\/sites\/215\/2018\/01\/mariablasco_foto-150x150.jpg 150w\" sizes=\"auto, (max-width: 250px) 100vw, 250px\" \/><\/figure><div class=\"wp-block-media-text__content\">\n<p class=\"has-small-font-size\"><em>&#8220;Maria asegura que \u00abel <\/em>germen<em> de las enfermedades asociadas a la edad es el proceso de envejecimiento molecular de nuestras c\u00e9lulas\u00bb, un \u00e1rea de investigaci\u00f3n que en las \u00faltimas dos d\u00e9cadas se ha convertido \u00aben unas de las m\u00e1s activas\u00bb de la biomedicina. \u00abHemos conseguido averiguar qu\u00e9 procesos moleculares son causantes de este proceso de envejecimiento, y esto permitir\u00e1, por primera vez, detectar a tiempo, prevenir y tratar m\u00e1s eficientemente esas enfermedades.\u00bb Para Maria Blasco, no hay duda de que curando el envejecimiento se evitar\u00edan en gran medida el c\u00e1ncer y el resto de enfermedades asociadas a la edad.&#8221;<\/em><\/p>\n\n\n\n<p class=\"has-small-font-size\">Fragment del pr\u00f2leg del llibre<br><a href=\"https:\/\/bibcercador.uab.cat\/permalink\/34CSUC_UAB\/1eqfv2p\/alma991007655319706709\" target=\"_blank\" rel=\"noreferrer noopener\">Morir joven, a los 140<\/a><\/p>\n<\/div><\/div>\n\n\n\n<p><strong>Maria Antonia Blasco Marhuenda <\/strong>(San Vicente del Raspeig, Alacant, 1965) \u00e9s doctora en Bioqu\u00edmica i Biologia Molecular per la Universidad Aut\u00f3noma de Madrid (1993) i lidera la recerca internacional en el camp dels <a href=\"https:\/\/ca.wikipedia.org\/wiki\/Tel%C3%B2mer\" target=\"_blank\" rel=\"noreferrer noopener\">tel\u00f2mers<\/a> per intentar demostrar que reparant-los es pot combatre les malalties de l&#8217;edat i, d&#8217;aquesta manera, endarrerir l&#8217;envelliment hum\u00e0. Va portar a terme els seus primers descobriments en el laboratori de <a href=\"https:\/\/es.wikipedia.org\/wiki\/Carol_Greider\" target=\"_blank\" rel=\"noreferrer noopener\">Carol W. Greider<\/a> (premi Nobel de Medicina 2009). I amb el seu grup de biologia molecular, al <a href=\"https:\/\/www.cnio.es\/\" target=\"_blank\" rel=\"noreferrer noopener\">Centro Nacional de Investigaciones Oncol\u00f3gicas<\/a> (CNIO) -d&#8217;on \u00e9s la directora des de juny de 2011-, ha creat la primera ter\u00e0pia amb telomerasa contra l&#8217;envelliment, que allarga la joventut dels ratolins endarrerint les seves malalties. El 2010 va rebre el <a href=\"https:\/\/es.wikipedia.org\/wiki\/Premio_Nacional_de_Investigaci%C3%B3n_Santiago_Ram%C3%B3n_y_Cajal\" target=\"_blank\" rel=\"noreferrer noopener\">Premio Nacional de Investigaci\u00f3n &#8220;Santiago Ram\u00f3n y Cajal&#8221;<\/a>.<\/p>\n\n\n\n<p><strong>M\u00e9s informaci\u00f3:<\/strong><\/p>\n\n\n\n<ul class=\"wp-block-list\"><li><a href=\"https:\/\/webs.uab.cat\/cienciaxllegir\/obra-divulgativa-maria-blasco\">Obra divulgativa comentada<\/a><\/li><li><a rel=\"noreferrer noopener\" href=\"https:\/\/bibcercador.uab.cat\/discovery\/search?query=creator,exact,Blasco,%20M.%20A.,AND&amp;tab=Everything&amp;search_scope=MyInst_and_CI&amp;vid=34CSUC_UAB:VU1&amp;facet=creator,exact,Blasco,%20M.%20A.&amp;mode=advanced&amp;offset=0\" target=\"_blank\">Maria A. Blasco<\/a> al nostre cat\u00e0leg<\/li><li><a rel=\"noreferrer noopener\" href=\"https:\/\/bibcercador.uab.cat\/discovery\/search?query=creator,exact,Blasco,%20M.%20A.,AND&amp;tab=DiscoveryNetwork&amp;search_scope=DiscoveryNetwork&amp;vid=34CSUC_UAB:VU1&amp;facet=creator,exact,Blasco,%20M.%20A.&amp;mode=advanced\" target=\"_blank\">Maria A. Blasco<\/a> al cat\u00e0leg col\u00b7lectiu (PUC)<\/li><\/ul>\n\n\n\n<p class=\"has-blanc-coco-color has-text-color\">a<\/p>\n\n\n\n<ul class=\"wp-block-list\"><li><a href=\"https:\/\/www.cnio.es\/personas\/maria-a-blasco\/\" target=\"_blank\" rel=\"noreferrer noopener\">Perfil biogr\u00e0fic<\/a><\/li><li>Articles a <a href=\"https:\/\/www.huffingtonpost.es\/author\/maria-a-blasco\/\" target=\"_blank\" rel=\"noreferrer noopener\">El Huffington Post<\/a><\/li><\/ul>\n","protected":false},"excerpt":{"rendered":"<p>&#8220;Maria asegura que \u00abel germen de las enfermedades asociadas a la edad es el proceso de envejecimiento molecular de nuestras c\u00e9lulas\u00bb, un \u00e1rea de investigaci\u00f3n que en las \u00faltimas dos d\u00e9cadas se ha convertido \u00aben unas de las m\u00e1s activas\u00bb de la biomedicina. \u00abHemos conseguido averiguar qu\u00e9 procesos moleculares son causantes de este proceso de [&hellip;]<\/p>\n","protected":false},"author":20,"featured_media":0,"parent":0,"menu_order":0,"comment_status":"closed","ping_status":"closed","template":"","meta":{"footnotes":""},"class_list":["post-843","page","type-page","status-publish","hentry"],"_links":{"self":[{"href":"https:\/\/webs.uab.cat\/cienciaxllegir\/wp-json\/wp\/v2\/pages\/843","targetHints":{"allow":["GET"]}}],"collection":[{"href":"https:\/\/webs.uab.cat\/cienciaxllegir\/wp-json\/wp\/v2\/pages"}],"about":[{"href":"https:\/\/webs.uab.cat\/cienciaxllegir\/wp-json\/wp\/v2\/types\/page"}],"author":[{"embeddable":true,"href":"https:\/\/webs.uab.cat\/cienciaxllegir\/wp-json\/wp\/v2\/users\/20"}],"replies":[{"embeddable":true,"href":"https:\/\/webs.uab.cat\/cienciaxllegir\/wp-json\/wp\/v2\/comments?post=843"}],"version-history":[{"count":4,"href":"https:\/\/webs.uab.cat\/cienciaxllegir\/wp-json\/wp\/v2\/pages\/843\/revisions"}],"predecessor-version":[{"id":2305,"href":"https:\/\/webs.uab.cat\/cienciaxllegir\/wp-json\/wp\/v2\/pages\/843\/revisions\/2305"}],"wp:attachment":[{"href":"https:\/\/webs.uab.cat\/cienciaxllegir\/wp-json\/wp\/v2\/media?parent=843"}],"curies":[{"name":"wp","href":"https:\/\/api.w.org\/{rel}","templated":true}]}}