{"id":899,"date":"2018-02-15T21:03:16","date_gmt":"2018-02-15T21:03:16","guid":{"rendered":"https:\/\/webs.uab.cat\/cienciaxllegir\/obra-divulgativa-margarita-salas\/"},"modified":"2025-01-31T16:21:17","modified_gmt":"2025-01-31T16:21:17","slug":"obra-divulgativa-margarita-salas","status":"publish","type":"page","link":"https:\/\/webs.uab.cat\/cienciaxllegir\/obra-divulgativa-margarita-salas\/","title":{"rendered":"Obra divulgativa sobre Margarita Salas"},"content":{"rendered":"<div class=\"wp-block-image\">\n<figure class=\"aligncenter\"><a href=\"https:\/\/webs.uab.cat\/cienciaxllegir\/margarita-salas\/\"><img loading=\"lazy\" decoding=\"async\" width=\"208\" height=\"70\" src=\"https:\/\/webs.uab.cat\/cienciaxllegir\/wp-content\/uploads\/sites\/215\/2018\/02\/00tornarsalas.jpg\" alt=\"\" class=\"wp-image-895\" \/><\/a><\/figure>\n<\/div>\n\n\n<div class=\"wp-block-media-text alignwide is-stacked-on-mobile\" style=\"grid-template-columns:15% auto\"><figure class=\"wp-block-media-text__media\"><img loading=\"lazy\" decoding=\"async\" width=\"149\" height=\"223\" src=\"https:\/\/webs.uab.cat\/cienciaxllegir\/wp-content\/uploads\/sites\/215\/2025\/01\/msalas-csic.jpg\" alt=\"\" class=\"wp-image-3911 size-full\" \/><\/figure><div class=\"wp-block-media-text__content\">\n<p class=\"wp-block-paragraph\"><strong>Margarita Salas: investigadora, docente, divulgadora, mentora, acad\u00e9mica, emprendedora, directiva y familiar (2023) &nbsp; <em>&#8211; Homenatge &#8211;<\/em><\/strong><\/p>\n\n\n\n<p class=\"wp-block-paragraph\">Aquest llibre \u00e9s fruit del reconeixement de les persones i institucions que van con\u00e8ixer i glossar la figura i l&#8217;obra de Margarita Salas a la jornada celebrada al Consell Superior d&#8217;Investigacions Cient\u00edfiques amb motiu del segon aniversari de la seva mort, aix\u00ed com de les presentacions que, amb ocasi\u00f3 de la seva publicaci\u00f3, es van sumar posteriorment.<\/p>\n\n\n\n<p class=\"wp-block-paragraph\"><a href=\"http:\/\/libros.csic.es\/product_info.php?products_id=1747\" target=\"_blank\" rel=\"noreferrer noopener\">Disponibilitat ebook gratu\u00eft<\/a><\/p>\n<\/div><\/div>\n\n\n\n<div class=\"wp-block-media-text alignwide is-stacked-on-mobile\" style=\"grid-template-columns:15% auto\"><figure class=\"wp-block-media-text__media\"><img loading=\"lazy\" decoding=\"async\" width=\"149\" height=\"223\" src=\"https:\/\/webs.uab.cat\/cienciaxllegir\/wp-content\/uploads\/sites\/215\/2025\/01\/msalas-comic.jpg\" alt=\"\" class=\"wp-image-3915 size-full\" \/><\/figure><div class=\"wp-block-media-text__content\">\n<p class=\"wp-block-paragraph\"><strong>Margarita Salas (2022) \u00a0 <em>&#8211; C\u00f2mic &#8211;<\/em><\/strong><\/p>\n\n\n\n<p class=\"wp-block-paragraph\">El quart n\u00famero de la col\u00b7lecci\u00f3 de c\u00f2mics \u00abIntr\u00e9pidas\u00bb est\u00e0 dedicat a la Dra. Salas i en 8 p\u00e0gines es pot descobrir a aquesta dona de vida fascinant.<\/p>\n\n\n\n<p class=\"wp-block-paragraph\"><a href=\"http:\/\/libros.csic.es\/product_info.php?products_id=1747\" target=\"_blank\" rel=\"noreferrer noopener\">Disponibilitat<\/a><\/p>\n<\/div><\/div>\n\n\n\n<div class=\"wp-block-media-text alignwide is-stacked-on-mobile\" style=\"grid-template-columns:15% auto\"><figure class=\"wp-block-media-text__media\"><img loading=\"lazy\" decoding=\"async\" width=\"149\" height=\"223\" src=\"https:\/\/webs.uab.cat\/cienciaxllegir\/wp-content\/uploads\/sites\/215\/2018\/02\/msalashc.jpg\" alt=\"\" class=\"wp-image-896 size-full\" \/><\/figure><div class=\"wp-block-media-text__content\">\n<p class=\"wp-block-paragraph\"><strong>Doctora <em>honoris causa<\/em> Margarita Salas Falgueras (2018) &nbsp; <em>&#8211; Discursos &#8211;<\/em><\/strong><\/p>\n\n\n\n<p class=\"wp-block-paragraph\">El document cont\u00e9 els discursos llegits per la catedr\u00e0tica del Departament de Gen\u00e8tica i de Microbiologia de la UAB, na Montserrat Llagostera, i la pr\u00f2pia Margarita Salas el dia 18 d&#8217;abril de 2018 durant l&#8217;acte d&#8217;investidura com a Doctora Honoris Causa per la UAB.<br>En el seu discurs, la doctora Salas ha descrit alguns detalls autobiogr\u00e0fics sobre el seu cam\u00ed cap a la biologia molecular, i ha compartit la satisfacci\u00f3 que per a ella suposa formar futurs cient\u00edfics.<\/p>\n\n\n\n<p class=\"wp-block-paragraph\"><a rel=\"noreferrer noopener\" href=\"https:\/\/ddd.uab.cat\/record\/189236\" target=\"_blank\">Disponibilitat<\/a><\/p>\n<\/div><\/div>\n\n\n\n<div class=\"wp-block-media-text alignwide is-stacked-on-mobile\" style=\"grid-template-columns:15% auto\"><figure class=\"wp-block-media-text__media\"><img loading=\"lazy\" decoding=\"async\" width=\"149\" height=\"223\" src=\"https:\/\/webs.uab.cat\/cienciaxllegir\/wp-content\/uploads\/sites\/215\/2018\/02\/msalas01.jpg\" alt=\"\" class=\"wp-image-897 size-full\" \/><\/figure><div class=\"wp-block-media-text__content\">\n<p class=\"wp-block-paragraph\"><strong>Vida y obra de Margarita Salas (2011) &nbsp; <em>&#8211; Biografia &#8211;<\/em><\/strong><\/p>\n\n\n\n<p class=\"wp-block-paragraph\">Mar\u00eda Luisa Maillard i Jesusa \u00c1lvarez signen aquesta biografia sobre la bioqu\u00edmica asturiana on destaquen, sobretot, la seva tasca perseveran\u00e7a en el desenvolupament de la seva vocaci\u00f3 investigadora, que s&#8217;est\u00e9n a un comprom\u00eds actiu amb el desenvolupament de la ci\u00e8ncia a Espanya, i amb els aven\u00e7os actuals de la gen\u00e8tica.<\/p>\n\n\n\n<p class=\"wp-block-paragraph\"><a rel=\"noreferrer noopener\" href=\"https:\/\/bibcercador.uab.cat\/permalink\/34CSUC_UAB\/1eqfv2p\/alma991007714109706709\" target=\"_blank\">Disponibilitat<\/a><\/p>\n<\/div><\/div>\n\n\n\n<div class=\"wp-block-media-text alignwide is-stacked-on-mobile\" style=\"grid-template-columns:15% auto\"><figure class=\"wp-block-media-text__media\"><img loading=\"lazy\" decoding=\"async\" width=\"149\" height=\"223\" src=\"https:\/\/webs.uab.cat\/cienciaxllegir\/wp-content\/uploads\/sites\/215\/2018\/02\/salashomenaje.jpg\" alt=\"\" class=\"wp-image-898 size-full\" \/><\/figure><div class=\"wp-block-media-text__content\">\n<p class=\"wp-block-paragraph\"><strong>Homenaje a Margarita Salas Falgueras (2003) &nbsp; <em>&#8211; Homenatge &#8211;<\/em><\/strong><\/p>\n\n\n\n<p class=\"wp-block-paragraph\">Paraules de lloan\u00e7a pronunciades durant l&#8217;entrega de la medalla d&#8217;honor de la UIMP a Margarita Salas. Paraules com les del rector Jos\u00e9 Luis Garc\u00eda Delgado: \u00ab<em>El car\u00e0cter que no le ha faltado nunca a Margarita Salas, hasta convertirla hoy en s\u00edmbolo y expresi\u00f3n de la m\u00e1s profunda y promisoria de las transformaciones sociales de nuestro tiempo: la incorporaci\u00f3n plena de la mujer a la vida activa laboral y a todos los desempe\u00f1os socialment valorados, con plena igualdad, respecto del hombre, en derechos y responsabilidades<\/em>.\u00bb<\/p>\n\n\n\n<p class=\"wp-block-paragraph\"><a rel=\"noreferrer noopener\" href=\"https:\/\/bibcercador.uab.cat\/permalink\/34CSUC_UAB\/1eqfv2p\/alma991005261639706709\" target=\"_blank\">Disponibilitat<\/a><\/p>\n<\/div><\/div>\n","protected":false},"excerpt":{"rendered":"<p>Margarita Salas: investigadora, docente, divulgadora, mentora, acad\u00e9mica, emprendedora, directiva y familiar (2023) &nbsp; &#8211; Homenatge &#8211; Aquest llibre \u00e9s fruit del reconeixement de les persones i institucions que van con\u00e8ixer i glossar la figura i l&#8217;obra de Margarita Salas a la jornada celebrada al Consell Superior d&#8217;Investigacions Cient\u00edfiques amb motiu del segon aniversari de la [&hellip;]<\/p>\n","protected":false},"author":20,"featured_media":0,"parent":0,"menu_order":0,"comment_status":"closed","ping_status":"closed","template":"","meta":{"footnotes":""},"class_list":["post-899","page","type-page","status-publish","hentry"],"_links":{"self":[{"href":"https:\/\/webs.uab.cat\/cienciaxllegir\/wp-json\/wp\/v2\/pages\/899","targetHints":{"allow":["GET"]}}],"collection":[{"href":"https:\/\/webs.uab.cat\/cienciaxllegir\/wp-json\/wp\/v2\/pages"}],"about":[{"href":"https:\/\/webs.uab.cat\/cienciaxllegir\/wp-json\/wp\/v2\/types\/page"}],"author":[{"embeddable":true,"href":"https:\/\/webs.uab.cat\/cienciaxllegir\/wp-json\/wp\/v2\/users\/20"}],"replies":[{"embeddable":true,"href":"https:\/\/webs.uab.cat\/cienciaxllegir\/wp-json\/wp\/v2\/comments?post=899"}],"version-history":[{"count":8,"href":"https:\/\/webs.uab.cat\/cienciaxllegir\/wp-json\/wp\/v2\/pages\/899\/revisions"}],"predecessor-version":[{"id":3917,"href":"https:\/\/webs.uab.cat\/cienciaxllegir\/wp-json\/wp\/v2\/pages\/899\/revisions\/3917"}],"wp:attachment":[{"href":"https:\/\/webs.uab.cat\/cienciaxllegir\/wp-json\/wp\/v2\/media?parent=899"}],"curies":[{"name":"wp","href":"https:\/\/api.w.org\/{rel}","templated":true}]}}

<div class="wp-block-image">
<figure class="aligncenter"><a href="https://webs.uab.cat/cienciaxllegir/margarita-salas/"><img loading="lazy" decoding="async" width="208" height="70" src="https://webs.uab.cat/cienciaxllegir/wp-content/uploads/sites/215/2018/02/00tornarsalas.jpg" alt="" class="wp-image-895" /></a></figure>
</div>


<div class="wp-block-media-text alignwide is-stacked-on-mobile" style="grid-template-columns:15% auto"><figure class="wp-block-media-text__media"><img loading="lazy" decoding="async" width="149" height="223" src="https://webs.uab.cat/cienciaxllegir/wp-content/uploads/sites/215/2025/01/msalas-csic.jpg" alt="" class="wp-image-3911 size-full" /></figure><div class="wp-block-media-text__content">
<p class="wp-block-paragraph"><strong>Margarita Salas: investigadora, docente, divulgadora, mentora, académica, emprendedora, directiva y familiar (2023) &nbsp; <em>&#8211; Homenatge &#8211;</em></strong></p>



<p class="wp-block-paragraph">Aquest llibre és fruit del reconeixement de les persones i institucions que van conèixer i glossar la figura i l&#8217;obra de Margarita Salas a la jornada celebrada al Consell Superior d&#8217;Investigacions Científiques amb motiu del segon aniversari de la seva mort, així com de les presentacions que, amb ocasió de la seva publicació, es van sumar posteriorment.</p>



<p class="wp-block-paragraph"><a href="http://libros.csic.es/product_info.php?products_id=1747" target="_blank" rel="noreferrer noopener">Disponibilitat ebook gratuït</a></p>
</div></div>



<div class="wp-block-media-text alignwide is-stacked-on-mobile" style="grid-template-columns:15% auto"><figure class="wp-block-media-text__media"><img loading="lazy" decoding="async" width="149" height="223" src="https://webs.uab.cat/cienciaxllegir/wp-content/uploads/sites/215/2025/01/msalas-comic.jpg" alt="" class="wp-image-3915 size-full" /></figure><div class="wp-block-media-text__content">
<p class="wp-block-paragraph"><strong>Margarita Salas (2022)   <em>&#8211; Còmic &#8211;</em></strong></p>



<p class="wp-block-paragraph">El quart número de la col·lecció de còmics «Intrépidas» està dedicat a la Dra. Salas i en 8 pàgines es pot descobrir a aquesta dona de vida fascinant.</p>



<p class="wp-block-paragraph"><a href="http://libros.csic.es/product_info.php?products_id=1747" target="_blank" rel="noreferrer noopener">Disponibilitat</a></p>
</div></div>



<div class="wp-block-media-text alignwide is-stacked-on-mobile" style="grid-template-columns:15% auto"><figure class="wp-block-media-text__media"><img loading="lazy" decoding="async" width="149" height="223" src="https://webs.uab.cat/cienciaxllegir/wp-content/uploads/sites/215/2018/02/msalashc.jpg" alt="" class="wp-image-896 size-full" /></figure><div class="wp-block-media-text__content">
<p class="wp-block-paragraph"><strong>Doctora <em>honoris causa</em> Margarita Salas Falgueras (2018) &nbsp; <em>&#8211; Discursos &#8211;</em></strong></p>



<p class="wp-block-paragraph">El document conté els discursos llegits per la catedràtica del Departament de Genètica i de Microbiologia de la UAB, na Montserrat Llagostera, i la pròpia Margarita Salas el dia 18 d&#8217;abril de 2018 durant l&#8217;acte d&#8217;investidura com a Doctora Honoris Causa per la UAB.<br>En el seu discurs, la doctora Salas ha descrit alguns detalls autobiogràfics sobre el seu camí cap a la biologia molecular, i ha compartit la satisfacció que per a ella suposa formar futurs científics.</p>



<p class="wp-block-paragraph"><a rel="noreferrer noopener" href="https://ddd.uab.cat/record/189236" target="_blank">Disponibilitat</a></p>
</div></div>



<div class="wp-block-media-text alignwide is-stacked-on-mobile" style="grid-template-columns:15% auto"><figure class="wp-block-media-text__media"><img loading="lazy" decoding="async" width="149" height="223" src="https://webs.uab.cat/cienciaxllegir/wp-content/uploads/sites/215/2018/02/msalas01.jpg" alt="" class="wp-image-897 size-full" /></figure><div class="wp-block-media-text__content">
<p class="wp-block-paragraph"><strong>Vida y obra de Margarita Salas (2011) &nbsp; <em>&#8211; Biografia &#8211;</em></strong></p>



<p class="wp-block-paragraph">María Luisa Maillard i Jesusa Álvarez signen aquesta biografia sobre la bioquímica asturiana on destaquen, sobretot, la seva tasca perseverança en el desenvolupament de la seva vocació investigadora, que s&#8217;estén a un compromís actiu amb el desenvolupament de la ciència a Espanya, i amb els avenços actuals de la genètica.</p>



<p class="wp-block-paragraph"><a rel="noreferrer noopener" href="https://bibcercador.uab.cat/permalink/34CSUC_UAB/1eqfv2p/alma991007714109706709" target="_blank">Disponibilitat</a></p>
</div></div>



<div class="wp-block-media-text alignwide is-stacked-on-mobile" style="grid-template-columns:15% auto"><figure class="wp-block-media-text__media"><img loading="lazy" decoding="async" width="149" height="223" src="https://webs.uab.cat/cienciaxllegir/wp-content/uploads/sites/215/2018/02/salashomenaje.jpg" alt="" class="wp-image-898 size-full" /></figure><div class="wp-block-media-text__content">
<p class="wp-block-paragraph"><strong>Homenaje a Margarita Salas Falgueras (2003) &nbsp; <em>&#8211; Homenatge &#8211;</em></strong></p>



<p class="wp-block-paragraph">Paraules de lloança pronunciades durant l&#8217;entrega de la medalla d&#8217;honor de la UIMP a Margarita Salas. Paraules com les del rector José Luis García Delgado: «<em>El caràcter que no le ha faltado nunca a Margarita Salas, hasta convertirla hoy en símbolo y expresión de la más profunda y promisoria de las transformaciones sociales de nuestro tiempo: la incorporación plena de la mujer a la vida activa laboral y a todos los desempeños socialment valorados, con plena igualdad, respecto del hombre, en derechos y responsabilidades</em>.»</p>



<p class="wp-block-paragraph"><a rel="noreferrer noopener" href="https://bibcercador.uab.cat/permalink/34CSUC_UAB/1eqfv2p/alma991005261639706709" target="_blank">Disponibilitat</a></p>
</div></div>

<p>Margarita Salas: investigadora, docente, divulgadora, mentora, académica, emprendedora, directiva y familiar (2023) &nbsp; &#8211; Homenatge &#8211; Aquest llibre és fruit del reconeixement de les persones i institucions que van conèixer i glossar la figura i l&#8217;obra de Margarita Salas a la jornada celebrada al Consell Superior d&#8217;Investigacions Científiques amb motiu del segon aniversari de la [&hellip;]</p>
