{"id":85,"date":"2015-03-17T19:21:07","date_gmt":"2015-03-17T17:21:07","guid":{"rendered":"https:\/\/webs.uab.cat\/cieu\/activitat-emprenedora-i-desenvolupament-economic\/"},"modified":"2024-06-15T17:49:30","modified_gmt":"2024-06-15T15:49:30","slug":"activitat-emprenedora-i-desenvolupament-economic","status":"publish","type":"page","link":"https:\/\/webs.uab.cat\/cieu\/activitat-emprenedora-i-desenvolupament-economic\/","title":{"rendered":"Actividad emprendedora y desarrollo econ\u00f3mico"},"content":{"rendered":"<p><strong>Investigaci\u00f3n sobre los efectos de la actividad emprendedora en el crecimiento y desarrollo econ\u00f3mico.<\/strong><\/p>\n<p>* <a href=\"https:\/\/www.tandfonline.com\/doi\/full\/10.1080\/08985626.2023.2208555?src=\" target=\"_blank\" rel=\"noopener\">Urbano, D., Aparicio, S., Scott, S., &amp; Martinez-Moya, D. (2024) Inside out: The interplay between institutions and digital technologies for SMEs performance. <em>Entrepreneurship &amp; Regional Development, 36<\/em>(1-2), 162-181<\/a>.<\/p>\n<p>* <a href=\"https:\/\/www.emerald.com\/insight\/content\/doi\/10.1108\/IJEBR-07-2022-0652\/full\/html?utm_source=rss&amp;utm_medium=feed&amp;utm_campaign=rss_journalLatest\" target=\"_blank\" rel=\"noopener\">Aparicio, S., Hughes, M., Audretsch, D., &amp; Urbano, D. (2023). Incentivizing knowledge institutions for entrepreneurship and society. <em>International Journal of Entrepreneurial Behavior &amp; Research<\/em>. In press, doi: https:\/\/doi.org\/10.1108\/IJEBR-07-2022-0652<\/a>.<\/p>\n<p>*\u00a0<a href=\"https:\/\/www.sciencedirect.com\/science\/article\/pii\/S0040162521008325\" target=\"_blank\" rel=\"noopener\">Aparicio. S., Audretsch, D., Noguera, M., &amp; Urbano, D. (2022). Can female entrepreneurs boost social mobility in developing countries? An institutional analysis.\u00a0<em>Technological Forecasting and Social Change, 175<\/em>, 121401<\/a>.<\/p>\n<p>*\u00a0<a href=\"https:\/\/link.springer.com\/article\/10.1007\/s11365-019-00621-5\" target=\"_blank\" rel=\"noopener\">Urbano, D., Audretsch, D., Aparicio, S., &amp; Noguera, M. (2020). Does entrepreneurial activity matter for economic growth in developing countries? The role of the institutional environment.\u00a0<em>International Entrepreneurship and Management Journal, 16<\/em>(3), 1065-1099<\/a>.<\/p>\n<p>*\u00a0<a href=\"https:\/\/rdcu.be\/MeeV\" target=\"_blank\" rel=\"noopener\">Urbano, D., Aparicio, S., &amp; Audretsch, D. (2019). Twenty-five years of research on institutions, entrepreneurship, and economic growth: What has been learned?\u00a0<em>Small Business Economics, 53<\/em>(1), 21-49<\/a>.<\/p>\n<p>*\u00a0<a href=\"https:\/\/www.sciencedirect.com\/science\/article\/pii\/S0040162516301305\" target=\"_blank\" rel=\"noopener\">Urbano, D., Aparicio, S., Guerrero, M., Noguera, M., &amp; Torrent-Sellens, J. (2017). Institutional determinants of student employer entrepreneurs at Catalan universities.\u00a0<em>Technological Forecasting and Social Change, 123<\/em>, 271-282<\/a>.<\/p>\n<p>*\u00a0<a href=\"https:\/\/www.sciencedirect.com\/science\/article\/pii\/S0040162515000992\" target=\"_blank\" rel=\"noopener\">Aparicio, S., Urbano, D., &amp; Audretsch, D. (2016). Institutional factors, opportunity entrepreneurship and economic growth: Panel data evidence.\u00a0<em>Technological Forecasting and Social Change, 102<\/em>, 45-61.<\/a><\/p>\n<p>*\u00a0<a id=\"8B6554CF-4019-458F-8521-8C7914242B0E\" class=\"w-link-new-window\" href=\"https:\/\/www.sciencedirect.com\/science\/article\/pii\/S0040162515000566\" target=\"_blank\" rel=\"noopener\">Urbano, D., &amp; Aparicio, S. (2016). Entrepreneurship capital types and economic growth: International evidence.\u00a0<em><span class=\"wz-italic\">Technological Forecasting and Social Change, 102<\/span><\/em>, 34-44<\/a>.<\/p>\n<p>*\u00a0<a href=\"https:\/\/edq.sagepub.com\/content\/27\/1\/40.short\" target=\"_blank\" rel=\"noopener\">Urbano, D., &amp; Guerrero, M. (2013). Entrepreneurial universities socioeconomic impacts of academic entrepreneurship in a European region.\u00a0<em>Economic Development Quarterly<\/em>,\u00a0<em>27<\/em>(1), 40-55<\/a>.<\/p>\n<p><strong>Articulos seminales sobre este tema:<\/strong><\/p>\n<p>*\u00a0<a href=\"https:\/\/link.springer.com\/article\/10.1007\/s11187-006-9012-3\" target=\"_blank\" rel=\"noopener\">Acs, Z., &amp; Szerb, L. (2007). Entrepreneurship, Economic Growth and Public Policy.\u00a0<em>Small Business Economics<\/em>,\u00a0<em>28<\/em>(2-3), 109\u2013122<\/a>.<\/p>\n<p>*\u00a0<a href=\"https:\/\/link.springer.com\/article\/10.1007\/s11187-008-9135-9\" target=\"_blank\" rel=\"noopener\">Acs, Z., Desai, S., &amp; Hessels, J. (2008). Entrepreneurship, economic development and institutions.\u00a0<em>Small Business Economics<\/em>,\u00a0<em>31<\/em>(3), 219\u2013234<\/a>.<\/p>\n<p>*\u00a0<a href=\"https:\/\/www.tandfonline.com\/doi\/abs\/10.1080\/0034340042000280956\" target=\"_blank\" rel=\"noopener\">Audretsch, D., &amp; Keilbach, M. (2004). Entrepreneurship Capital and Economic Performance.\u00a0<em>Regional Studies<\/em>,\u00a0<em>38<\/em>(8), 949\u2013959<\/a>.<\/p>\n<p>*\u00a0<a href=\"https:\/\/www.sciencedirect.com\/science\/article\/pii\/S0048733308001881\" target=\"_blank\" rel=\"noopener\">Audretsch, D. B., &amp; Keilbach, M. (2008). Resolving the knowledge paradox: Knowledge-spillover entrepreneurship and economic growth.\u00a0<em>Research Policy<\/em>,\u00a0<em>37<\/em>(10), 1697\u20131705<\/a>.<\/p>\n<p>*\u00a0<a href=\"https:\/\/onlinelibrary.wiley.com\/doi\/10.1002\/sej.26\/abstract;jsessionid=F8FC0E1F989571A415DE56F7D4A95BFF.f02t03\" target=\"_blank\" rel=\"noopener\">Baumol, W. J., &amp; Strom, R. J. (2007). Entrepreneurship and economic growth.\u00a0<em>Strategic Entrepreneurship Journal<\/em>,\u00a0<em>1<\/em>(3-4), 233\u2013237<\/a>.<\/p>\n<p>*\u00a0<a href=\"https:\/\/www.sciencedirect.com\/science\/article\/pii\/S0927537100000117\" target=\"_blank\" rel=\"noopener\">Blanchflower, D. G. (2000). Self-employment in OECD countries.\u00a0<em>Labour Economics<\/em>,\u00a0<em>7<\/em>(5), 471\u2013505<\/a>.<\/p>\n<p>*\u00a0<a href=\"https:\/\/link.springer.com\/article\/10.1023\/A:1019604426387\" target=\"_blank\" rel=\"noopener\">Carree, M., Van Stel, A., Thurik, R., &amp; Wennekers, S. (2002). Economic development and business ownership: an analysis using data of 23 OECD countries in the period 1976\u20131996.\u00a0<em>Small Business Economics<\/em>,\u00a0<em>19<\/em>(3), 271\u2013290<\/a>.<\/p>\n<p>*\u00a0<a href=\"https:\/\/link.springer.com\/article\/10.1007\/s11187-004-3991-8\" target=\"_blank\" rel=\"noopener\">Rocha, H. O. (2004). Entrepreneurship and development: The role of clusters.\u00a0<em>Small Business Economics<\/em>,\u00a0<em>23<\/em>(5), 363\u2013400<\/a>.<\/p>\n<p>*\u00a0<a href=\"https:\/\/link.springer.com\/article\/10.1023\/A:1008063200484\" target=\"_blank\" rel=\"noopener\">Wennekers, S., &amp; Thurik, R. (1999). Linking entrepreneurship and economic growth.\u00a0<em>Small Business Economics<\/em>,\u00a0<em>13<\/em>(1), 27\u201356<\/a>.<\/p>\n<p>*\u00a0<a href=\"https:\/\/link.springer.com\/article\/10.1007\/s11187-005-2000-1\" target=\"_blank\" rel=\"noopener\">Wong, P. K., Ho, Y. P., &amp; Autio, E. (2005). Entrepreneurship, Innovation and Economic Growth: Evidence from GEM data.\u00a0<em>Small Business Economics<\/em>,\u00a0<em>24<\/em>(3), 335\u2013350<\/a>.<\/p>\n","protected":false},"excerpt":{"rendered":"<p>Investigaci\u00f3n sobre los efectos de la actividad emprendedora en el crecimiento y desarrollo econ\u00f3mico. * Urbano, D., Aparicio, S., Scott, S., &amp; Martinez-Moya, D. (2024) Inside out: The interplay between institutions and digital technologies for SMEs performance. Entrepreneurship &amp; Regional Development, 36(1-2), 162-181. * Aparicio, S., Hughes, M., Audretsch, D., &amp; Urbano, D. (2023). Incentivizing [&hellip;]<\/p>\n","protected":false},"author":20,"featured_media":0,"parent":0,"menu_order":0,"comment_status":"closed","ping_status":"closed","template":"","meta":{"footnotes":""},"class_list":["post-85","page","type-page","status-publish","hentry"],"_links":{"self":[{"href":"https:\/\/webs.uab.cat\/cieu\/wp-json\/wp\/v2\/pages\/85","targetHints":{"allow":["GET"]}}],"collection":[{"href":"https:\/\/webs.uab.cat\/cieu\/wp-json\/wp\/v2\/pages"}],"about":[{"href":"https:\/\/webs.uab.cat\/cieu\/wp-json\/wp\/v2\/types\/page"}],"author":[{"embeddable":true,"href":"https:\/\/webs.uab.cat\/cieu\/wp-json\/wp\/v2\/users\/20"}],"replies":[{"embeddable":true,"href":"https:\/\/webs.uab.cat\/cieu\/wp-json\/wp\/v2\/comments?post=85"}],"version-history":[{"count":1,"href":"https:\/\/webs.uab.cat\/cieu\/wp-json\/wp\/v2\/pages\/85\/revisions"}],"predecessor-version":[{"id":526,"href":"https:\/\/webs.uab.cat\/cieu\/wp-json\/wp\/v2\/pages\/85\/revisions\/526"}],"wp:attachment":[{"href":"https:\/\/webs.uab.cat\/cieu\/wp-json\/wp\/v2\/media?parent=85"}],"curies":[{"name":"wp","href":"https:\/\/api.w.org\/{rel}","templated":true}]}}