{"id":259,"date":"2023-11-14T14:09:42","date_gmt":"2023-11-14T12:09:42","guid":{"rendered":"https:\/\/webs.uab.cat\/cimas\/inici\/"},"modified":"2024-04-30T10:41:30","modified_gmt":"2024-04-30T08:41:30","slug":"inici","status":"publish","type":"page","link":"https:\/\/webs.uab.cat\/cimas\/","title":{"rendered":"Inici"},"content":{"rendered":"\n<p class=\"has-text-align-left\">La barrera ling\u00fc\u00edstica \u00e9s un dels principals problemes de <strong>comunicaci\u00f3<\/strong> entre el <strong>personal sanitari<\/strong> i <strong>els usuaris i usu\u00e0ries al\u00b7l\u00f2fons<\/strong> a Espanya. La poblaci\u00f3 estrangera a Espanya \u00e9s de 5.512.581 habitants. Aquesta xifra no ha parat de cr\u00e9ixer des del boom migratori dels anys noranta. Dos ter\u00e7os provenen de pa\u00efsos on es parla una llengua diferent de l&#8217;espanyol o de la resta de lleng\u00fces oficials de l\u2019Estat. Segons l&#8217;IDESCAT, el 16,3 % de la poblaci\u00f3 de Catalunya t\u00e9 nacionalitat estrangera. Els esfor\u00e7os invertits en les \u00faltimes tres d\u00e8cades pels <strong>serveis sanitaris<\/strong> i l&#8217;administraci\u00f3 p\u00fablica per abordar les <strong>barreres de la comunicaci\u00f3<\/strong> han resultat insuficients davant el flux constant no nom\u00e9s de persones immigrants i refugiades, sin\u00f3 tamb\u00e9 de turistes que visiten el nostre pa\u00eds.<\/p>\n\n<p>Tot i que hi ha estudis en l&#8217;\u00e0mbit nacional que apunten a una comunicaci\u00f3 defectuosa en l&#8217;atenci\u00f3 sanit\u00e0ria amb <strong>poblacions immigrants<\/strong> que no dominen les <strong>lleng\u00fces locals<\/strong>, les dades recollides corresponen a una situaci\u00f3 molt inicial de la realitat migrat\u00f2ria a Espanya de fa 15 anys. A m\u00e9s, altres estudis recents i tesis doctorals se centren en diversos casos d&#8217;estudi, amb un abast m\u00e9s limitat. Per tant, sembla pertinent dur a terme un nou estudi que ofereixi una visi\u00f3 \u00e0mplia que tingui en compte la <strong>realitat de la immigraci\u00f3 a Catalunya<\/strong> i la situaci\u00f3 socioling\u00fc\u00edstica particular d&#8217;aquest territori, la qual planteja els seus propis reptes.<\/p>\n\n<p>Aix\u00ed doncs, aquest projecte t\u00e9 com a objectiu estudiar i avaluar <strong>la comunicaci\u00f3 intercultural mediada<\/strong> als serveis sanitaris de Catalunya per identificar-ne els problemes i oferir solucions espec\u00edfiques que tant puguin beneficiar els usuaris i usu\u00e0ries estrangers dels serveis sanitaris com ajudin a millorar l&#8217;efici\u00e8ncia dels mateixos serveis sanitaris. Tot aix\u00f2, alhora que ofereix una visi\u00f3 hol\u00edstica de les <strong>percepcions<\/strong> de tots els agents i les agents involucrats (directament o indirecta) en la comunicaci\u00f3 intercultural mediada als serveis sanitaris, com ara els prove\u00efdors i prove\u00efdores de salut, les persones usu\u00e0ries, els intermediaris i intermedi\u00e0ries ling\u00fc\u00edstics (tant professionals com no professionals), la ger\u00e8ncia hospital\u00e0ria, la direcci\u00f3 i les persones responsables de pol\u00edtiques p\u00fabliques, dades que fins ara, pel que nosaltres sabem, no ha proporcionat cap altre estudi.<\/p>\n\n<hr class=\"wp-block-separator has-alpha-channel-opacity\" \/>\n\n<p>Aquest projecte es tracta d&#8217;un projecte de generaci\u00f3 de coneixement orientat a reptes de la societat finan\u00e7at pel Ministeri de Ci\u00e8ncia, Innovaci\u00f3 i Universitats (n\u00famero de refer\u00e8ncia: PID2022-137113OB-I00)<\/p>\n","protected":false},"excerpt":{"rendered":"<p>La barrera ling\u00fc\u00edstica \u00e9s un dels principals problemes de comunicaci\u00f3 entre el personal sanitari i els usuaris i usu\u00e0ries al\u00b7l\u00f2fons a Espanya. La poblaci\u00f3 estrangera a Espanya \u00e9s de 5.512.581 habitants. Aquesta xifra no ha parat de cr\u00e9ixer des del boom migratori dels anys noranta. Dos ter\u00e7os provenen de pa\u00efsos on es parla una llengua [&hellip;]<\/p>\n","protected":false},"author":2628,"featured_media":0,"parent":0,"menu_order":1,"comment_status":"closed","ping_status":"closed","template":"","meta":{"footnotes":""},"class_list":["post-259","page","type-page","status-publish","hentry"],"_links":{"self":[{"href":"https:\/\/webs.uab.cat\/cimas\/wp-json\/wp\/v2\/pages\/259","targetHints":{"allow":["GET"]}}],"collection":[{"href":"https:\/\/webs.uab.cat\/cimas\/wp-json\/wp\/v2\/pages"}],"about":[{"href":"https:\/\/webs.uab.cat\/cimas\/wp-json\/wp\/v2\/types\/page"}],"author":[{"embeddable":true,"href":"https:\/\/webs.uab.cat\/cimas\/wp-json\/wp\/v2\/users\/2628"}],"replies":[{"embeddable":true,"href":"https:\/\/webs.uab.cat\/cimas\/wp-json\/wp\/v2\/comments?post=259"}],"version-history":[{"count":11,"href":"https:\/\/webs.uab.cat\/cimas\/wp-json\/wp\/v2\/pages\/259\/revisions"}],"predecessor-version":[{"id":514,"href":"https:\/\/webs.uab.cat\/cimas\/wp-json\/wp\/v2\/pages\/259\/revisions\/514"}],"wp:attachment":[{"href":"https:\/\/webs.uab.cat\/cimas\/wp-json\/wp\/v2\/media?parent=259"}],"curies":[{"name":"wp","href":"https:\/\/api.w.org\/{rel}","templated":true}]}}