{"id":1416,"date":"2023-06-06T13:18:31","date_gmt":"2023-06-06T11:18:31","guid":{"rendered":"https:\/\/webs.uab.cat\/gemmacimitec\/contracts\/"},"modified":"2023-07-14T10:02:44","modified_gmt":"2023-07-14T08:02:44","slug":"contracts","status":"publish","type":"page","link":"https:\/\/webs.uab.cat\/cimitec\/contracts\/?lang=en","title":{"rendered":"Contracts"},"content":{"rendered":"\n<details class=\"wp-block-mamaduka-toggles wp-block-toggles\"><summary><strong>Sensors for corrosion control in urban metal structures<\/strong><\/summary><div class=\"wp-block-toggles__content\">\n<p>Company: RUBATEC S.A.<br>Principal Investigator UAB: Ferran Mart\u00edn. Co-PI: Paris V\u00e9lez<br>Duration: October 2022 \u2013 April 2024<\/p>\n\n\n\n<figure class=\"wp-block-image size-full\"><img loading=\"lazy\" decoding=\"async\" width=\"200\" height=\"58\" src=\"https:\/\/webs.uab.cat\/gemmacimitec\/wp-content\/uploads\/sites\/445\/2023\/06\/RUBATEC.png\" alt=\"\" class=\"wp-image-645\" \/><\/figure>\n<\/div><\/details>\n\n\n\n<details class=\"wp-block-mamaduka-toggles wp-block-toggles\"><summary><strong>Contactless Audit &#8211; <strong>Risk limitation audits of electoral results facilitated by RFID circuits printed on paper<\/strong><\/strong><\/summary><div class=\"wp-block-toggles__content\">\n<p>Company: Scytl Secure Electronic Voting SA<br>Subcontracted: CNM-CSIC and UAB-CIMITEC, through CDTI Project<br>Title: \u201c<strong>Contactless Audit &#8211; Auditor\u00edas de resultados electorales de limitaci\u00f3n de riesgo facilitadas por circuitos RFID impresos en papel\u201d (Risk limitation audits of electoral results facilitated by RFID circuits printed on paper)<\/strong><br>Duration: March 2016 &#8211; December 2017<\/p>\n\n\n\n<figure class=\"wp-block-image size-full\"><img loading=\"lazy\" decoding=\"async\" width=\"167\" height=\"106\" src=\"https:\/\/webs.uab.cat\/gemmacimitec\/wp-content\/uploads\/sites\/445\/2023\/06\/logo1_scytl.png\" alt=\"\" class=\"wp-image-648\" \/><\/figure>\n\n\n\n<p>Through project funded by:<\/p>\n\n\n\n<figure class=\"wp-block-image size-full is-resized\"><img loading=\"lazy\" decoding=\"async\" src=\"https:\/\/webs.uab.cat\/gemmacimitec\/wp-content\/uploads\/sites\/445\/2023\/06\/logocdti.png\" alt=\"\" class=\"wp-image-651\" width=\"190\" height=\"59\" srcset=\"https:\/\/webs.uab.cat\/cimitec\/wp-content\/uploads\/sites\/445\/2023\/06\/logocdti.png 758w, https:\/\/webs.uab.cat\/cimitec\/wp-content\/uploads\/sites\/445\/2023\/06\/logocdti-300x93.png 300w\" sizes=\"auto, (max-width: 190px) 100vw, 190px\" \/><\/figure>\n<\/div><\/details>\n\n\n\n<details class=\"wp-block-mamaduka-toggles wp-block-toggles\"><summary><strong>Sccet &#8211; Maie&#8217;s: <strong>Control, conservation, efficiency and traceability system for high-economic impact medications<\/strong><\/strong><\/summary><div class=\"wp-block-toggles__content\">\n<p>Company: Nabelia Technologies &amp; Mhealthcare SL<br>Subcontracted: CNM-CSIC and UAB-CIMITEC, through Project Acci\u00f3n Estrat\u00e9gica Econom\u00eda y Sociedad Digital &#8211; AEESD\u201915, (Ministerio de Industria Energ\u00eda y Turismo, Spanish Government, within Plan Nacional de Investigaci\u00f3n Cient\u00edfica, desarrollo e Innovaci\u00f3n Tecnol\u00f3gica 2013-2016,reference TSI-100700-2015-48)<br>T\u00edtol: <strong>\u201cSccet &#8211; Maie&#8217;s Sistema De Control, Conservaci\u00f3n, Eficiencia y Trazabilidad en Medicamentos de Alto Impacto Econ\u00f3mico\u201d (Control, conservation, efficiency and traceability system for high-economic impact medications)<\/strong><br>Duration: September 2015 \u2013 December 2017<\/p>\n\n\n\n<p><em>Sccet &#8211; Maie&#8217;s will provide a robust solution for traceability of perishable medical drugs through the development of RF identifiers without chip using electronic printing technology. RFID chipless tags will be printed on the packaging or product label for identification and radio frequency reading of presence, medication ID and additional information of interest (e.g. expiration). The project Sccet &#8211; Maie&#8217;s will develop a RFID tags technology without an integrated circuit (chipless) using conventional printing technologies and low cost flexible substrates such as paper for packaging drugs. The solution will be used for radio frequency identification of the drugs with following goals:<br>\u2022 To detect the presence of drugs and identify them.<br>\u2022 Have relevant data such as expiry date or lot number for better traceability.<br>The system will consist of the following parts:<br>\u2022 A printed chipless RFID tag. A chipless tag will be printed on the box or label of the drugs using electronic printing technology. This tag will contain the desired information and environment sensors.<br>\u2022 A reading area installed inside the refrigerator for chipless tags reading and data processing. This system could be developed on a flexible base for greater adaptability in installation.<\/em><\/p>\n\n\n\n<figure class=\"wp-block-image size-full is-resized\"><img loading=\"lazy\" decoding=\"async\" src=\"https:\/\/webs.uab.cat\/gemmacimitec\/wp-content\/uploads\/sites\/445\/2023\/06\/Nabelia.png\" alt=\"\" class=\"wp-image-654\" width=\"323\" height=\"110\" srcset=\"https:\/\/webs.uab.cat\/cimitec\/wp-content\/uploads\/sites\/445\/2023\/06\/Nabelia.png 646w, https:\/\/webs.uab.cat\/cimitec\/wp-content\/uploads\/sites\/445\/2023\/06\/Nabelia-300x102.png 300w\" sizes=\"auto, (max-width: 323px) 100vw, 323px\" \/><\/figure>\n\n\n\n<p>Through project funded by:<\/p>\n\n\n\n<figure class=\"wp-block-image size-full is-resized\"><img loading=\"lazy\" decoding=\"async\" src=\"https:\/\/webs.uab.cat\/gemmacimitec\/wp-content\/uploads\/sites\/445\/2023\/06\/logocdti.png\" alt=\"\" class=\"wp-image-651\" width=\"190\" height=\"59\" srcset=\"https:\/\/webs.uab.cat\/cimitec\/wp-content\/uploads\/sites\/445\/2023\/06\/logocdti.png 758w, https:\/\/webs.uab.cat\/cimitec\/wp-content\/uploads\/sites\/445\/2023\/06\/logocdti-300x93.png 300w\" sizes=\"auto, (max-width: 190px) 100vw, 190px\" \/><\/figure>\n<\/div><\/details>\n\n\n\n<details class=\"wp-block-mamaduka-toggles wp-block-toggles\"><summary><strong>Medical Chipless Secure Paper: <strong>Development of Chipless RFID tags using electronic printing technologies for the application in secure medical prescriptions system<\/strong><\/strong><\/summary><div class=\"wp-block-toggles__content\">\n<p>Company: MEDITECNOLOGIA <br>ubcontracted: CNM-CSIC and UAB-CIMITEC, through Project Acci\u00f3n Estrat\u00e9gica Econom\u00eda y Sociedad Digital &#8211; AEESD\u201915, (Ministerio de Industria Energ\u00eda y Turismo, Spanish Government, within Plan Nacional de Investigaci\u00f3n Cient\u00edfica, desarrollo e Innovaci\u00f3n Tecnol\u00f3gica 2013-2016,reference TSI-100103-2015-30)<br>T\u00edtol: <strong>\u201cMedical Chipless Secure Paper\u201d Desarrollo de tags chipless RFID mediante tecnolog\u00edas de impresi\u00f3n electr\u00f3nica para su integraci\u00f3n en sistemas de receta m\u00e9dica segura (Development of Chipless RFID tags using electronic printing technologies for the application in secure medical prescriptions system)<\/strong><br>Duration: July 2015 \u2013 december 2017 <\/p>\n\n\n\n<p><em>The project involves the technological development of chipless RFID tags using low-cost conventional printing technologies. These tags are printed on paper substrates and \/ or cardboard for their integration and application in a medical prescription management\/identification system. The main axes of the system are:<br>1. Optimization of materials and substrates.<br>2. Printing and programming of RFID tags without chip.<br>3. Chipless RFID reader system.<br>4. Integration of the new technology in medical prescriptions management\/identification system.<\/em><\/p>\n\n\n\n<figure class=\"wp-block-image size-full is-resized\"><img loading=\"lazy\" decoding=\"async\" src=\"https:\/\/webs.uab.cat\/gemmacimitec\/wp-content\/uploads\/sites\/445\/2023\/06\/logo_meditecnologia.png\" alt=\"\" class=\"wp-image-657\" width=\"263\" height=\"65\" srcset=\"https:\/\/webs.uab.cat\/cimitec\/wp-content\/uploads\/sites\/445\/2023\/06\/logo_meditecnologia.png 350w, https:\/\/webs.uab.cat\/cimitec\/wp-content\/uploads\/sites\/445\/2023\/06\/logo_meditecnologia-300x75.png 300w\" sizes=\"auto, (max-width: 263px) 100vw, 263px\" \/><\/figure>\n\n\n\n<p>Through project funded by:<\/p>\n\n\n\n<figure class=\"wp-block-image size-full is-resized\"><img loading=\"lazy\" decoding=\"async\" src=\"https:\/\/webs.uab.cat\/gemmacimitec\/wp-content\/uploads\/sites\/445\/2023\/06\/logo_IndustriaEnergiaYTuris-1.gif\" alt=\"\" class=\"wp-image-660\" width=\"300\" height=\"75\" \/><\/figure>\n<\/div><\/details>\n\n\n\n<details class=\"wp-block-mamaduka-toggles wp-block-toggles\"><summary><strong>Study of interfering resonances between planes of a designed motherboard<\/strong><\/summary><div class=\"wp-block-toggles__content\">\n<p>Company: LEAR CORPORATION<br>Estudio de resonancias interferentes entre planos de una placa base dise\u00f1ada (Proyecto USM-CMF-1). (Study of interfering resonances between planes of a designed motherboard)<br>Duration: September 2013. <\/p>\n\n\n\n<figure class=\"wp-block-image size-full is-resized\"><img loading=\"lazy\" decoding=\"async\" src=\"https:\/\/webs.uab.cat\/gemmacimitec\/wp-content\/uploads\/sites\/445\/2023\/06\/lear.png\" alt=\"\" class=\"wp-image-663\" width=\"240\" height=\"65\" srcset=\"https:\/\/webs.uab.cat\/cimitec\/wp-content\/uploads\/sites\/445\/2023\/06\/lear.png 320w, https:\/\/webs.uab.cat\/cimitec\/wp-content\/uploads\/sites\/445\/2023\/06\/lear-300x81.png 300w\" sizes=\"auto, (max-width: 240px) 100vw, 240px\" \/><\/figure>\n<\/div><\/details>\n\n\n\n<details class=\"wp-block-mamaduka-toggles wp-block-toggles\"><summary><strong>Automation of Planar Microwave Circuit Design Using Spatial Mapping Techniques<\/strong><\/summary><div class=\"wp-block-toggles__content\">\n<p>Company: AURORA SOFTWARE AND TESTING SL<br>Automatizaci\u00f3n del dise\u00f1o de circuitos planares de microondas mediante t\u00e9cnicas de mapeo espacial. (Automation of Planar Microwave Circuit Design Using Spatial Mapping Techniques)<br>Duration: October 2010-December 2012 <\/p>\n\n\n\n<figure class=\"wp-block-image size-full is-resized\"><img loading=\"lazy\" decoding=\"async\" src=\"https:\/\/webs.uab.cat\/gemmacimitec\/wp-content\/uploads\/sites\/445\/2023\/06\/o.t.upv_aurorasat-300x76-1.jpg\" alt=\"\" class=\"wp-image-666\" width=\"300\" height=\"76\" \/><\/figure>\n<\/div><\/details>\n\n\n\n<details class=\"wp-block-mamaduka-toggles wp-block-toggles\"><summary><strong>Consulting \/ advisory action for the measurement of K-band microwave components using network analyzers in CIMITEC laboratory<\/strong><\/summary><div class=\"wp-block-toggles__content\">\n<p>Company: ISEE 2007 S.L.<br>Acci\u00f3n de consultoria\/asesoramiento para la medici\u00f3n de components de microndas en banda K con analizadores de redes del laboratorio de CIMITEC (Consulting \/ advisory action for the measurement of K-band microwave components using network analyzers in CIMITEC laboratory)<br>Duration: July 2008-July 2011 <\/p>\n\n\n\n<figure class=\"wp-block-image size-full\"><img loading=\"lazy\" decoding=\"async\" width=\"220\" height=\"87\" src=\"https:\/\/webs.uab.cat\/gemmacimitec\/wp-content\/uploads\/sites\/445\/2023\/06\/isee.jpg\" alt=\"\" class=\"wp-image-669\" \/><\/figure>\n<\/div><\/details>\n\n\n\n<details class=\"wp-block-mamaduka-toggles wp-block-toggles\"><summary><strong>Applications of metamaterial-based planar technologies for the design of UWB band pass filters in MCM-D technology<\/strong><\/summary><div class=\"wp-block-toggles__content\">\n<p>Company: EPSON EUROPE ELECTRONICS GMBH<br>Applications of metamaterial-based planar technologies for the design of UWB band pass filters in MCM-D technology.<br>Duration: 15 months (December 2006 &#8211; February 2008).<\/p>\n\n\n\n<figure class=\"wp-block-image size-full is-resized\"><img loading=\"lazy\" decoding=\"async\" src=\"https:\/\/webs.uab.cat\/gemmacimitec\/wp-content\/uploads\/sites\/445\/2023\/06\/seiko_epson_corporation_logo_3316.gif\" alt=\"\" class=\"wp-image-672\" width=\"200\" height=\"48\" \/><\/figure>\n<\/div><\/details>\n\n\n\n<details class=\"wp-block-mamaduka-toggles wp-block-toggles\"><summary><strong>Design optimization techniques for high efficiency power amplifiers by means of metamaterial-based planar technologies<\/strong><\/summary><div class=\"wp-block-toggles__content\">\n<p>Company: EPSON EUROPE ELECTRONICS GMBH<br>Design optimization techniques for high efficiency power amplifiers by means of metamaterial-based planar technologies. <br>Duration: 15 months (December 2006 &#8211; February 2008).<\/p>\n\n\n\n<figure class=\"wp-block-image size-full is-resized\"><img loading=\"lazy\" decoding=\"async\" src=\"https:\/\/webs.uab.cat\/gemmacimitec\/wp-content\/uploads\/sites\/445\/2023\/06\/seiko_epson_corporation_logo_3316.gif\" alt=\"\" class=\"wp-image-672\" width=\"200\" height=\"48\" \/><\/figure>\n<\/div><\/details>\n\n\n\n<details class=\"wp-block-mamaduka-toggles wp-block-toggles\"><summary><strong>Support tothe definition phase of the Eureka METATEC project<\/strong><\/summary><div class=\"wp-block-toggles__content\">\n<p>Company: AIDA CENTRE S. L.<br>Apoyo a la fase de definici\u00f3n del proyecto Eureka METATEC. (Support to the definition phase of the Eureka METATEC project)<br>Duration: December 2006 &#8211; February 2007.<\/p>\n\n\n\n<figure class=\"wp-block-image size-full\"><img loading=\"lazy\" decoding=\"async\" width=\"153\" height=\"58\" src=\"https:\/\/webs.uab.cat\/gemmacimitec\/wp-content\/uploads\/sites\/445\/2023\/06\/aidacentre_logo.gif\" alt=\"\" class=\"wp-image-675\" \/><\/figure>\n<\/div><\/details>\n\n\n\n<details class=\"wp-block-mamaduka-toggles wp-block-toggles\"><summary><strong>Design and manufacture of test boards for high frequency piezoelectric resonators (FBAR)<\/strong><\/summary><div class=\"wp-block-toggles__content\">\n<p>Institution: CENTRO NACIONAL DE MICROELECTR\u00d3NICA (CNM-CSIC)<br>Dise\u00f1o y fabricaci\u00f3n de placas de test para resonadores piezoel\u00e9ctricos de alta frecuencia (FBAR) (Design and manufacture of test boards for high frequency piezoelectric resonators)<br>Duration: 2006<\/p>\n\n\n\n<figure class=\"wp-block-image size-full is-resized\"><img loading=\"lazy\" decoding=\"async\" src=\"https:\/\/webs.uab.cat\/gemmacimitec\/wp-content\/uploads\/sites\/445\/2023\/06\/logo_CNM_CSIC.png\" alt=\"\" class=\"wp-image-678\" width=\"380\" height=\"84\" srcset=\"https:\/\/webs.uab.cat\/cimitec\/wp-content\/uploads\/sites\/445\/2023\/06\/logo_CNM_CSIC.png 380w, https:\/\/webs.uab.cat\/cimitec\/wp-content\/uploads\/sites\/445\/2023\/06\/logo_CNM_CSIC-300x66.png 300w\" sizes=\"auto, (max-width: 380px) 100vw, 380px\" \/><\/figure>\n<\/div><\/details>\n","protected":false},"excerpt":{"rendered":"","protected":false},"author":2651,"featured_media":0,"parent":0,"menu_order":0,"comment_status":"closed","ping_status":"closed","template":"","meta":{"footnotes":""},"class_list":["post-1416","page","type-page","status-publish","hentry"],"_links":{"self":[{"href":"https:\/\/webs.uab.cat\/cimitec\/wp-json\/wp\/v2\/pages\/1416","targetHints":{"allow":["GET"]}}],"collection":[{"href":"https:\/\/webs.uab.cat\/cimitec\/wp-json\/wp\/v2\/pages"}],"about":[{"href":"https:\/\/webs.uab.cat\/cimitec\/wp-json\/wp\/v2\/types\/page"}],"author":[{"embeddable":true,"href":"https:\/\/webs.uab.cat\/cimitec\/wp-json\/wp\/v2\/users\/2651"}],"replies":[{"embeddable":true,"href":"https:\/\/webs.uab.cat\/cimitec\/wp-json\/wp\/v2\/comments?post=1416"}],"version-history":[{"count":5,"href":"https:\/\/webs.uab.cat\/cimitec\/wp-json\/wp\/v2\/pages\/1416\/revisions"}],"predecessor-version":[{"id":1422,"href":"https:\/\/webs.uab.cat\/cimitec\/wp-json\/wp\/v2\/pages\/1416\/revisions\/1422"}],"wp:attachment":[{"href":"https:\/\/webs.uab.cat\/cimitec\/wp-json\/wp\/v2\/media?parent=1416"}],"curies":[{"name":"wp","href":"https:\/\/api.w.org\/{rel}","templated":true}]}}