{"id":408,"date":"2023-06-20T13:10:01","date_gmt":"2023-06-20T11:10:01","guid":{"rendered":"https:\/\/webs.uab.cat\/gemmacimitec\/?page_id=408"},"modified":"2026-02-20T12:31:40","modified_gmt":"2026-02-20T10:31:40","slug":"2015-2","status":"publish","type":"page","link":"https:\/\/webs.uab.cat\/cimitec\/articles-en-revistes\/2015-2\/","title":{"rendered":"2015"},"content":{"rendered":"\n<ul class=\"wp-block-list\">\n<li>M. Sans, J. Selga, P. V\u00e9lez, A. Rodr\u00edguez, J. Bonache, V.E. Boria, F. Mart\u00edn, Francisco Medina, Francisco Mesa, Jordi Naqui, Ferran Mart\u00edn,&nbsp;\u201c<a rel=\"noreferrer noopener\" href=\"https:\/\/doi.org\/10.1109\/TMTT.2015.2495180\" data-type=\"URL\" data-id=\"https:\/\/doi.org\/10.1109\/TMTT.2015.2495180\" target=\"_blank\">Automated Design of Common-Mode Suppressed Balanced Wideband Bandpass Filters by Means of Aggressive Space Mapping<\/a>\u201d,&nbsp;IEEE Transactions on Microwave Theory and Techniques, vol. 63, no. 12, pp. 3896-3908, Dec. 2015. https:\/\/doi.org\/10.1109\/TMTT.2015.2495180. <a rel=\"noreferrer noopener\" href=\"http:\/\/hdl.handle.net\/10251\/65617\" data-type=\"URL\" data-id=\"http:\/\/hdl.handle.net\/10251\/65617\" target=\"_blank\">Open Access Version<\/a><\/li>\n\n\n\n<li>Armando Fern\u00e1ndez-Prieto, Shilong Qian, Jiasheng Hong, Jesus Martel, Francisco Medina, Francisco Mesa, Jordi Naqui, Ferran Mart\u00edn,&nbsp;\u201c<a rel=\"noreferrer noopener\" href=\"https:\/\/doi.org\/10.1049\/iet-map.2014.0258\" data-type=\"URL\" data-id=\"https:\/\/doi.org\/10.1049\/iet-map.2014.0258\" target=\"_blank\">Common-mode suppression for balanced bandpass filters in multilayer liquid crystal polymer technology<\/a>\u201d,&nbsp;IET Microwaves, Antennas &amp; Propagation, vol.9, no.12, pp.1249-1253, 2015 https:\/\/doi.org\/10.1049\/iet-map.2014.0258<\/li>\n\n\n\n<li>A. Rodr\u00edguez, J. Selga, J. V. Morro, M. Sans, F. Mart\u00edn and V. E. Boria,&nbsp;\u201c<a rel=\"noreferrer noopener\" href=\"https:\/\/www.iteam.upv.es\/wp-content\/uploads\/pdf_articles\/84.pdf\" data-type=\"URL\" data-id=\"https:\/\/www.iteam.upv.es\/wp-content\/uploads\/pdf_articles\/84.pdf\" target=\"_blank\">Towards the automated design of metamaterial based transmission lines<\/a>\u201d,&nbsp;Waves (year 7), pp. 1-11, 2015<\/li>\n\n\n\n<li>M. Orellana, J. Selga, M. Sans, A. Rodr\u00edguez, V. Boria, F.Mart\u00edn,&nbsp;&#8220;<a rel=\"noreferrer noopener\" href=\"https:\/\/doi.org\/10.1002\/mmce.20901\" data-type=\"URL\" data-id=\"https:\/\/doi.org\/10.1002\/mmce.20901\" target=\"_blank\">Synthesis of slow-wave structures based on capacitive-loaded lines through aggressive space mapping (ASM)<\/a>&#8220;,&nbsp;International Journal of RF and Microwave Computer-Aided Engineering, vol. 25, pp. 629-638, September 2015. https:\/\/doi.org\/10.1002\/mmce.20901. <a rel=\"noreferrer noopener\" href=\"https:\/\/ddd.uab.cat\/record\/163121\" data-type=\"URL\" data-id=\"https:\/\/ddd.uab.cat\/record\/163121\" target=\"_blank\">Open Access Version<\/a><\/li>\n\n\n\n<li>J. Naqui, L. Su, J. Mata, F. Mart\u00edn,&nbsp;\u201c<a rel=\"noreferrer noopener\" href=\"https:\/\/doi.org\/10.1155\/2015\/792750\" data-type=\"URL\" data-id=\"https:\/\/doi.org\/10.1155\/2015\/792750\" target=\"_blank\">Recent advances in the modeling of transmission lines loaded with split ring resonators (SRRs)<\/a>\u201d,&nbsp;International Journal of Antennas and Propagation, vol. 2015, Article ID 792750, 13 pages, 2015. https:\/\/doi.org\/10.1155\/2015\/792750<\/li>\n\n\n\n<li>S. Zuffanelli, G. Zamora, P. Aguil\u00e0, F. Paredes, F. Mart\u00edn and J. Bonache,&nbsp;\u201c<a rel=\"noreferrer noopener\" href=\"https:\/\/doi.org\/10.1109\/TMTT.2015.2432762\" data-type=\"URL\" data-id=\"https:\/\/doi.org\/10.1109\/TMTT.2015.2432762\" target=\"_blank\">On the radiation properties of split ring resonators (SRRs) at the second resonance<\/a>\u201d,&nbsp;IEEE Transactions on Microwave Theory and Techniques, vol. 63, pp. 2133-2141, July 2015. https:\/\/doi.org\/10.1109\/TMTT.2015.2432762. <a rel=\"noreferrer noopener\" href=\"https:\/\/ddd.uab.cat\/record\/163123\" data-type=\"URL\" data-id=\"https:\/\/ddd.uab.cat\/record\/163123\" target=\"_blank\">Open Access Version<\/a><\/li>\n\n\n\n<li>J. Naqui, L. Su, J. Mata-Contreras, F. Martin,&nbsp;&#8220;<a rel=\"noreferrer noopener\" href=\"https:\/\/doi.org\/10.1016\/j.jmmm.2014.12.011\" data-type=\"URL\" data-id=\"https:\/\/doi.org\/10.1016\/j.jmmm.2014.12.011\" target=\"_blank\">Analysis of transmission lines loaded with pairs of coupled resonant elements and application to sensors<\/a>&#8220;,&nbsp;Journal of Magnetism and Magnetic Materials, vol. 383, pp. 144-151, June 2015. https:\/\/doi.org\/10.1016\/j.jmmm.2014.12.011. <a rel=\"noreferrer noopener\" href=\"https:\/\/ddd.uab.cat\/record\/163124\" data-type=\"URL\" data-id=\"https:\/\/ddd.uab.cat\/record\/163124\" target=\"_blank\">Open Access Version<\/a><\/li>\n\n\n\n<li>P. Aguil\u00e0, S. Zuffanelli, G. Zamora, F. Paredes, F. Mart\u00edn, J. Bonache,&nbsp;&#8220;<a rel=\"noreferrer noopener\" href=\"https:\/\/doi.org\/10.1049\/el.2014.4303\" data-type=\"URL\" data-id=\"https:\/\/doi.org\/10.1049\/el.2014.4303\" target=\"_blank\">Front-to-back ratio improvement of printed antennas based on electrically small resonators for microwave presence detectors<\/a>&#8220;,&nbsp;Electronics Letters, vol.51, no.11, pp. 836-837, May 2015. https:\/\/doi.org\/10.1049\/el.2014.4303<\/li>\n\n\n\n<li>J. Naqui, L. Su, J. Mata-Contreras, F. Martin,&nbsp;&#8220;<a rel=\"noreferrer noopener\" href=\"https:\/\/doi.org\/10.3390\/app5020088\" data-type=\"URL\" data-id=\"https:\/\/doi.org\/10.3390\/app5020088\" target=\"_blank\">Symmetry-Related Electromagnetic Properties of Resonator-Loaded Transmission Lines and Applications<\/a>&#8220;,&nbsp;Applied Sciences. Vol.5, Issue 2, pp. 88-113. May 2015. https:\/\/doi.org\/10.3390\/app5020088<\/li>\n\n\n\n<li>A. K. Horestani, M. Dur\u00e1n-Sindreu, J.Naqui, C. Fumeaux, F. Mart\u00edn,&nbsp;&#8220;<a rel=\"noreferrer noopener\" href=\"https:\/\/doi.org\/10.1002\/mop.29029\" data-type=\"URL\" data-id=\"https:\/\/doi.org\/10.1002\/mop.29029\" target=\"_blank\">Compact coplanar waveguide bandpass filter based on coupled S-shaped split ring resonators<\/a>&#8220;,&nbsp;Microwave and Optical Technology Letters, Vol. 57, Issue 5, pp. 1113\u20131116, May 2015. https:\/\/doi.org\/10.1002\/mop.29029. <a rel=\"noreferrer noopener\" href=\"https:\/\/ddd.uab.cat\/record\/163126\" data-type=\"URL\" data-id=\"https:\/\/ddd.uab.cat\/record\/163126\" target=\"_blank\">Open Access Version<\/a><\/li>\n\n\n\n<li>J. Naqui, J. Coromina, A. K. Horestani, C. Fumeaux, F. Mart\u00edn,&nbsp;&#8220;A<a rel=\"noreferrer noopener\" href=\"https:\/\/doi.org\/10.3390\/s150509628\" data-type=\"URL\" data-id=\"https:\/\/doi.org\/10.3390\/s150509628\" target=\"_blank\">ngular Displacement and Velocity Sensors Based on Coplanar Waveguides (CPWs) Loaded with S-Shaped Split Ring Resonators (S-SRR)<\/a>&#8220;,&nbsp;Sensors, Vol. 15 (Special Issue &#8220;Metamaterial-Inspired Sensors&#8221;), pp. 9628-9650, April 2015. https:\/\/doi.org\/10.3390\/s150509628<\/li>\n\n\n\n<li>P. V\u00e9lez, J. Naqui, A. Fern\u00e1ndez-Prieto, J. Bonache, J. Mata-Contreras, J. Martel, F. Medina, F. Mart\u00edn,&nbsp;&#8220;<a rel=\"noreferrer noopener\" href=\"https:\/\/doi.org\/10.1109\/TMTT.2015.2401555\" data-type=\"URL\" data-id=\"https:\/\/doi.org\/10.1109\/TMTT.2015.2401555\" target=\"_blank\">Ultra-Compact (80 mm<sup>2<\/sup>) Differential-Mode Ultra-Wideband (UWB) Bandpass Filters With Common-Mode Noise Suppression<\/a>&#8220;,&nbsp;IEEE Transactions on Microwave Theory and Techniques, vol.63, Issue 4, pp. 1272 &#8211; 1280, April 2015. https:\/\/doi.org\/10.1109\/TMTT.2015.2401555. <a rel=\"noreferrer noopener\" href=\"https:\/\/ddd.uab.cat\/record\/163127\" data-type=\"URL\" data-id=\"https:\/\/ddd.uab.cat\/record\/163127\" target=\"_blank\">Open Access Version<\/a><\/li>\n\n\n\n<li>J. Naqui, F. Mart\u00edn,&nbsp;\u201c<a rel=\"noreferrer noopener\" href=\"https:\/\/doi.org\/10.1155\/2015\/741853\" data-type=\"URL\" data-id=\"https:\/\/doi.org\/10.1155\/2015\/741853\" target=\"_blank\">Microwave Sensors Based on Symmetry Properties of Resonator-Loaded Transmission Lines<\/a>\u201d,&nbsp;Journal of Sensors, vol. 2015, Article ID 741853, 10 pages, January 2015. https:\/\/doi.org\/10.1155\/2015\/741853<\/li>\n\n\n\n<li>L. Su, J. Naqui, J. Mata-Contreras, F. Martin,&nbsp;&#8220;<a rel=\"noreferrer noopener\" href=\"https:\/\/doi.org\/10.1109\/LAWP.2014.2355035\" data-type=\"URL\" data-id=\"https:\/\/doi.org\/10.1109\/LAWP.2014.2355035\" target=\"_blank\">Modeling Metamaterial Transmission Lines Loaded With Pairs of Coupled Split-Ring Resonators<\/a>&#8220;,&nbsp;IEEE Antennas and Wireless Propagation Letters, vol.14, pp. 68-71, January 2015. https:\/\/doi.org\/10.1109\/LAWP.2014.2355035. <a rel=\"noreferrer noopener\" href=\"https:\/\/ddd.uab.cat\/record\/163130\" data-type=\"URL\" data-id=\"https:\/\/ddd.uab.cat\/record\/163130\" target=\"_blank\">Open Access Version<\/a><\/li>\n\n\n\n<li>P. Velez, J. Bonache, F. Martin,&nbsp;&#8220;<a rel=\"noreferrer noopener\" href=\"https:\/\/doi.org\/10.1109\/LAWP.2014.2354472\" data-type=\"URL\" data-id=\"https:\/\/doi.org\/10.1109\/LAWP.2014.2354472\" target=\"_blank\">Differential Microstrip Lines With Common-Mode Suppression Based on Electromagnetic Band-Gaps (EBGs)<\/a>&#8220;,&nbsp;IEEE Antennas and Wireless Propagation Letters, vol.14, pp. 40-43, January 2015. https:\/\/doi.org\/10.1109\/LAWP.2014.2354472. <a rel=\"noreferrer noopener\" href=\"https:\/\/ddd.uab.cat\/record\/163131\" data-type=\"URL\" data-id=\"https:\/\/ddd.uab.cat\/record\/163131\" target=\"_blank\">Open Access Version<\/a><\/li>\n<\/ul>\n\n\n\n<div class=\"wp-block-columns is-layout-flex wp-container-core-columns-is-layout-9d6595d7 wp-block-columns-is-layout-flex\">\n<div class=\"wp-block-column is-layout-flow wp-block-column-is-layout-flow\" style=\"flex-basis:25%\">\n<div class=\"wp-block-buttons is-layout-flex wp-block-buttons-is-layout-flex\">\n<div class=\"wp-block-button has-custom-width wp-block-button__width-100\"><a class=\"wp-block-button__link wp-element-button\" href=\"https:\/\/webs.uab.cat\/cimitec\/articles-en-revistes\/2016-2\/\">&lt;&lt; 2016<\/a><\/div>\n<\/div>\n<\/div>\n\n\n\n<div class=\"wp-block-column is-layout-flow wp-block-column-is-layout-flow\" style=\"flex-basis:50%\">\n<div class=\"wp-block-buttons is-layout-flex wp-block-buttons-is-layout-flex\">\n<div class=\"wp-block-button has-custom-width wp-block-button__width-100 is-style-outline is-style-outline--1\"><a class=\"wp-block-button__link wp-element-button\" href=\"https:\/\/webs.uab.cat\/cimitec\/articles-en-revistes\/\">\u00edndex<\/a><\/div>\n<\/div>\n<\/div>\n\n\n\n<div class=\"wp-block-column is-layout-flow wp-block-column-is-layout-flow\" style=\"flex-basis:25%\">\n<div class=\"wp-block-buttons is-layout-flex wp-block-buttons-is-layout-flex\">\n<div class=\"wp-block-button has-custom-width wp-block-button__width-100\"><a class=\"wp-block-button__link wp-element-button\" href=\"https:\/\/webs.uab.cat\/cimitec\/articles-en-revistes\/2014-2\/\">2014 &gt;&gt;<\/a><\/div>\n<\/div>\n<\/div>\n<\/div>\n","protected":false},"excerpt":{"rendered":"","protected":false},"author":2651,"featured_media":0,"parent":28,"menu_order":8,"comment_status":"closed","ping_status":"closed","template":"","meta":{"footnotes":""},"class_list":["post-408","page","type-page","status-publish","hentry"],"_links":{"self":[{"href":"https:\/\/webs.uab.cat\/cimitec\/wp-json\/wp\/v2\/pages\/408","targetHints":{"allow":["GET"]}}],"collection":[{"href":"https:\/\/webs.uab.cat\/cimitec\/wp-json\/wp\/v2\/pages"}],"about":[{"href":"https:\/\/webs.uab.cat\/cimitec\/wp-json\/wp\/v2\/types\/page"}],"author":[{"embeddable":true,"href":"https:\/\/webs.uab.cat\/cimitec\/wp-json\/wp\/v2\/users\/2651"}],"replies":[{"embeddable":true,"href":"https:\/\/webs.uab.cat\/cimitec\/wp-json\/wp\/v2\/comments?post=408"}],"version-history":[{"count":7,"href":"https:\/\/webs.uab.cat\/cimitec\/wp-json\/wp\/v2\/pages\/408\/revisions"}],"predecessor-version":[{"id":2715,"href":"https:\/\/webs.uab.cat\/cimitec\/wp-json\/wp\/v2\/pages\/408\/revisions\/2715"}],"up":[{"embeddable":true,"href":"https:\/\/webs.uab.cat\/cimitec\/wp-json\/wp\/v2\/pages\/28"}],"wp:attachment":[{"href":"https:\/\/webs.uab.cat\/cimitec\/wp-json\/wp\/v2\/media?parent=408"}],"curies":[{"name":"wp","href":"https:\/\/api.w.org\/{rel}","templated":true}]}}