{"id":421,"date":"2023-06-21T09:44:16","date_gmt":"2023-06-21T07:44:16","guid":{"rendered":"https:\/\/webs.uab.cat\/gemmacimitec\/?page_id=421"},"modified":"2026-02-20T12:57:08","modified_gmt":"2026-02-20T10:57:08","slug":"2012-2","status":"publish","type":"page","link":"https:\/\/webs.uab.cat\/cimitec\/articles-en-revistes\/2012-2\/","title":{"rendered":"2012"},"content":{"rendered":"\n<ul class=\"wp-block-list\">\n<li>K. Afrooz, A. Abdipour, F. Mart\u00edn,&nbsp;&#8220;<a rel=\"noreferrer noopener\" href=\"https:\/\/doi.org\/10.1002\/mop.27185\" data-type=\"URL\" data-id=\"https:\/\/doi.org\/10.1002\/mop.27185\" target=\"_blank\">Broadband bandpass filter using open complementary split ring resonator (OCSRR) based on metamaterial unit-cell concept<\/a>\u201d,&nbsp;Microwave and Optical Technology Letters, vol. 54, pp. 2832-2835, December 2012. https:\/\/doi.org\/10.1002\/mop.27185<\/li>\n\n\n\n<li>F. J. Herraiz-Mart\u00ednez, F. Paredes, G. Zamora, F. Mart\u00edn, J. Bonache,&nbsp;\u201c<a rel=\"noreferrer noopener\" href=\"https:\/\/doi.org\/10.1109\/TAP.2012.2207681\" data-type=\"URL\" data-id=\"https:\/\/doi.org\/10.1109\/TAP.2012.2207681\" target=\"_blank\">Printed Magnetoinductive-Wave (MIW) Delay Lines for Chipless RFID Applications<\/a>&#8220;,&nbsp;IEEE Transactions on Antennas and Propagation, vol. 60, Issue 11, pp. 5075-5082, November 2012. https:\/\/doi.org\/10.1109\/TAP.2012.2207681<\/li>\n\n\n\n<li>F. Mart\u00edn,&nbsp;&#8220;<a rel=\"noreferrer noopener\" href=\"https:\/\/doi.org\/10.5402\/2012\/780232\" data-type=\"URL\" data-id=\"https:\/\/doi.org\/10.5402\/2012\/780232\" target=\"_blank\">Metamaterials for Wireless Communications, Radiofrequency Identification, and Sensors<\/a>&#8220;,&nbsp;ISRN Electronics, vol. 2012, Article ID 780232, doi:10.5402\/2012\/780232, November 2012. https:\/\/doi.org\/10.5402\/2012\/780232<\/li>\n\n\n\n<li>J. Naqui, M. Dur\u00e1n-Sindreu, F. Mart\u00edn,&nbsp;&#8220;<a rel=\"noreferrer noopener\" href=\"https:\/\/doi.org\/10.1007\/s00339-012-7384-6\" data-type=\"URL\" data-id=\"https:\/\/doi.org\/10.1007\/s00339-012-7384-6\" target=\"_blank\">Selective mode suppression in coplanar waveguides using metamaterial resonators<\/a>&#8220;,&nbsp;Applied Physics A, DOI 10.1007\/s00339-012-7384-6, November 2012. https:\/\/doi.org\/10.1007\/s00339-012-7384-6<\/li>\n\n\n\n<li>P. V\u00e9lez, J. Naqui, M. Dur\u00e1n-Sindreu, J. Bonache, F. Mart\u00edn,&nbsp;&#8220;<a rel=\"noreferrer noopener\" href=\"https:\/\/doi.org\/10.1155\/2012\/174023\" data-type=\"URL\" data-id=\"https:\/\/doi.org\/10.1155\/2012\/174023\" target=\"_blank\">Broadband Microstrip Bandpass Filter Based on Open Complementary Split Ring Resonators<\/a>&#8220;,&nbsp;International Journal of Antennas and Propagation, Article ID 174023, October 2012. https:\/\/doi.org\/10.1155\/2012\/174023<\/li>\n\n\n\n<li>F. Paredes, G. Zamora, S. Zuffanelli, F. J. Herraiz-Mart\u00ednez, J. Bonache and F. Mart\u00edn,&nbsp;\u201c<a rel=\"noreferrer noopener\" href=\"https:\/\/doi.org\/10.1155\/2012\/968780\" data-type=\"URL\" data-id=\"https:\/\/doi.org\/10.1155\/2012\/968780\" target=\"_blank\">Recent Advances in Multiband Printed Antennas Based on Metamaterial Loading<\/a>&#8220;,&nbsp;Advances in OptoElectronics, Article ID 968780, 2012. https:\/\/doi.org\/10.1155\/2012\/968780<\/li>\n\n\n\n<li>D. Bouyge, A. Crunteanu, M. Dur\u00e1n-Sindreu, A. Pothier, P. Blondy, J. Bonache, J.C. Orlianges, F. Mart\u00edn,&nbsp;&#8220;<a rel=\"noreferrer noopener\" href=\"https:\/\/doi.org\/10.1088\/2040-8978\/14\/11\/114001\" data-type=\"URL\" data-id=\"https:\/\/doi.org\/10.1088\/2040-8978\/14\/11\/114001\" target=\"_blank\">Reconfigurable split rings based on MEMS switches and their application to tunable filters<\/a>&#8220;,&nbsp;Journal of Optics, vol.14, no.11, 114001, November 2012. https:\/\/doi.org\/10.1088\/2040-8978\/14\/11\/114001<\/li>\n\n\n\n<li>J. Naqui, M. Dur\u00e1n-Sindreu, A. Fern\u00e1ndez-Prieto, F. Mesa, F. Medina, F. Mart\u00edn,&nbsp;&#8220;<a rel=\"noreferrer noopener\" href=\"https:\/\/doi.org\/10.1109\/LAWP.2012.2215000\" data-type=\"URL\" data-id=\"https:\/\/doi.org\/10.1109\/LAWP.2012.2215000\" target=\"_blank\">Multimode Propagation and Complex Waves in CSRR-Based Transmission-Line Metamaterials<\/a>&#8220;,&nbsp;IEEE Antennas and Wireless Propagation Letters, vol. 11, pp. 1024- 1027, 2012. https:\/\/doi.org\/10.1109\/LAWP.2012.2215000<\/li>\n\n\n\n<li>J. Naqui, A. Fern\u00e1ndez-Prieto, M. Dur\u00e1n-Sindreu, F. Mesa, J. Martel, F. Medina, F. Mart\u00edn,&nbsp;&#8220;<a rel=\"noreferrer noopener\" href=\"https:\/\/doi.org\/10.1109\/TMTT.2012.2209675\" data-type=\"URL\" data-id=\"https:\/\/doi.org\/10.1109\/TMTT.2012.2209675\" target=\"_blank\">Common-Mode Suppression in Microstrip Differential Lines by Means of Complementary Split Ring Resonators: Theory and Applications<\/a>&#8220;,&nbsp;IEEE Transactions on Microwave Theory and Techniques, vol. 60, Issue 10, pp. 3023-3034, October 2012. https:\/\/doi.org\/10.1109\/TMTT.2012.2209675<\/li>\n\n\n\n<li>J. Naqui, M. Dur\u00e1n-Sindreu, F. Mart\u00edn,&nbsp;&#8220;<a rel=\"noreferrer noopener\" href=\"https:\/\/doi.org\/10.3390\/s120911790\" data-type=\"URL\" data-id=\"https:\/\/doi.org\/10.3390\/s120911790\" target=\"_blank\">Alignment and Position Sensors Based on Split Ring Resonators<\/a>&#8220;,&nbsp;Sensors, vol. 12, Issue 9, pp. 11790-11797, September 2012<\/li>\n\n\n\n<li>M. Dur\u00e1n-Sindreu, J. Naqui, J. Bonache and F. Mart\u00edn&nbsp;\u201c<a rel=\"noreferrer noopener\" href=\"https:\/\/doi.org\/10.1002\/mmce.20635\" data-type=\"URL\" data-id=\"https:\/\/doi.org\/10.1002\/mmce.20635\" target=\"_blank\">Split rings for metamaterial and microwave circuit design: A review of recent developments<\/a>&#8220;,&nbsp;International Journal of RF and Microwave Computer-Aided Engineering, vol. 22, Issue 4, pp. 439\u2013458, July 2012. (Invited). https:\/\/doi.org\/10.1002\/mmce.20635<\/li>\n\n\n\n<li>M. Dur\u00e1n-Sindreu, J. Naqui, F. Paredes, J. Bonache and F. Mart\u00edn,&nbsp;\u201c<a rel=\"noreferrer noopener\" href=\"https:\/\/doi.org\/10.3390\/app2020375\" data-type=\"URL\" data-id=\"https:\/\/doi.org\/10.3390\/app2020375\" target=\"_blank\">Electrically Small Resonators for Planar Metamaterial, Microwave Circuit and Antenna Design: A Comparative Analysis<\/a>&#8220;,&nbsp;Applied Sciences, vol. 2, Issue 2, pp. 375\u2013395, June 2012. https:\/\/doi.org\/10.3390\/app2020375<\/li>\n\n\n\n<li>M. Dur\u00e1n-Sindreu, J. Bonache and F. Mart\u00edn,&nbsp;\u201c<a rel=\"noreferrer noopener\" href=\"https:\/\/doi.org\/10.1002\/mop.26692\" data-type=\"URL\" data-id=\"https:\/\/doi.org\/10.1002\/mop.26692\" target=\"_blank\">Elliptic high-pass filters with stepped impedance resonators in coplanar waveguide technology<\/a>&#8220;,&nbsp;Microwave and Optical Technology Letters, vol. 54, Issue 4, pp. 1094\u20131097, April 2012. https:\/\/doi.org\/10.1002\/mop.26692<\/li>\n\n\n\n<li>F. J. Herraiz-Mart\u00ednez, F. Paredes, G. Zamora, F. Mart\u00edn, J. Bonache,&nbsp;\u201c<a rel=\"noreferrer noopener\" href=\"https:\/\/doi.org\/10.1002\/mop.26728\" data-type=\"URL\" data-id=\"https:\/\/doi.org\/10.1002\/mop.26728\" target=\"_blank\">Dual-band printed dipole antenna loaded with open complementary split-ring resonators for wireless applications<\/a>&#8220;,&nbsp;Microwave and Optical Technology Letters, vol. 54, Issue 4, pp. 1014\u20131017, April 2012. https:\/\/doi.org\/10.1002\/mop.26728<\/li>\n\n\n\n<li>K. Afrooz, A. Abdipour, F. Mart\u00edn,&nbsp;\u201c<a rel=\"noreferrer noopener\" href=\"https:\/\/doi.org\/10.1049\/iet-map.2011.0429\" data-type=\"URL\" data-id=\"https:\/\/doi.org\/10.1049\/iet-map.2011.0429\" target=\"_blank\">Time domain analysis of one-dimensional linear and non-linear composite right\/left-handed transmission lines using finite-difference time-domain method<\/a>&#8220;,&nbsp;IET Microwave, Antennas &amp; Propagation, vol. 6, Issue 3, pp. 312-325, March 2012. https:\/\/doi.org\/10.1049\/iet-map.2011.0429<\/li>\n\n\n\n<li>A. V\u00e9lez, P. V\u00e9lez, J. Bonache and F. Mart\u00edn,&nbsp;\u201c<a rel=\"noreferrer noopener\" href=\"https:\/\/doi.org\/10.1002\/mop.26605\" data-type=\"URL\" data-id=\"https:\/\/doi.org\/10.1002\/mop.26605\" target=\"_blank\">Compact power dividers with filtering capability for ground penetrating radar applications<\/a>&#8220;,&nbsp;Microwave and Optical Technology Letters, vol. 54, Issue 3, pp. 608\u2013611, March 2012. https:\/\/doi.org\/10.1002\/mop.26605<\/li>\n\n\n\n<li>F. Mart\u00edn, J. Bonache, M. Dur\u00e1n-Sindreu, J. Naqui, F. Paredes, G. Zamora,&nbsp;\u201c<a rel=\"noreferrer noopener\" href=\"https:\/\/doi.org\/10.1002\/047134608X.W8151\" data-type=\"URL\" data-id=\"https:\/\/doi.org\/10.1002\/047134608X.W8151\" target=\"_blank\">Artificial Transmission Lines<\/a>&#8220;,&nbsp;Wiley Encyclopedia of Electrical and Electronics Engineering, Edited by J. Webster, John Wiley &amp; Sons Inc., 2012. https:\/\/doi.org\/10.1002\/047134608X.W8151<\/li>\n<\/ul>\n\n\n\n<div class=\"wp-block-columns is-layout-flex wp-container-core-columns-is-layout-9d6595d7 wp-block-columns-is-layout-flex\">\n<div class=\"wp-block-column is-layout-flow wp-block-column-is-layout-flow\" style=\"flex-basis:25%\">\n<div class=\"wp-block-buttons is-layout-flex wp-block-buttons-is-layout-flex\">\n<div class=\"wp-block-button has-custom-width wp-block-button__width-100\"><a class=\"wp-block-button__link wp-element-button\" href=\"https:\/\/webs.uab.cat\/cimitec\/articles-en-revistes\/2013-2\/\">&lt;&lt; 2013<\/a><\/div>\n<\/div>\n<\/div>\n\n\n\n<div class=\"wp-block-column is-layout-flow wp-block-column-is-layout-flow\" style=\"flex-basis:50%\">\n<div class=\"wp-block-buttons is-layout-flex wp-block-buttons-is-layout-flex\">\n<div class=\"wp-block-button has-custom-width wp-block-button__width-100 is-style-outline is-style-outline--1\"><a class=\"wp-block-button__link wp-element-button\" href=\"https:\/\/webs.uab.cat\/cimitec\/articles-en-revistes\/\">\u00edndex<\/a><\/div>\n<\/div>\n<\/div>\n\n\n\n<div class=\"wp-block-column is-layout-flow wp-block-column-is-layout-flow\" style=\"flex-basis:25%\">\n<div class=\"wp-block-buttons is-layout-flex wp-block-buttons-is-layout-flex\">\n<div class=\"wp-block-button has-custom-width wp-block-button__width-100\"><a class=\"wp-block-button__link wp-element-button\" href=\"https:\/\/webs.uab.cat\/cimitec\/articles-en-revistes\/2011-2\/\">2011 &gt;&gt;<\/a><\/div>\n<\/div>\n<\/div>\n<\/div>\n","protected":false},"excerpt":{"rendered":"","protected":false},"author":2651,"featured_media":0,"parent":28,"menu_order":11,"comment_status":"closed","ping_status":"closed","template":"","meta":{"footnotes":""},"class_list":["post-421","page","type-page","status-publish","hentry"],"_links":{"self":[{"href":"https:\/\/webs.uab.cat\/cimitec\/wp-json\/wp\/v2\/pages\/421","targetHints":{"allow":["GET"]}}],"collection":[{"href":"https:\/\/webs.uab.cat\/cimitec\/wp-json\/wp\/v2\/pages"}],"about":[{"href":"https:\/\/webs.uab.cat\/cimitec\/wp-json\/wp\/v2\/types\/page"}],"author":[{"embeddable":true,"href":"https:\/\/webs.uab.cat\/cimitec\/wp-json\/wp\/v2\/users\/2651"}],"replies":[{"embeddable":true,"href":"https:\/\/webs.uab.cat\/cimitec\/wp-json\/wp\/v2\/comments?post=421"}],"version-history":[{"count":6,"href":"https:\/\/webs.uab.cat\/cimitec\/wp-json\/wp\/v2\/pages\/421\/revisions"}],"predecessor-version":[{"id":2724,"href":"https:\/\/webs.uab.cat\/cimitec\/wp-json\/wp\/v2\/pages\/421\/revisions\/2724"}],"up":[{"embeddable":true,"href":"https:\/\/webs.uab.cat\/cimitec\/wp-json\/wp\/v2\/pages\/28"}],"wp:attachment":[{"href":"https:\/\/webs.uab.cat\/cimitec\/wp-json\/wp\/v2\/media?parent=421"}],"curies":[{"name":"wp","href":"https:\/\/api.w.org\/{rel}","templated":true}]}}