{"id":432,"date":"2023-06-21T10:39:11","date_gmt":"2023-06-21T08:39:11","guid":{"rendered":"https:\/\/webs.uab.cat\/gemmacimitec\/?page_id=432"},"modified":"2026-02-20T13:06:16","modified_gmt":"2026-02-20T11:06:16","slug":"2008-2","status":"publish","type":"page","link":"https:\/\/webs.uab.cat\/cimitec\/articles-en-revistes\/2008-2\/","title":{"rendered":"2008"},"content":{"rendered":"\n<ul class=\"wp-block-list\">\n<li>F. Aznar, M. Gil, J. Bonache, L. Jelinek, J. D. Baena, R. Marqu\u00e9s, and F. Mart\u00edn,&nbsp;\u201c<a rel=\"noreferrer noopener\" href=\"https:\/\/doi.org\/10.1063\/1.3021109\" data-type=\"URL\" data-id=\"https:\/\/doi.org\/10.1063\/1.3021109\" target=\"_blank\">Characterization of miniaturized metamaterial resonators coupled to planar transmission lines through parameter extraction<\/a>\u201c,&nbsp;Journal of Applied Physics, Vol 104, 114501, December 2008. https:\/\/doi.org\/10.1063\/1.3021109<\/li>\n\n\n\n<li>M. Gil, J. Bonache and F. Mart\u00edn,&nbsp;\u201c<a rel=\"noreferrer noopener\" href=\"https:\/\/doi.org\/10.1016\/j.metmat.2008.07.006\" data-type=\"URL\" data-id=\"https:\/\/doi.org\/10.1016\/j.metmat.2008.07.006\" target=\"_blank\">Metamaterial Filters: A Review<\/a>\u201d,&nbsp;Metamaterials, Vol. 2, Issue 4, pp 186-197, December 2008. (Invited paper). https:\/\/doi.org\/10.1016\/j.metmat.2008.07.006<\/li>\n\n\n\n<li>G. Sis\u00f3, M. Gil, J. Bonache and F. Mart\u00edn,&nbsp;\u201c<a rel=\"noreferrer noopener\" href=\"https:\/\/doi.org\/10.1109\/LMWC.2008.2005222\" data-type=\"URL\" data-id=\"https:\/\/doi.org\/10.1109\/LMWC.2008.2005222\" target=\"_blank\">Generalized Model for Multiband Metamaterial Transmission Lines<\/a>\u201d,&nbsp;IEEE Microwave and Wireless Components Letters, Vol. 18, Num. 11, pp 728-730, November 2008. https:\/\/doi.org\/10.1109\/LMWC.2008.2005222<\/li>\n\n\n\n<li>A. V\u00e9lez, J. Bonache and F. Mart\u00edn,&nbsp;&#8220;<a rel=\"noreferrer noopener\" href=\"https:\/\/doi.org\/10.1080\/02726340802322726\" data-type=\"URL\" data-id=\"https:\/\/doi.org\/10.1080\/02726340802322726\" target=\"_blank\">Doubly Tuned Metamaterial Transmission Lines based on Complementary Split-Ring Resonators<\/a>&#8220;,&nbsp;Electromagnetics, Vol. 28, No. 7, pp. 523-530, October 2008 (Invited paper). https:\/\/doi.org\/10.1080\/02726340802322726<\/li>\n\n\n\n<li>F. Aznar, M. Gil, J. Bonache and F. Mart\u00edn,&nbsp;\u201c<a rel=\"noreferrer noopener\" href=\"https:\/\/doi.org\/10.2478\/s11772-008-0028-x\" data-type=\"URL\" data-id=\"https:\/\/doi.org\/10.2478\/s11772-008-0028-x\" target=\"_blank\">Modelling metamaterial transmission lines: a review and recent developments<\/a>\u201d,&nbsp;Opto-electronics Review, Vol. 16, No. 3, pp. 226-236, September 2008 (Invited paper). https:\/\/doi.org\/10.2478\/s11772-008-0028-x<\/li>\n\n\n\n<li>J. Bonache, G. Sis\u00f3, M. Gil, A. Iniesta, J. Garc\u00eda-Rinc\u00f3n and F. Mart\u00edn,&nbsp;&#8220;<a rel=\"noreferrer noopener\" href=\"https:\/\/doi.org\/10.1109\/LMWC.2008.2001011\" data-type=\"URL\" data-id=\"https:\/\/doi.org\/10.1109\/LMWC.2008.2001011\" target=\"_blank\">Application of Composite Right\/Left Handed (CRLH) Transmission Lines based on Complementary Split Ring Resonators (CSRRs) to the Design of Dual-Band Microwave Components<\/a>&#8220;,&nbsp;IEEE Microwave and Wireless Components Letters, Vol. 18 , Issue 8, pp. 524-526, August 2008. https:\/\/doi.org\/10.1109\/LMWC.2008.2001011<\/li>\n\n\n\n<li>J. Bonache, M. Gil, O. Garc\u00eda-Abad and F. Mart\u00edn,&nbsp;&#8220;<a rel=\"noreferrer noopener\" href=\"https:\/\/doi.org\/10.1002\/mop.23571\" data-type=\"URL\" data-id=\"https:\/\/doi.org\/10.1002\/mop.23571\" target=\"_blank\">Parametric analysis of microstrip lines loaded with complementary split ring resonators<\/a>&#8220;,&nbsp;Microwave and Optical Technology Letters, Vol. 50 , Issue 8, pp. 2093-2096, August 2008. https:\/\/doi.org\/10.1002\/mop.23571<\/li>\n\n\n\n<li>G. Sis\u00f3, J. Bonache, M. Gil and F. Mart\u00edn,&nbsp;&#8220;<a rel=\"noreferrer noopener\" href=\"https:\/\/www.ijmot.com\/VOL-3-NO-3-II.aspx\" data-type=\"URL\" data-id=\"https:\/\/www.ijmot.com\/VOL-3-NO-3-II.aspx\" target=\"_blank\">Enhanced bandwidth and dual-band microwave components based on resonant-type metamaterial transmission lines<\/a>&#8220;,&nbsp;International Journal of Microwave and Optical Technology (IJMOT), Vol. 3, Issue 3, pp. 345-352, July 2008<\/li>\n\n\n\n<li>M. Gil, J. Bonache and F. Mart\u00edn,&nbsp;&#8220;<a rel=\"noreferrer noopener\" href=\"https:\/\/doi.org\/10.1049\/iet-map:20070225\" data-type=\"URL\" data-id=\"https:\/\/doi.org\/10.1049\/iet-map:20070225\" target=\"_blank\">Synthesis and applications of new left handed microstrip lines with complementary split-ring resonators etched on the signal strip<\/a>&#8220;,&nbsp;IET Microwaves, Antennas &amp; Propagation, Vol. 2, Issue 4, June 2008 pp. 324 &#8211; 330. https:\/\/doi.org\/10.1049\/iet-map:20070225<\/li>\n\n\n\n<li>F. Aznar, J. Garc\u00eda-Garc\u00eda, M. Gil, J. Bonache and F. Mart\u00edn,&nbsp;\u201c<a rel=\"noreferrer noopener\" href=\"https:\/\/doi.org\/10.1002\/mop.23348\" data-type=\"URL\" data-id=\"https:\/\/doi.org\/10.1002\/mop.23348\" target=\"_blank\">Strategies for the miniaturization of metamaterial resonators<\/a>\u201d,&nbsp;Microwave and Optical Technology Letters, Vol. 50, No. 5, pp. 1263-1270, May 2008<\/li>\n\n\n\n<li>F. Aznar, J. Bonache, F. Mart\u00edn,&nbsp;\u201c<a rel=\"noreferrer noopener\" href=\"https:\/\/doi.org\/10.1063\/1.2839600\" data-type=\"URL\" data-id=\"https:\/\/doi.org\/10.1063\/1.2839600\" target=\"_blank\">Improved circuit model for left-handed lines loaded with split ring resonators<\/a>\u201c,&nbsp;Applied Physics Letters, 92, 043512, February 2008. https:\/\/doi.org\/10.1063\/1.2839600<\/li>\n\n\n\n<li>G. Sis\u00f3, M. Gil, J. Bonache, F. Mart\u00edn,&nbsp;\u201c<a rel=\"noreferrer noopener\" href=\"https:\/\/doi.org\/10.1002\/mop.22990\" data-type=\"URL\" data-id=\"https:\/\/doi.org\/10.1002\/mop.22990\" target=\"_blank\">Applications of resonant-type metamaterial transmission lines to the design of enhanced bandwidth components with compact dimensions<\/a>\u201c,&nbsp;Microwave and Optical Technology Letters, Vol. 50, Issue 1, pp 127-134. January 2008. https:\/\/doi.org\/10.1002\/mop.22990<\/li>\n\n\n\n<li>A. Velez, J. Bonache, F. Mart\u00edn,&nbsp;\u201c<a rel=\"noreferrer noopener\" href=\"https:\/\/doi.org\/10.1109\/LMWC.2007.911983\" data-type=\"URL\" data-id=\"https:\/\/doi.org\/10.1109\/LMWC.2007.911983\" target=\"_blank\">Varactor-Loaded Complementary Split Ring Resonators (VLCSRR) and Their Application to Tunable Metamaterial Transmission Lines<\/a>\u201d,&nbsp;IEEE Microwave and Wireless Components Letters, Vol. 18, No. 1, pp. 28-30, January 2008. https:\/\/doi.org\/10.1109\/LMWC.2007.911983<\/li>\n<\/ul>\n\n\n\n<div class=\"wp-block-columns is-layout-flex wp-container-core-columns-is-layout-9d6595d7 wp-block-columns-is-layout-flex\">\n<div class=\"wp-block-column is-layout-flow wp-block-column-is-layout-flow\" style=\"flex-basis:25%\">\n<div class=\"wp-block-buttons is-layout-flex wp-block-buttons-is-layout-flex\">\n<div class=\"wp-block-button has-custom-width wp-block-button__width-100\"><a class=\"wp-block-button__link wp-element-button\" href=\"https:\/\/webs.uab.cat\/cimitec\/articles-en-revistes\/2009-2\/\">&lt;&lt; 2009<\/a><\/div>\n<\/div>\n<\/div>\n\n\n\n<div class=\"wp-block-column is-layout-flow wp-block-column-is-layout-flow\" style=\"flex-basis:50%\">\n<div class=\"wp-block-buttons is-layout-flex wp-block-buttons-is-layout-flex\">\n<div class=\"wp-block-button has-custom-width wp-block-button__width-100 is-style-outline is-style-outline--1\"><a class=\"wp-block-button__link wp-element-button\" href=\"https:\/\/webs.uab.cat\/cimitec\/articles-en-revistes\/\">\u00edndex<\/a><\/div>\n<\/div>\n<\/div>\n\n\n\n<div class=\"wp-block-column is-layout-flow wp-block-column-is-layout-flow\" style=\"flex-basis:25%\">\n<div class=\"wp-block-buttons is-layout-flex wp-block-buttons-is-layout-flex\">\n<div class=\"wp-block-button has-custom-width wp-block-button__width-100\"><a class=\"wp-block-button__link wp-element-button\" href=\"https:\/\/webs.uab.cat\/cimitec\/articles-en-revistes\/2007-2\/\">2007 &gt;&gt;<\/a><\/div>\n<\/div>\n<\/div>\n<\/div>\n","protected":false},"excerpt":{"rendered":"","protected":false},"author":2651,"featured_media":0,"parent":28,"menu_order":15,"comment_status":"closed","ping_status":"closed","template":"","meta":{"footnotes":""},"class_list":["post-432","page","type-page","status-publish","hentry"],"_links":{"self":[{"href":"https:\/\/webs.uab.cat\/cimitec\/wp-json\/wp\/v2\/pages\/432","targetHints":{"allow":["GET"]}}],"collection":[{"href":"https:\/\/webs.uab.cat\/cimitec\/wp-json\/wp\/v2\/pages"}],"about":[{"href":"https:\/\/webs.uab.cat\/cimitec\/wp-json\/wp\/v2\/types\/page"}],"author":[{"embeddable":true,"href":"https:\/\/webs.uab.cat\/cimitec\/wp-json\/wp\/v2\/users\/2651"}],"replies":[{"embeddable":true,"href":"https:\/\/webs.uab.cat\/cimitec\/wp-json\/wp\/v2\/comments?post=432"}],"version-history":[{"count":6,"href":"https:\/\/webs.uab.cat\/cimitec\/wp-json\/wp\/v2\/pages\/432\/revisions"}],"predecessor-version":[{"id":2736,"href":"https:\/\/webs.uab.cat\/cimitec\/wp-json\/wp\/v2\/pages\/432\/revisions\/2736"}],"up":[{"embeddable":true,"href":"https:\/\/webs.uab.cat\/cimitec\/wp-json\/wp\/v2\/pages\/28"}],"wp:attachment":[{"href":"https:\/\/webs.uab.cat\/cimitec\/wp-json\/wp\/v2\/media?parent=432"}],"curies":[{"name":"wp","href":"https:\/\/api.w.org\/{rel}","templated":true}]}}