{"id":445,"date":"2023-06-22T09:37:30","date_gmt":"2023-06-22T07:37:30","guid":{"rendered":"https:\/\/webs.uab.cat\/gemmacimitec\/?page_id=445"},"modified":"2026-02-20T13:15:33","modified_gmt":"2026-02-20T11:15:33","slug":"2004-2","status":"publish","type":"page","link":"https:\/\/webs.uab.cat\/cimitec\/articles-en-revistes\/2004-2\/","title":{"rendered":"2004"},"content":{"rendered":"\n<ul class=\"wp-block-list\">\n<li>M.J. Freire, R. Marqu\u00e9s, F. Medina, M.A.G. Laso and F. Mart\u00edn,&nbsp;\u201c<a rel=\"noreferrer noopener\" href=\"https:\/\/doi.org\/10.1063\/1.1814428\" data-type=\"URL\" data-id=\"https:\/\/doi.org\/10.1063\/1.1814428\" target=\"_blank\">Planar magneto-inductive wave transducers: theory and applications<\/a>\u201d,&nbsp;Appl. Phys. Lett., vol. 85, pp. 4439-4441, November 2004. https:\/\/doi.org\/10.1063\/1.1814428<\/li>\n\n\n\n<li>F. Falcone, T. Lopetegi, M. A. G. Laso, J. D. Baena, J. Bonache, M. Beruete, R. Marqu\u00e9s, F. Mart\u00edn, and M. Sorolla,&nbsp;\u201c<a rel=\"noreferrer noopener\" href=\"https:\/\/doi.org\/10.1103\/PhysRevLett.93.197401\" data-type=\"URL\" data-id=\"https:\/\/doi.org\/10.1103\/PhysRevLett.93.197401\" target=\"_blank\">Babinet Principle Applied to the Design of Metasurfaces and Metamaterials<\/a>\u201d,&nbsp;Phys. Rev. Lett. 93, 197401 (2004) https:\/\/doi.org\/10.1103\/PhysRevLett.93.197401<\/li>\n\n\n\n<li>Txema Lopetegui, Miguel A. Laso, Francisco Falcone, Ferran Martin, Jordi Bonache, Joan Garcia, Leticia P\u00e9rez-Cuevas, Mario Sorolla, and Marco Guglielmi,&nbsp;&#8220;<a rel=\"noreferrer noopener\" href=\"https:\/\/doi.org\/10.1109\/LMWC.2004.837062\" data-type=\"URL\" data-id=\"https:\/\/doi.org\/10.1109\/LMWC.2004.837062\" target=\"_blank\">Microstrip Wiggly-Line Bandpass Filters With Multispurious Rejection<\/a>&#8220;,&nbsp;IEEE Microwave and Wireless Components Letters, Vol. 14, No 11, pp. 531-533, Nov. 2004. https:\/\/doi.org\/10.1109\/LMWC.2004.837062<\/li>\n\n\n\n<li>J. Garc\u00eda-Garc\u00eda, F. Mart\u00edn, R.E. Miles,&nbsp;\u201c<a rel=\"noreferrer noopener\" href=\"https:\/\/doi.org\/10.1109\/TMTT.2004.835975\" data-type=\"URL\" data-id=\"https:\/\/doi.org\/10.1109\/TMTT.2004.835975\" target=\"_blank\">Optimization of micromachined reflex klystrons for operation at THz frequencies<\/a>\u201d,&nbsp;IEEE Trans. Microwave Theory and Techniques, Volume 52, NO. 10, pp. 2366-2370, October 2004. https:\/\/doi.org\/10.1109\/TMTT.2004.835975<\/li>\n\n\n\n<li>I. Gil, J. Garc\u00eda-Garc\u00eda, J. Bonache, F. Mart\u00edn, M. Sorolla, R. Marqu\u00e9s,&nbsp;&#8220;<a rel=\"noreferrer noopener\" href=\"https:\/\/doi.org\/10.1049\/el:20046389\" data-type=\"URL\" data-id=\"https:\/\/doi.org\/10.1049\/el:20046389\" target=\"_blank\">Varactor-loaded split rings resonators for tuneable noth filters at microwave frequencies<\/a>&#8220;,&nbsp;Electronics Letters, Vol. 40, No. 21, pp1347-1348, October 2004. https:\/\/doi.org\/10.1049\/el:20046389<\/li>\n\n\n\n<li>Garcia-Garcia, J.; Martin, F.; Falcone, F.; Bonache, J.; Gil, I.; Lopetegi, T.; Laso, M.A.G.; Sorolla, M.; Marques, R.&nbsp;&#8220;<a rel=\"noreferrer noopener\" href=\"https:\/\/doi.org\/10.1109\/LMWC.2004.832066\" data-type=\"URL\" data-id=\"https:\/\/doi.org\/10.1109\/LMWC.2004.832066\" target=\"_blank\">Spurious Passband Suppression in Microstrip Coupled Line Band Pass Filters by Means of Split Ring Resonators<\/a>&#8220;,&nbsp;Microwave and Wireless Components Letters, IEEE , Volume: 14 , Issue: 9 , Sept. 2004 . Pages:416 \u2013 418. https:\/\/doi.org\/10.1109\/LMWC.2004.832066<\/li>\n\n\n\n<li>F. Falcone, F. Mart\u00edn, J. Bonache, M.A.G. Laso, J. Garc\u00eda-Garc\u00eda, J.D. Baena, R. Marqu\u00e9s, M. Sorolla,&nbsp;\u201c<a rel=\"noreferrer noopener\" href=\"https:\/\/doi.org\/10.1002\/mop.20312\" data-type=\"URL\" data-id=\"https:\/\/doi.org\/10.1002\/mop.20312\" target=\"_blank\">Stop band and band pass characteristics in coplanar waveguides coupled to spiral resonators<\/a>\u201d,&nbsp;Microwave and Optical Technology Letters, vol. 42, pp. 386-388, September 2004. https:\/\/doi.org\/10.1002\/mop.20312<\/li>\n\n\n\n<li>J. Garc\u00eda-Garc\u00eda, J. Bonache, F. Falcone, J.D. Baena, F. Mart\u00edn , I. Gil, T. Lopetegi, M.A.G. Laso, A. Marcotegui, R. Marqu\u00e9s and M. Sorolla,&nbsp;\u201c<a rel=\"noreferrer noopener\" href=\"https:\/\/doi.org\/10.1049\/el:20040560\" data-type=\"URL\" data-id=\"https:\/\/doi.org\/10.1049\/el:20040560\" target=\"_blank\">Stepped-impedance low pass filters with spurious passband suppression<\/a>\u201d,&nbsp;Electronics Letters, vo.l. 40, pp. 881-883, July 2004.<\/li>\n\n\n\n<li>F. Falcone, T. Lopetegi, J.D. Baena, R. Marqu\u00e9s, F. Mart\u00edn and M. Sorolla,&nbsp;&#8220;<a rel=\"noreferrer noopener\" href=\"https:\/\/doi.org\/10.1109\/LMWC.2004.828029\" data-type=\"URL\" data-id=\"https:\/\/doi.org\/10.1109\/LMWC.2004.828029\" target=\"_blank\">Effective negative-epsilon stopband microstrip lines based on complementary split ring resonators<\/a>&#8220;,&nbsp;IEEE Microwave and Wireless Components Letters, vol. 14, pp. 280-282, June 2004. https:\/\/doi.org\/10.1109\/LMWC.2004.828029<\/li>\n\n\n\n<li>J. Martel, R. Marqu\u00e9s, F. Falcone, J.D. Baena, F. Medina, F. Mart\u00edn and M. Sorolla,&nbsp;\u201c<a rel=\"noreferrer noopener\" href=\"https:\/\/doi.org\/10.1109\/LMWC.2004.827836\" data-type=\"URL\" data-id=\"https:\/\/doi.org\/10.1109\/LMWC.2004.827836\" target=\"_blank\">A new LC series element for compact band pass filter design<\/a>\u201d,&nbsp;IEEE Microwave Wireless Components Letters, vol. 14, pp. 210-212, May 2004. https:\/\/doi.org\/10.1109\/LMWC.2004.827836<\/li>\n\n\n\n<li>F. Falcone, F. Mart\u00edn, J. Bonache, R. Marqu\u00e9s, T. Lopetegi and M. Sorolla,&nbsp;\u201c<a rel=\"noreferrer noopener\" href=\"https:\/\/doi.org\/10.1109\/LMWC.2003.821512\" data-type=\"URL\" data-id=\"https:\/\/doi.org\/10.1109\/LMWC.2003.821512\" target=\"_blank\">Left handed coplanar waveguide band pass filters based on bi-layer split ring resonators<\/a>\u201d,&nbsp;IEEE Microwave and Wireless Components Letters, vol. 14, pp. 10-12, January 2004. https:\/\/doi.org\/10.1109\/LMWC.2003.821512<\/li>\n\n\n\n<li>F. Mart\u00edn, J. Bonache, I. Gil, F. Falcone, T. Lopetegi, M.A.G,. Laso and M. Sorolla,&nbsp;\u201c<a rel=\"noreferrer noopener\" href=\"https:\/\/doi.org\/10.1002\/mop.11309\" data-type=\"URL\" data-id=\"https:\/\/doi.org\/10.1002\/mop.11309\" target=\"_blank\">Compact spurious free CPW band pass filters based on electromagnetic bandgap structures<\/a>\u201d,&nbsp;Microwave and Optical Technology Lett, vol. 40, pp. 146-148, January 2004. https:\/\/doi.org\/10.1002\/mop.11309<\/li>\n<\/ul>\n\n\n\n<div class=\"wp-block-columns is-layout-flex wp-container-core-columns-is-layout-9d6595d7 wp-block-columns-is-layout-flex\">\n<div class=\"wp-block-column is-layout-flow wp-block-column-is-layout-flow\" style=\"flex-basis:25%\">\n<div class=\"wp-block-buttons is-layout-flex wp-block-buttons-is-layout-flex\">\n<div class=\"wp-block-button has-custom-width wp-block-button__width-100\"><a class=\"wp-block-button__link wp-element-button\" href=\"https:\/\/webs.uab.cat\/cimitec\/articles-en-revistes\/2005-2\/\">&lt;&lt; 2005<\/a><\/div>\n<\/div>\n<\/div>\n\n\n\n<div class=\"wp-block-column is-layout-flow wp-block-column-is-layout-flow\" style=\"flex-basis:50%\">\n<div class=\"wp-block-buttons is-layout-flex wp-block-buttons-is-layout-flex\">\n<div class=\"wp-block-button has-custom-width wp-block-button__width-100 is-style-outline is-style-outline--1\"><a class=\"wp-block-button__link wp-element-button\" href=\"https:\/\/webs.uab.cat\/cimitec\/articles-en-revistes\/\">\u00edndex<\/a><\/div>\n<\/div>\n<\/div>\n\n\n\n<div class=\"wp-block-column is-layout-flow wp-block-column-is-layout-flow\" style=\"flex-basis:25%\">\n<div class=\"wp-block-buttons is-layout-flex wp-block-buttons-is-layout-flex\">\n<div class=\"wp-block-button has-custom-width wp-block-button__width-100\"><a class=\"wp-block-button__link wp-element-button\" href=\"https:\/\/webs.uab.cat\/cimitec\/articles-en-revistes\/2003-2\/\">2003 &gt;&gt;<\/a><\/div>\n<\/div>\n<\/div>\n<\/div>\n","protected":false},"excerpt":{"rendered":"","protected":false},"author":2651,"featured_media":0,"parent":28,"menu_order":19,"comment_status":"closed","ping_status":"closed","template":"","meta":{"footnotes":""},"class_list":["post-445","page","type-page","status-publish","hentry"],"_links":{"self":[{"href":"https:\/\/webs.uab.cat\/cimitec\/wp-json\/wp\/v2\/pages\/445","targetHints":{"allow":["GET"]}}],"collection":[{"href":"https:\/\/webs.uab.cat\/cimitec\/wp-json\/wp\/v2\/pages"}],"about":[{"href":"https:\/\/webs.uab.cat\/cimitec\/wp-json\/wp\/v2\/types\/page"}],"author":[{"embeddable":true,"href":"https:\/\/webs.uab.cat\/cimitec\/wp-json\/wp\/v2\/users\/2651"}],"replies":[{"embeddable":true,"href":"https:\/\/webs.uab.cat\/cimitec\/wp-json\/wp\/v2\/comments?post=445"}],"version-history":[{"count":5,"href":"https:\/\/webs.uab.cat\/cimitec\/wp-json\/wp\/v2\/pages\/445\/revisions"}],"predecessor-version":[{"id":2749,"href":"https:\/\/webs.uab.cat\/cimitec\/wp-json\/wp\/v2\/pages\/445\/revisions\/2749"}],"up":[{"embeddable":true,"href":"https:\/\/webs.uab.cat\/cimitec\/wp-json\/wp\/v2\/pages\/28"}],"wp:attachment":[{"href":"https:\/\/webs.uab.cat\/cimitec\/wp-json\/wp\/v2\/media?parent=445"}],"curies":[{"name":"wp","href":"https:\/\/api.w.org\/{rel}","templated":true}]}}