{"id":7,"date":"2024-09-22T10:51:22","date_gmt":"2024-09-22T08:51:22","guid":{"rendered":"https:\/\/webs.uab.cat\/cities-in-movement\/?page_id=7"},"modified":"2024-09-22T11:22:07","modified_gmt":"2024-09-22T09:22:07","slug":"research-team","status":"publish","type":"page","link":"https:\/\/webs.uab.cat\/cities-in-movement\/research-team\/","title":{"rendered":"4. Research Team"},"content":{"rendered":"\n<p class=\"has-large-font-size\"><strong>Research Team<\/strong><\/p>\n\n\n\n<p>Principal Investigator: Antonio L\u00f3pez Gay\u00a0(tlopez@ced.uab.cat)<\/p>\n\n\n\n<p>Postdoctoral Researcher: Brian Rosa\u00a0(Brian.Rosa@uab.cat)<\/p>\n\n\n\n<p>Senior Research Technician: Karen Ortega Burgos\u00a0(kortega@ced.uab.cat)<\/p>\n\n\n\n<p>Collaborating Postdoctoral Researcher: Jes\u00fas Garc\u00eda G\u00f3mez\u00a0(Jesus.Garcia.Gomez@uab.cat) <\/p>\n\n\n\n<p>Collaborating Predoctoral Researcher: Carlos Sanz P\u00e9rez\u00a0(csanz@ced.uab.cat)<\/p>\n","protected":false},"excerpt":{"rendered":"<p>Research Team Principal Investigator: Antonio L\u00f3pez Gay\u00a0(tlopez@ced.uab.cat) Postdoctoral Researcher: Brian Rosa\u00a0(Brian.Rosa@uab.cat) Senior Research Technician: Karen Ortega Burgos\u00a0(kortega@ced.uab.cat) Collaborating Postdoctoral Researcher: Jes\u00fas Garc\u00eda G\u00f3mez\u00a0(Jesus.Garcia.Gomez@uab.cat) Collaborating Predoctoral Researcher: Carlos Sanz P\u00e9rez\u00a0(csanz@ced.uab.cat)<\/p>\n","protected":false},"author":2963,"featured_media":0,"parent":0,"menu_order":0,"comment_status":"closed","ping_status":"closed","template":"","meta":{"footnotes":""},"class_list":["post-7","page","type-page","status-publish","hentry"],"_links":{"self":[{"href":"https:\/\/webs.uab.cat\/cities-in-movement\/wp-json\/wp\/v2\/pages\/7","targetHints":{"allow":["GET"]}}],"collection":[{"href":"https:\/\/webs.uab.cat\/cities-in-movement\/wp-json\/wp\/v2\/pages"}],"about":[{"href":"https:\/\/webs.uab.cat\/cities-in-movement\/wp-json\/wp\/v2\/types\/page"}],"author":[{"embeddable":true,"href":"https:\/\/webs.uab.cat\/cities-in-movement\/wp-json\/wp\/v2\/users\/2963"}],"replies":[{"embeddable":true,"href":"https:\/\/webs.uab.cat\/cities-in-movement\/wp-json\/wp\/v2\/comments?post=7"}],"version-history":[{"count":4,"href":"https:\/\/webs.uab.cat\/cities-in-movement\/wp-json\/wp\/v2\/pages\/7\/revisions"}],"predecessor-version":[{"id":19,"href":"https:\/\/webs.uab.cat\/cities-in-movement\/wp-json\/wp\/v2\/pages\/7\/revisions\/19"}],"wp:attachment":[{"href":"https:\/\/webs.uab.cat\/cities-in-movement\/wp-json\/wp\/v2\/media?parent=7"}],"curies":[{"name":"wp","href":"https:\/\/api.w.org\/{rel}","templated":true}]}}