{"id":416,"date":"2023-07-26T13:02:51","date_gmt":"2023-07-26T11:02:51","guid":{"rendered":"https:\/\/webs.uab.cat\/compbionanocat\/?page_id=416"},"modified":"2023-07-26T13:23:55","modified_gmt":"2023-07-26T11:23:55","slug":"xavier-solans-monfort","status":"publish","type":"page","link":"https:\/\/webs.uab.cat\/compbionanocat\/xavier-solans-monfort\/","title":{"rendered":"Xavier Solans Monfort"},"content":{"rendered":"\n<p><\/p>\n\n\n\n<div class=\"wp-block-columns alignwide is-layout-flex wp-container-core-columns-is-layout-9d6595d7 wp-block-columns-is-layout-flex\">\n<div class=\"wp-block-column is-layout-flow wp-block-column-is-layout-flow\">\n<figure class=\"wp-block-image size-full is-resized is-style-rounded\"><img loading=\"lazy\" decoding=\"async\" src=\"https:\/\/webs.uab.cat\/compbionanocat\/wp-content\/uploads\/sites\/452\/2023\/07\/xavier-solans.jpg\" alt=\"\" class=\"wp-image-417\" width=\"427\" height=\"427\" srcset=\"https:\/\/webs.uab.cat\/compbionanocat\/wp-content\/uploads\/sites\/452\/2023\/07\/xavier-solans.jpg 337w, https:\/\/webs.uab.cat\/compbionanocat\/wp-content\/uploads\/sites\/452\/2023\/07\/xavier-solans-300x300.jpg 300w, https:\/\/webs.uab.cat\/compbionanocat\/wp-content\/uploads\/sites\/452\/2023\/07\/xavier-solans-150x150.jpg 150w\" sizes=\"auto, (max-width: 427px) 100vw, 427px\" \/><\/figure>\n<\/div>\n\n\n\n<div class=\"wp-block-column is-layout-flow wp-block-column-is-layout-flow\"><p><a href=\"https:\/\/orcid.org\/0000-0002-2172-3895\" target=\"_blank\" rel=\"noopener\"><img decoding=\"async\" src=\"https:\/\/orcid.figshare.com\/ndownloader\/files\/8439047\/preview\/8439047\/preview.jpg\" title=\"ORCID\" alt=\"ORCID logo\" width=\"30px\" border=\"20\" align=\"right\"><\/a><span style=\"width:100px\">&nbsp; &nbsp;<a href=\"https:\/\/www.researchgate.net\/profile\/Xavier-Solans-Monfort\" target=\"_blank\" rel=\"noopener\"><img decoding=\"async\" src=\"https:\/\/upload.wikimedia.org\/wikipedia\/commons\/thumb\/5\/5e\/ResearchGate_icon_SVG.svg\/1920px-ResearchGate_icon_SVG.svg.png?20201217223315\" title=\"ResearchGate\" alt=\"RG\" width=\"30px\" border=\"20\" align=\"right\"><\/a><\/span>&nbsp; &nbsp;<a href=\"https:\/\/www.linkedin.com\/in\/xavier-solans-monfort-23aa693b\/\" target=\"_blank\" rel=\"noopener\"><img decoding=\"async\" src=\"https:\/\/content.linkedin.com\/content\/dam\/me\/business\/en-us\/amp\/brand-site\/v2\/bg\/LI-Bug.svg.original.svg\" title=\"LINKEDIN\" alt=\"LINKEDIN logo\" width=\"35px\" border=\"20\" align=\"right\"><\/a><span style=\"width:100px\"><\/span><\/p>\n\n\n\n<p class=\"has-text-align-right\"><strong>Xavier Solans Monfort<\/strong> es va doctorar en Qu\u00edmica per la Universitat Aut\u00f2noma de Barcelona a l&#8217;octubre de 2003. Despr\u00e9s de defensar la tesi, va realitzar una estada postdoctoral de gaireb\u00e9 3 anys en el grup del Professor O. Eisenstein (CNRS &#8211; Universitat de Montpeller II). Al 2006, va obtenir una pla\u00e7a Ram\u00f3n y Cajal i va tornar de nou al Departament de Qu\u00edmica de la Universitat Aut\u00f2noma de Barcelona. Des de desembre de 2014, \u00e9s catedr\u00e0tic Agregat Serra H\u00fanter. Durant la seva carrera, Xavier Solans Monfort tamb\u00e9 va realitzar diverses estades curtes en laboratoris a l&#8217;estranger, incloent 3 mesos en el grup del Prof. J. Sauer (Universitat Humboldt de Berl\u00edn), 6 mesos en el grup del Prof. P. Ugliengo (Universitat de Tor\u00ed) i 8 mesos en el grup del Prof. C. Cop\u00e9ret (ETH Z\u00fcrich).<br>Els seus principals interessos de recerca se centren en la modelitzaci\u00f3 de la reactivitat qu\u00edmica catalitzada per catalitzadors heterogenis ben definits. En particular, els projectes m\u00e9s recents tracten de la modelitzaci\u00f3 de:<\/p>\n\n\n\n<p class=\"has-text-align-right\"> i) catalitzadors suportats en materials a base de s\u00edlice <\/p>\n\n\n\n<p class=\"has-text-align-right\">ii) la reacci\u00f3 de met\u00e0tesi d&#8217;olefines <\/p>\n\n\n\n<p class=\"has-text-align-right\">iii) nanopart\u00edcules d&#8217;\u00f2xids met\u00e0l\u00b7lics.<\/p>\n<\/div>\n<\/div>\n","protected":false},"excerpt":{"rendered":"<p>Xavier Solans Monfort es va doctorar en Qu\u00edmica per la Universitat Aut\u00f2noma de Barcelona a l&#8217;octubre de 2003. Despr\u00e9s de defensar la tesi, va realitzar una estada postdoctoral de gaireb\u00e9 3 anys en el grup del Professor O. Eisenstein (CNRS &#8211; Universitat de Montpeller II). Al 2006, va obtenir una pla\u00e7a Ram\u00f3n y Cajal i [&hellip;]<\/p>\n","protected":false},"author":2705,"featured_media":0,"parent":0,"menu_order":0,"comment_status":"closed","ping_status":"closed","template":"","meta":{"footnotes":""},"class_list":["post-416","page","type-page","status-publish","hentry"],"_links":{"self":[{"href":"https:\/\/webs.uab.cat\/compbionanocat\/wp-json\/wp\/v2\/pages\/416","targetHints":{"allow":["GET"]}}],"collection":[{"href":"https:\/\/webs.uab.cat\/compbionanocat\/wp-json\/wp\/v2\/pages"}],"about":[{"href":"https:\/\/webs.uab.cat\/compbionanocat\/wp-json\/wp\/v2\/types\/page"}],"author":[{"embeddable":true,"href":"https:\/\/webs.uab.cat\/compbionanocat\/wp-json\/wp\/v2\/users\/2705"}],"replies":[{"embeddable":true,"href":"https:\/\/webs.uab.cat\/compbionanocat\/wp-json\/wp\/v2\/comments?post=416"}],"version-history":[{"count":2,"href":"https:\/\/webs.uab.cat\/compbionanocat\/wp-json\/wp\/v2\/pages\/416\/revisions"}],"predecessor-version":[{"id":451,"href":"https:\/\/webs.uab.cat\/compbionanocat\/wp-json\/wp\/v2\/pages\/416\/revisions\/451"}],"wp:attachment":[{"href":"https:\/\/webs.uab.cat\/compbionanocat\/wp-json\/wp\/v2\/media?parent=416"}],"curies":[{"name":"wp","href":"https:\/\/api.w.org\/{rel}","templated":true}]}}