{"id":360,"date":"2025-02-26T15:43:12","date_gmt":"2025-02-26T15:43:12","guid":{"rendered":"https:\/\/webs.uab.cat\/compred\/?page_id=360"},"modified":"2025-09-16T06:55:59","modified_gmt":"2025-09-16T06:55:59","slug":"historia-i-valors","status":"publish","type":"page","link":"https:\/\/webs.uab.cat\/compred\/compred\/historia-i-valors\/","title":{"rendered":"Hist\u00f2ria i valors"},"content":{"rendered":"\n<h2 class=\"wp-block-heading\">Com neix?<\/h2>\n\n\n\n<p>El projecte neix arran d\u2019una subvenci\u00f3 atorgada per la Facultat de Ci\u00e8ncies de l\u2019Educaci\u00f3 de la Universitat Aut\u00f2noma de Barcelona (UAB). Va ser fundat el 2019 per Carla Quesada i Georgina Par\u00eds. L\u2019objectiu inicial era crear un repositori digital centrat en l\u2019aprenentatge col\u00b7laboratiu i el desenvolupament de compet\u00e8ncies investigadores en educaci\u00f3. En els anys seg\u00fcents, hem ampliat el nostre comprom\u00eds amb la recerca i la innovaci\u00f3.<\/p>\n\n\n\n<p>Els nostres valors inclouen l\u2019accessibilitat als recursos, la qualitat en la seva selecci\u00f3 per experts i la col\u00b7laboraci\u00f3 i interacci\u00f3 en una comunitat d\u2019aprenentatge. A m\u00e9s, promovem la innovaci\u00f3 cont\u00ednua mitjan\u00e7ant el feedback i la contribuci\u00f3 de recursos per assegurar l\u2019actualitzaci\u00f3 constant del contingut.<\/p>\n\n\n\n<h2 class=\"wp-block-heading\">Valors<\/h2>\n\n\n\n<ul class=\"wp-block-list\">\n<li>Ci\u00e8ncia oberta<\/li>\n\n\n\n<li>Enriquiment a partir de la diversitat i especialitats internes<\/li>\n\n\n\n<li>Diversitat metodol\u00f2gica<\/li>\n\n\n\n<li>Metodologies participatives<\/li>\n\n\n\n<li>Treball interdisciplinari<\/li>\n\n\n\n<li>Mentoria i acompanyament<\/li>\n\n\n\n<li>Respecte pel temps de reflexi\u00f3 i la cura dels processos<\/li>\n<\/ul>\n\n\n\n<div class=\"wp-block-columns alignfull is-layout-flex wp-container-core-columns-is-layout-9d6595d7 wp-block-columns-is-layout-flex\">\n<div class=\"wp-block-column is-vertically-aligned-center is-layout-flow wp-block-column-is-layout-flow\"><div class=\"wp-block-image\">\n<figure class=\"aligncenter size-large\"><img loading=\"lazy\" decoding=\"async\" width=\"1024\" height=\"771\" src=\"https:\/\/webs.uab.cat\/compred\/wp-content\/uploads\/sites\/135\/2025\/05\/que-es-compred-1024x771.jpg\" alt=\"\" class=\"wp-image-752\" style=\"aspect-ratio:3\/2;object-fit:cover\" srcset=\"https:\/\/webs.uab.cat\/compred\/wp-content\/uploads\/sites\/135\/2025\/05\/que-es-compred-1024x771.jpg 1024w, https:\/\/webs.uab.cat\/compred\/wp-content\/uploads\/sites\/135\/2025\/05\/que-es-compred-300x226.jpg 300w, https:\/\/webs.uab.cat\/compred\/wp-content\/uploads\/sites\/135\/2025\/05\/que-es-compred-768x578.jpg 768w, https:\/\/webs.uab.cat\/compred\/wp-content\/uploads\/sites\/135\/2025\/05\/que-es-compred-1536x1157.jpg 1536w, https:\/\/webs.uab.cat\/compred\/wp-content\/uploads\/sites\/135\/2025\/05\/que-es-compred-1200x904.jpg 1200w, https:\/\/webs.uab.cat\/compred\/wp-content\/uploads\/sites\/135\/2025\/05\/que-es-compred-1980x1491.jpg 1980w, https:\/\/webs.uab.cat\/compred\/wp-content\/uploads\/sites\/135\/2025\/05\/que-es-compred.jpg 2048w\" sizes=\"auto, (max-width: 1024px) 100vw, 1024px\" \/><\/figure>\n<\/div><\/div>\n<\/div>\n\n\n\n<h2 class=\"wp-block-heading\">Coordinaci\u00f3 de CompREd:<\/h2>\n\n\n\n<ul class=\"wp-block-list\">\n<li><strong>2019-2020<\/strong> Carla Quesada i Georgina Par\u00eds<\/li>\n\n\n\n<li><strong>2020-2021<\/strong> Carla Quesada i Georgina Par\u00eds<\/li>\n\n\n\n<li><strong>2021-2022<\/strong> Carla Quesada i Paloma Valdivia<\/li>\n\n\n\n<li><strong>2022-2023<\/strong> Carla Quesada i Paloma Valdivia<\/li>\n\n\n\n<li><strong>2<strong>023-2024<\/strong><\/strong> Carla Quesada i Paloma Valdivia<\/li>\n\n\n\n<li><strong>2024-2025<\/strong> Paloma Valdivia i Anna Ciraso<\/li>\n\n\n\n<li><strong>2025-2026<\/strong> Anna Ciraso i Helena Roig<\/li>\n<\/ul>\n\n\n\n<div class=\"wp-block-columns alignwide has-blanc-coco-background-color has-background is-layout-flex wp-container-core-columns-is-layout-9d6595d7 wp-block-columns-is-layout-flex\">\n<div class=\"wp-block-column is-layout-flow wp-block-column-is-layout-flow\">\n<h4 class=\"wp-block-heading\">Col\u00b7laboradors<\/h4>\n\n\n\n<div class=\"wp-block-columns are-vertically-aligned-top is-layout-flex wp-container-core-columns-is-layout-9d6595d7 wp-block-columns-is-layout-flex\">\n<div class=\"wp-block-column is-vertically-aligned-top is-layout-flow wp-block-column-is-layout-flow\">\n<figure class=\"wp-block-image size-full\"><img loading=\"lazy\" decoding=\"async\" width=\"475\" height=\"168\" src=\"https:\/\/webs.uab.cat\/compred\/wp-content\/uploads\/sites\/135\/2025\/03\/logo-uab-facultat.jpg\" alt=\"\" class=\"wp-image-677\" srcset=\"https:\/\/webs.uab.cat\/compred\/wp-content\/uploads\/sites\/135\/2025\/03\/logo-uab-facultat.jpg 475w, https:\/\/webs.uab.cat\/compred\/wp-content\/uploads\/sites\/135\/2025\/03\/logo-uab-facultat-300x106.jpg 300w\" sizes=\"auto, (max-width: 475px) 100vw, 475px\" \/><\/figure>\n<\/div>\n\n\n\n<div class=\"wp-block-column is-vertically-aligned-top is-layout-flow wp-block-column-is-layout-flow\">\n<figure class=\"wp-block-image size-full\"><img loading=\"lazy\" decoding=\"async\" width=\"644\" height=\"231\" src=\"https:\/\/webs.uab.cat\/compred\/wp-content\/uploads\/sites\/135\/2025\/03\/fundacion-la-caixa.jpg\" alt=\"\" class=\"wp-image-682\" srcset=\"https:\/\/webs.uab.cat\/compred\/wp-content\/uploads\/sites\/135\/2025\/03\/fundacion-la-caixa.jpg 644w, https:\/\/webs.uab.cat\/compred\/wp-content\/uploads\/sites\/135\/2025\/03\/fundacion-la-caixa-300x108.jpg 300w\" sizes=\"auto, (max-width: 644px) 100vw, 644px\" \/><\/figure>\n<\/div>\n\n\n\n<div class=\"wp-block-column is-vertically-aligned-top is-layout-flow wp-block-column-is-layout-flow\">\n<figure class=\"wp-block-image size-full\"><img loading=\"lazy\" decoding=\"async\" width=\"388\" height=\"85\" src=\"https:\/\/webs.uab.cat\/compred\/wp-content\/uploads\/sites\/135\/2025\/03\/03-Generalitat-de-Catalunya-600x300px-ba1b2e15-1.png\" alt=\"\" class=\"wp-image-699\" srcset=\"https:\/\/webs.uab.cat\/compred\/wp-content\/uploads\/sites\/135\/2025\/03\/03-Generalitat-de-Catalunya-600x300px-ba1b2e15-1.png 388w, https:\/\/webs.uab.cat\/compred\/wp-content\/uploads\/sites\/135\/2025\/03\/03-Generalitat-de-Catalunya-600x300px-ba1b2e15-1-300x66.png 300w\" sizes=\"auto, (max-width: 388px) 100vw, 388px\" \/><\/figure>\n<\/div>\n\n\n\n<div class=\"wp-block-column is-vertically-aligned-top is-layout-flow wp-block-column-is-layout-flow\">\n<figure class=\"wp-block-image size-full\"><img loading=\"lazy\" decoding=\"async\" width=\"699\" height=\"169\" src=\"https:\/\/webs.uab.cat\/compred\/wp-content\/uploads\/sites\/135\/2020\/01\/institut-monturiol.jpg\" alt=\"\" class=\"wp-image-865\" srcset=\"https:\/\/webs.uab.cat\/compred\/wp-content\/uploads\/sites\/135\/2020\/01\/institut-monturiol.jpg 699w, https:\/\/webs.uab.cat\/compred\/wp-content\/uploads\/sites\/135\/2020\/01\/institut-monturiol-300x73.jpg 300w\" sizes=\"auto, (max-width: 699px) 100vw, 699px\" \/><\/figure>\n<\/div>\n<\/div>\n<\/div>\n<\/div>\n","protected":false},"excerpt":{"rendered":"<p>Com neix? El projecte neix arran d\u2019una subvenci\u00f3 atorgada per la Facultat de Ci\u00e8ncies de l\u2019Educaci\u00f3 de la Universitat Aut\u00f2noma de Barcelona (UAB). Va ser fundat el 2019 per Carla Quesada i Georgina Par\u00eds. L\u2019objectiu inicial era crear un repositori digital centrat en l\u2019aprenentatge col\u00b7laboratiu i el desenvolupament de compet\u00e8ncies investigadores en educaci\u00f3. En els [&hellip;]<\/p>\n","protected":false},"author":3035,"featured_media":0,"parent":358,"menu_order":2,"comment_status":"closed","ping_status":"closed","template":"index.php","meta":{"footnotes":""},"class_list":["post-360","page","type-page","status-publish","hentry"],"_links":{"self":[{"href":"https:\/\/webs.uab.cat\/compred\/wp-json\/wp\/v2\/pages\/360","targetHints":{"allow":["GET"]}}],"collection":[{"href":"https:\/\/webs.uab.cat\/compred\/wp-json\/wp\/v2\/pages"}],"about":[{"href":"https:\/\/webs.uab.cat\/compred\/wp-json\/wp\/v2\/types\/page"}],"author":[{"embeddable":true,"href":"https:\/\/webs.uab.cat\/compred\/wp-json\/wp\/v2\/users\/3035"}],"replies":[{"embeddable":true,"href":"https:\/\/webs.uab.cat\/compred\/wp-json\/wp\/v2\/comments?post=360"}],"version-history":[{"count":13,"href":"https:\/\/webs.uab.cat\/compred\/wp-json\/wp\/v2\/pages\/360\/revisions"}],"predecessor-version":[{"id":1030,"href":"https:\/\/webs.uab.cat\/compred\/wp-json\/wp\/v2\/pages\/360\/revisions\/1030"}],"up":[{"embeddable":true,"href":"https:\/\/webs.uab.cat\/compred\/wp-json\/wp\/v2\/pages\/358"}],"wp:attachment":[{"href":"https:\/\/webs.uab.cat\/compred\/wp-json\/wp\/v2\/media?parent=360"}],"curies":[{"name":"wp","href":"https:\/\/api.w.org\/{rel}","templated":true}]}}