{"id":27,"date":"2026-02-25T09:19:32","date_gmt":"2026-02-25T07:19:32","guid":{"rendered":"https:\/\/webs.uab.cat\/congreso-aeeao\/cfp\/"},"modified":"2026-02-27T10:57:47","modified_gmt":"2026-02-27T08:57:47","slug":"cfp","status":"publish","type":"page","link":"https:\/\/webs.uab.cat\/congreso-aeeao\/cfp\/","title":{"rendered":"Tipus de propostes"},"content":{"rendered":"\n<p>En aquesta edici\u00f3 del congr\u00e9s s\u2019ha decidit optar per un format de panells oberts, com una manera d\u2019afavorir la creaci\u00f3 de xarxes i sinergies entre investigadors. En aquest sentit, es valoraran especialment les propostes que tinguin un enfocament interdisciplinari i\/o multiregional. En primer lloc, s\u2019obrir\u00e0 un termini per a l\u2019enviament de propostes de panell, que consistiran en un t\u00edtol i una breu descripci\u00f3 del seu contingut, sense incloure comunicacions associades. La\/les persona\/es que el proposin moderaran aquest panell.\u00a0<\/p>\n\n\n\n<p>Posteriorment, s\u2019obrir\u00e0 el termini d\u2019enviament de resums per participar en el congr\u00e9s, amb dues opcions:&nbsp;<\/p>\n\n\n\n<ul class=\"wp-block-list\">\n<li>Les <strong>comunicacions <\/strong>tindran una durada m\u00e0xima de 15 minuts i, opcionalment, es podran adscriure a algun dels panells pr\u00e8viament aprovats pel comit\u00e8 organitzador.\u00a0<\/li>\n\n\n\n<li>Els <strong>p\u00f2sters <\/strong>s\u2019exposaran en un espai habilitat a aquest efecte i es reservar\u00e0 una sessi\u00f3 perqu\u00e8 els autors puguin presentar-los i intercanviar idees amb els assistents interessats.\u00a0<\/li>\n<\/ul>\n","protected":false},"excerpt":{"rendered":"<p>En aquesta edici\u00f3 del congr\u00e9s s\u2019ha decidit optar per un format de panells oberts, com una manera d\u2019afavorir la creaci\u00f3 de xarxes i sinergies entre investigadors. En aquest sentit, es valoraran especialment les propostes que tinguin un enfocament interdisciplinari i\/o multiregional. En primer lloc, s\u2019obrir\u00e0 un termini per a l\u2019enviament de propostes de panell, que [&hellip;]<\/p>\n","protected":false},"author":103,"featured_media":0,"parent":0,"menu_order":0,"comment_status":"closed","ping_status":"closed","template":"","meta":{"footnotes":""},"class_list":["post-27","page","type-page","status-publish","hentry"],"_links":{"self":[{"href":"https:\/\/webs.uab.cat\/congreso-aeeao\/wp-json\/wp\/v2\/pages\/27","targetHints":{"allow":["GET"]}}],"collection":[{"href":"https:\/\/webs.uab.cat\/congreso-aeeao\/wp-json\/wp\/v2\/pages"}],"about":[{"href":"https:\/\/webs.uab.cat\/congreso-aeeao\/wp-json\/wp\/v2\/types\/page"}],"author":[{"embeddable":true,"href":"https:\/\/webs.uab.cat\/congreso-aeeao\/wp-json\/wp\/v2\/users\/103"}],"replies":[{"embeddable":true,"href":"https:\/\/webs.uab.cat\/congreso-aeeao\/wp-json\/wp\/v2\/comments?post=27"}],"version-history":[{"count":4,"href":"https:\/\/webs.uab.cat\/congreso-aeeao\/wp-json\/wp\/v2\/pages\/27\/revisions"}],"predecessor-version":[{"id":349,"href":"https:\/\/webs.uab.cat\/congreso-aeeao\/wp-json\/wp\/v2\/pages\/27\/revisions\/349"}],"wp:attachment":[{"href":"https:\/\/webs.uab.cat\/congreso-aeeao\/wp-json\/wp\/v2\/media?parent=27"}],"curies":[{"name":"wp","href":"https:\/\/api.w.org\/{rel}","templated":true}]}}

<p>En aquesta edició del congrés s’ha decidit optar per un format de panells oberts, com una manera d’afavorir la creació de xarxes i sinergies entre investigadors. En aquest sentit, es valoraran especialment les propostes que tinguin un enfocament interdisciplinari i/o multiregional. En primer lloc, s’obrirà un termini per a l’enviament de propostes de panell, que consistiran en un títol i una breu descripció del seu contingut, sense incloure comunicacions associades. La/les persona/es que el proposin moderaran aquest panell. </p>



<p>Posteriorment, s’obrirà el termini d’enviament de resums per participar en el congrés, amb dues opcions:&nbsp;</p>



<ul class="wp-block-list">
<li>Les <strong>comunicacions </strong>tindran una durada màxima de 15 minuts i, opcionalment, es podran adscriure a algun dels panells prèviament aprovats pel comitè organitzador. </li>



<li>Els <strong>pòsters </strong>s’exposaran en un espai habilitat a aquest efecte i es reservarà una sessió perquè els autors puguin presentar-los i intercanviar idees amb els assistents interessats. </li>
</ul>

<p>En aquesta edició del congrés s’ha decidit optar per un format de panells oberts, com una manera d’afavorir la creació de xarxes i sinergies entre investigadors. En aquest sentit, es valoraran especialment les propostes que tinguin un enfocament interdisciplinari i/o multiregional. En primer lloc, s’obrirà un termini per a l’enviament de propostes de panell, que [&hellip;]</p>
