{"id":61,"date":"2026-02-25T09:28:33","date_gmt":"2026-02-25T07:28:33","guid":{"rendered":"https:\/\/webs.uab.cat\/congreso-aeeao\/?page_id=61"},"modified":"2026-04-14T16:22:26","modified_gmt":"2026-04-14T14:22:26","slug":"proposal-submission","status":"publish","type":"page","link":"https:\/\/webs.uab.cat\/congreso-aeeao\/proposal-submission\/","title":{"rendered":"Enviament de propostes"},"content":{"rendered":"\n<p>Totes les propostes (panells, comunicacions i p\u00f2sters) tindran una extensi\u00f3 aproximada de <strong>250\u2013300 paraules<\/strong> i s\u2019enviaran a trav\u00e9s del <a href=\"https:\/\/forms.office.com\/e\/WpZbSpyf2n\">formulari habilitat a aquest efecte<\/a>. No cal incloure bibliografia.\u00a0<\/p>\n\n\n\n<p>Els resums es poden redactar en <strong>castell\u00e0<\/strong> o en <strong>angl\u00e8s<\/strong>. La llengua utilitzada en el resum haur\u00e0 de ser tamb\u00e9 la llengua emprada durant la pon\u00e8ncia.&nbsp;<\/p>\n\n\n\n<p>Cada persona nom\u00e9s pot enviar una proposta de pon\u00e8ncia, per\u00f2 \u00e9s possible constar com a participant en altres presentacions. S\u2019emetr\u00e0 un \u00fanic certificat per pon\u00e8ncia, que inclour\u00e0 el nom de tots els autors indicats a la proposta.&nbsp;<\/p>\n\n\n\n<p>El comit\u00e8 organitzador es reserva el dret de canviar l\u2019\u00e0rea d\u2019una comunicaci\u00f3 si es considera necessari, amb av\u00eds previ a l\u2019autor o autora de la proposta. Aix\u00ed mateix, es reserva el dret de passar al format de p\u00f2ster alguna proposta de comunicaci\u00f3, pr\u00e8via consulta amb els autors o autores.&nbsp;<\/p>\n\n\n\n<p><\/p>\n","protected":false},"excerpt":{"rendered":"<p>Totes les propostes (panells, comunicacions i p\u00f2sters) tindran una extensi\u00f3 aproximada de 250\u2013300 paraules i s\u2019enviaran a trav\u00e9s del formulari habilitat a aquest efecte. No cal incloure bibliografia.\u00a0 Els resums es poden redactar en castell\u00e0 o en angl\u00e8s. La llengua utilitzada en el resum haur\u00e0 de ser tamb\u00e9 la llengua emprada durant la pon\u00e8ncia.&nbsp; Cada [&hellip;]<\/p>\n","protected":false},"author":103,"featured_media":0,"parent":0,"menu_order":0,"comment_status":"closed","ping_status":"closed","template":"","meta":{"footnotes":""},"class_list":["post-61","page","type-page","status-publish","hentry"],"_links":{"self":[{"href":"https:\/\/webs.uab.cat\/congreso-aeeao\/wp-json\/wp\/v2\/pages\/61","targetHints":{"allow":["GET"]}}],"collection":[{"href":"https:\/\/webs.uab.cat\/congreso-aeeao\/wp-json\/wp\/v2\/pages"}],"about":[{"href":"https:\/\/webs.uab.cat\/congreso-aeeao\/wp-json\/wp\/v2\/types\/page"}],"author":[{"embeddable":true,"href":"https:\/\/webs.uab.cat\/congreso-aeeao\/wp-json\/wp\/v2\/users\/103"}],"replies":[{"embeddable":true,"href":"https:\/\/webs.uab.cat\/congreso-aeeao\/wp-json\/wp\/v2\/comments?post=61"}],"version-history":[{"count":5,"href":"https:\/\/webs.uab.cat\/congreso-aeeao\/wp-json\/wp\/v2\/pages\/61\/revisions"}],"predecessor-version":[{"id":483,"href":"https:\/\/webs.uab.cat\/congreso-aeeao\/wp-json\/wp\/v2\/pages\/61\/revisions\/483"}],"wp:attachment":[{"href":"https:\/\/webs.uab.cat\/congreso-aeeao\/wp-json\/wp\/v2\/media?parent=61"}],"curies":[{"name":"wp","href":"https:\/\/api.w.org\/{rel}","templated":true}]}}

<p>Totes les propostes (panells, comunicacions i pòsters) tindran una extensió aproximada de <strong>250–300 paraules</strong> i s’enviaran a través del <a href="https://forms.office.com/e/WpZbSpyf2n">formulari habilitat a aquest efecte</a>. No cal incloure bibliografia. </p>



<p>Els resums es poden redactar en <strong>castellà</strong> o en <strong>anglès</strong>. La llengua utilitzada en el resum haurà de ser també la llengua emprada durant la ponència.&nbsp;</p>



<p>Cada persona només pot enviar una proposta de ponència, però és possible constar com a participant en altres presentacions. S’emetrà un únic certificat per ponència, que inclourà el nom de tots els autors indicats a la proposta.&nbsp;</p>



<p>El comitè organitzador es reserva el dret de canviar l’àrea d’una comunicació si es considera necessari, amb avís previ a l’autor o autora de la proposta. Així mateix, es reserva el dret de passar al format de pòster alguna proposta de comunicació, prèvia consulta amb els autors o autores.&nbsp;</p>



<p></p>

<p>Totes les propostes (panells, comunicacions i pòsters) tindran una extensió aproximada de 250–300 paraules i s’enviaran a través del formulari habilitat a aquest efecte. No cal incloure bibliografia.  Els resums es poden redactar en castellà o en anglès. La llengua utilitzada en el resum haurà de ser també la llengua emprada durant la ponència.&nbsp; Cada [&hellip;]</p>
