{"id":9,"date":"2026-02-25T09:02:15","date_gmt":"2026-02-25T07:02:15","guid":{"rendered":"https:\/\/webs.uab.cat\/congreso-aeeao\/?page_id=9"},"modified":"2026-04-14T16:26:26","modified_gmt":"2026-04-14T14:26:26","slug":"presentacio","status":"publish","type":"page","link":"https:\/\/webs.uab.cat\/congreso-aeeao\/","title":{"rendered":"Presentaci\u00f3"},"content":{"rendered":"\n<h2 class=\"wp-block-heading\"><strong>Una d\u00e8cada mirant&nbsp;a&nbsp;l\u2019\u00c0sia Oriental: continu\u00eftats, transformacions&nbsp;i&nbsp;nous enfocaments<\/strong><\/h2>\n\n\n\n<div class=\"wp-block-media-text is-stacked-on-mobile\"><figure class=\"wp-block-media-text__media\"><img loading=\"lazy\" decoding=\"async\" width=\"839\" height=\"1024\" src=\"https:\/\/webs.uab.cat\/congreso-aeeao\/wp-content\/uploads\/sites\/717\/2026\/02\/Imagen-V-Congreso-1-1-839x1024.jpeg\" alt=\"\" class=\"wp-image-320 size-full\" srcset=\"https:\/\/webs.uab.cat\/congreso-aeeao\/wp-content\/uploads\/sites\/717\/2026\/02\/Imagen-V-Congreso-1-1-839x1024.jpeg 839w, https:\/\/webs.uab.cat\/congreso-aeeao\/wp-content\/uploads\/sites\/717\/2026\/02\/Imagen-V-Congreso-1-1-246x300.jpeg 246w, https:\/\/webs.uab.cat\/congreso-aeeao\/wp-content\/uploads\/sites\/717\/2026\/02\/Imagen-V-Congreso-1-1-768x937.jpeg 768w, https:\/\/webs.uab.cat\/congreso-aeeao\/wp-content\/uploads\/sites\/717\/2026\/02\/Imagen-V-Congreso-1-1-1258x1536.jpeg 1258w, https:\/\/webs.uab.cat\/congreso-aeeao\/wp-content\/uploads\/sites\/717\/2026\/02\/Imagen-V-Congreso-1-1-1678x2048.jpeg 1678w, https:\/\/webs.uab.cat\/congreso-aeeao\/wp-content\/uploads\/sites\/717\/2026\/02\/Imagen-V-Congreso-1-1-1200x1465.jpeg 1200w, https:\/\/webs.uab.cat\/congreso-aeeao\/wp-content\/uploads\/sites\/717\/2026\/02\/Imagen-V-Congreso-1-1-1980x2417.jpeg 1980w\" sizes=\"auto, (max-width: 839px) 100vw, 839px\" \/><\/figure><div class=\"wp-block-media-text__content\">\n<p><strong>Universitat Aut\u00f2noma de Barcelona,<\/strong> <strong>25, 26 i 27 de gener de 2027<\/strong><\/p>\n\n\n\n<p><\/p>\n<\/div><\/div>\n\n\n\n<p>L\u2019any 2026 se celebren deu anys de l\u2019Associaci\u00f3 Espanyola d\u2019Estudis de l\u2019\u00c0sia Oriental (AEEAO), una d\u00e8cada en qu\u00e8 els estudis sobre l\u2019\u00c0sia Oriental han adquirit una rellev\u00e0ncia creixent en un context global marcat per profundes\u00a0transformacions pol\u00edtiques, econ\u00f2miques, socials, culturals i tecnol\u00f2giques. Amb motiu d\u2019aquest aniversari, el V Congr\u00e9s de l\u2019AEEAO es concep com un espai de trobada i de reflexi\u00f3 col\u00b7lectiva per repensar com estudiem l\u2019\u00c0sia Oriental, des de quins posicionaments te\u00f2rics i metodol\u00f2gics ho fem i amb quines eines abordem els reptes de recerca del present i del futur.\u00a0<\/p>\n\n\n\n<p>Des de la seva creaci\u00f3, l\u2019AEEAO ha promogut enfocaments interdisciplinaris que integren les humanitats, les ci\u00e8ncies socials, els estudis ling\u00fc\u00edstics i culturals, l\u2019economia, les relacions internacionals, la traducci\u00f3 i la mediaci\u00f3 intercultural. El congr\u00e9s convida a revisar cr\u00edticament les traject\u00f2ries de cadascun d\u2019aquests \u00e0mbits, a identificar noves l\u00ednies de recerca i a debatre quin \u00e9s el paper de l\u2019\u00c0sia Oriental en el m\u00f3n contemporani, atenent la diversitat i la complexitat de les seves societats.&nbsp;<\/p>\n\n\n\n<p>Aix\u00ed mateix, es volen enfortir les xarxes acad\u00e8miques existents, crear noves sinergies, promoure el di\u00e0leg interinstitucional i millorar la transfer\u00e8ncia del coneixement, tot fomentant la connexi\u00f3 del m\u00f3n acad\u00e8mic amb la societat. La trobada aspira a consolidar-se com un espai obert, plural i cr\u00edtic per pensar col\u00b7lectivament el present i el futur dels estudis sobre l\u2019\u00c0sia Oriental.&nbsp;<\/p>\n\n\n\n<p>Sota aquest paraigua, els \u00e0mbits tem\u00e0tics que es proposen en aquest congr\u00e9s s\u00f3n els seg\u00fcents:&nbsp;<\/p>\n\n\n\n<p>\u2022 Ci\u00e8ncies i enginyeries&nbsp;<\/p>\n\n\n\n<p>\u2022 Dret i relacions internacionals&nbsp;<\/p>\n\n\n\n<p>\u2022 Filosofia i pensament&nbsp;<\/p>\n\n\n\n<p>\u2022 Hist\u00f2ria de l\u2019art i cultura visual&nbsp;<\/p>\n\n\n\n<p>\u2022 Hist\u00f2ria i arqueologia&nbsp;<\/p>\n\n\n\n<p>\u2022 Llengua i cultura&nbsp;<\/p>\n\n\n\n<p>\u2022 Literatura&nbsp;<\/p>\n\n\n\n<p>\u2022 Pol\u00edtica i economia&nbsp;<\/p>\n\n\n\n<p>\u2022 Sociologia i antropologia&nbsp;<\/p>\n\n\n\n<p>\u2022 Traducci\u00f3, interpretaci\u00f3 i mediaci\u00f3&nbsp;<\/p>\n\n\n\n<p>\u2022 Urbanisme i medi ambient&nbsp;<\/p>\n\n\n\n<h2 class=\"wp-block-heading\">Dates d&#8217;inter\u00e8s<\/h2>\n\n\n\n<ul class=\"wp-block-list\">\n<li>Termini per a l\u2019enviament de propostes de panells: de l\u20191 al 21 de mar\u00e7 de 2026&nbsp;<\/li>\n\n\n\n<li>Notificaci\u00f3 de l\u2019acceptaci\u00f3 de panells: 15 d\u2019abril de 2026&nbsp;<\/li>\n\n\n\n<li><a href=\"https:\/\/webs.uab.cat\/congreso-aeeao\/proposal-submission\/\">Termini per a l\u2019enviament de resums<\/a>: del 15 d\u2019abril al 15 de maig de 2026\u00a0<\/li>\n\n\n\n<li>Notificaci\u00f3 de l\u2019acceptaci\u00f3 de resums: 7 de setembre de 2026&nbsp;<\/li>\n\n\n\n<li>Termini d\u2019inscripci\u00f3: del 15 de setembre al 15 de novembre de 2026&nbsp;<\/li>\n\n\n\n<li>Per\u00edode de sol\u00b7licitud de beques (vegeu la&nbsp;<a href=\"https:\/\/webs.uab.cat\/congreso-aeeao\/sollicitud-de-beques\/\">informaci\u00f3 sobre beques<\/a>): del 7 al 17 de setembre de 2026&nbsp;<\/li>\n\n\n\n<li>Notificaci\u00f3 de la resoluci\u00f3 de les beques: 1 d\u2019octubre de 2026&nbsp;<\/li>\n<\/ul>\n\n\n\n<h2 class=\"wp-block-heading\">Tipus de propostes<\/h2>\n\n\n\n<p>En aquesta edici\u00f3 del congr\u00e9s s\u2019ha decidit optar per un format de panells oberts, com una manera d\u2019afavorir la creaci\u00f3 de xarxes i sinergies entre investigadors. En aquest sentit, es valoraran especialment les propostes que tinguin un enfocament interdisciplinari i\/o multiregional. En primer lloc, s\u2019obrir\u00e0 un termini per a l\u2019enviament de propostes de panell, que consistiran en un t\u00edtol i una breu descripci\u00f3 del seu contingut, sense incloure comunicacions associades. La\/les persona\/es que el proposin moderaran aquest panell.&nbsp;<\/p>\n\n\n\n<p>Posteriorment, s\u2019obrir\u00e0 el <a href=\"https:\/\/webs.uab.cat\/congreso-aeeao\/proposal-submission\/\">termini d\u2019enviament de resums<\/a> per participar en el congr\u00e9s, amb dues opcions:\u00a0<\/p>\n\n\n\n<ul class=\"wp-block-list\">\n<li>Les&nbsp;<strong>comunicacions&nbsp;<\/strong>tindran una durada m\u00e0xima de 15 minuts i, opcionalment, es podran adscriure a algun dels panells pr\u00e8viament aprovats pel comit\u00e8 organitzador.&nbsp;<\/li>\n\n\n\n<li>Els&nbsp;<strong>p\u00f2sters&nbsp;<\/strong>s\u2019exposaran en un espai habilitat a aquest efecte i es reservar\u00e0 una sessi\u00f3 perqu\u00e8 els autors puguin presentar-los i intercanviar idees amb els assistents interessats.&nbsp;<\/li>\n<\/ul>\n","protected":false},"excerpt":{"rendered":"<p>Una d\u00e8cada mirant&nbsp;a&nbsp;l\u2019\u00c0sia Oriental: continu\u00eftats, transformacions&nbsp;i&nbsp;nous enfocaments Universitat Aut\u00f2noma de Barcelona, 25, 26 i 27 de gener de 2027 L\u2019any 2026 se celebren deu anys de l\u2019Associaci\u00f3 Espanyola d\u2019Estudis de l\u2019\u00c0sia Oriental (AEEAO), una d\u00e8cada en qu\u00e8 els estudis sobre l\u2019\u00c0sia Oriental han adquirit una rellev\u00e0ncia creixent en un context global marcat per profundes\u00a0transformacions pol\u00edtiques, [&hellip;]<\/p>\n","protected":false},"author":103,"featured_media":0,"parent":0,"menu_order":0,"comment_status":"closed","ping_status":"closed","template":"","meta":{"footnotes":""},"class_list":["post-9","page","type-page","status-publish","hentry"],"_links":{"self":[{"href":"https:\/\/webs.uab.cat\/congreso-aeeao\/wp-json\/wp\/v2\/pages\/9","targetHints":{"allow":["GET"]}}],"collection":[{"href":"https:\/\/webs.uab.cat\/congreso-aeeao\/wp-json\/wp\/v2\/pages"}],"about":[{"href":"https:\/\/webs.uab.cat\/congreso-aeeao\/wp-json\/wp\/v2\/types\/page"}],"author":[{"embeddable":true,"href":"https:\/\/webs.uab.cat\/congreso-aeeao\/wp-json\/wp\/v2\/users\/103"}],"replies":[{"embeddable":true,"href":"https:\/\/webs.uab.cat\/congreso-aeeao\/wp-json\/wp\/v2\/comments?post=9"}],"version-history":[{"count":9,"href":"https:\/\/webs.uab.cat\/congreso-aeeao\/wp-json\/wp\/v2\/pages\/9\/revisions"}],"predecessor-version":[{"id":488,"href":"https:\/\/webs.uab.cat\/congreso-aeeao\/wp-json\/wp\/v2\/pages\/9\/revisions\/488"}],"wp:attachment":[{"href":"https:\/\/webs.uab.cat\/congreso-aeeao\/wp-json\/wp\/v2\/media?parent=9"}],"curies":[{"name":"wp","href":"https:\/\/api.w.org\/{rel}","templated":true}]}}

Presentació

<h2 class="wp-block-heading"><strong>Una dècada mirant&nbsp;a&nbsp;l’Àsia Oriental: continuïtats, transformacions&nbsp;i&nbsp;nous enfocaments</strong></h2>



<div class="wp-block-media-text is-stacked-on-mobile"><figure class="wp-block-media-text__media"><img loading="lazy" decoding="async" width="839" height="1024" src="https://webs.uab.cat/congreso-aeeao/wp-content/uploads/sites/717/2026/02/Imagen-V-Congreso-1-1-839x1024.jpeg" alt="" class="wp-image-320 size-full" srcset="https://webs.uab.cat/congreso-aeeao/wp-content/uploads/sites/717/2026/02/Imagen-V-Congreso-1-1-839x1024.jpeg 839w, https://webs.uab.cat/congreso-aeeao/wp-content/uploads/sites/717/2026/02/Imagen-V-Congreso-1-1-246x300.jpeg 246w, https://webs.uab.cat/congreso-aeeao/wp-content/uploads/sites/717/2026/02/Imagen-V-Congreso-1-1-768x937.jpeg 768w, https://webs.uab.cat/congreso-aeeao/wp-content/uploads/sites/717/2026/02/Imagen-V-Congreso-1-1-1258x1536.jpeg 1258w, https://webs.uab.cat/congreso-aeeao/wp-content/uploads/sites/717/2026/02/Imagen-V-Congreso-1-1-1678x2048.jpeg 1678w, https://webs.uab.cat/congreso-aeeao/wp-content/uploads/sites/717/2026/02/Imagen-V-Congreso-1-1-1200x1465.jpeg 1200w, https://webs.uab.cat/congreso-aeeao/wp-content/uploads/sites/717/2026/02/Imagen-V-Congreso-1-1-1980x2417.jpeg 1980w" sizes="auto, (max-width: 839px) 100vw, 839px" /></figure><div class="wp-block-media-text__content">
<p><strong>Universitat Autònoma de Barcelona,</strong> <strong>25, 26 i 27 de gener de 2027</strong></p>



<p></p>
</div></div>



<p>L’any 2026 se celebren deu anys de l’Associació Espanyola d’Estudis de l’Àsia Oriental (AEEAO), una dècada en què els estudis sobre l’Àsia Oriental han adquirit una rellevància creixent en un context global marcat per profundes transformacions polítiques, econòmiques, socials, culturals i tecnològiques. Amb motiu d’aquest aniversari, el V Congrés de l’AEEAO es concep com un espai de trobada i de reflexió col·lectiva per repensar com estudiem l’Àsia Oriental, des de quins posicionaments teòrics i metodològics ho fem i amb quines eines abordem els reptes de recerca del present i del futur. </p>



<p>Des de la seva creació, l’AEEAO ha promogut enfocaments interdisciplinaris que integren les humanitats, les ciències socials, els estudis lingüístics i culturals, l’economia, les relacions internacionals, la traducció i la mediació intercultural. El congrés convida a revisar críticament les trajectòries de cadascun d’aquests àmbits, a identificar noves línies de recerca i a debatre quin és el paper de l’Àsia Oriental en el món contemporani, atenent la diversitat i la complexitat de les seves societats.&nbsp;</p>



<p>Així mateix, es volen enfortir les xarxes acadèmiques existents, crear noves sinergies, promoure el diàleg interinstitucional i millorar la transferència del coneixement, tot fomentant la connexió del món acadèmic amb la societat. La trobada aspira a consolidar-se com un espai obert, plural i crític per pensar col·lectivament el present i el futur dels estudis sobre l’Àsia Oriental.&nbsp;</p>



<p>Sota aquest paraigua, els àmbits temàtics que es proposen en aquest congrés són els següents:&nbsp;</p>



<p>• Ciències i enginyeries&nbsp;</p>



<p>• Dret i relacions internacionals&nbsp;</p>



<p>• Filosofia i pensament&nbsp;</p>



<p>• Història de l’art i cultura visual&nbsp;</p>



<p>• Història i arqueologia&nbsp;</p>



<p>• Llengua i cultura&nbsp;</p>



<p>• Literatura&nbsp;</p>



<p>• Política i economia&nbsp;</p>



<p>• Sociologia i antropologia&nbsp;</p>



<p>• Traducció, interpretació i mediació&nbsp;</p>



<p>• Urbanisme i medi ambient&nbsp;</p>



<h2 class="wp-block-heading">Dates d&#8217;interès</h2>



<ul class="wp-block-list">
<li>Termini per a l’enviament de propostes de panells: de l’1 al 21 de març de 2026&nbsp;</li>



<li>Notificació de l’acceptació de panells: 15 d’abril de 2026&nbsp;</li>



<li><a href="https://webs.uab.cat/congreso-aeeao/proposal-submission/">Termini per a l’enviament de resums</a>: del 15 d’abril al 15 de maig de 2026 </li>



<li>Notificació de l’acceptació de resums: 7 de setembre de 2026&nbsp;</li>



<li>Termini d’inscripció: del 15 de setembre al 15 de novembre de 2026&nbsp;</li>



<li>Període de sol·licitud de beques (vegeu la&nbsp;<a href="https://webs.uab.cat/congreso-aeeao/sollicitud-de-beques/">informació sobre beques</a>): del 7 al 17 de setembre de 2026&nbsp;</li>



<li>Notificació de la resolució de les beques: 1 d’octubre de 2026&nbsp;</li>
</ul>



<h2 class="wp-block-heading">Tipus de propostes</h2>



<p>En aquesta edició del congrés s’ha decidit optar per un format de panells oberts, com una manera d’afavorir la creació de xarxes i sinergies entre investigadors. En aquest sentit, es valoraran especialment les propostes que tinguin un enfocament interdisciplinari i/o multiregional. En primer lloc, s’obrirà un termini per a l’enviament de propostes de panell, que consistiran en un títol i una breu descripció del seu contingut, sense incloure comunicacions associades. La/les persona/es que el proposin moderaran aquest panell.&nbsp;</p>



<p>Posteriorment, s’obrirà el <a href="https://webs.uab.cat/congreso-aeeao/proposal-submission/">termini d’enviament de resums</a> per participar en el congrés, amb dues opcions: </p>



<ul class="wp-block-list">
<li>Les&nbsp;<strong>comunicacions&nbsp;</strong>tindran una durada màxima de 15 minuts i, opcionalment, es podran adscriure a algun dels panells prèviament aprovats pel comitè organitzador.&nbsp;</li>



<li>Els&nbsp;<strong>pòsters&nbsp;</strong>s’exposaran en un espai habilitat a aquest efecte i es reservarà una sessió perquè els autors puguin presentar-los i intercanviar idees amb els assistents interessats.&nbsp;</li>
</ul>

<p>Una dècada mirant&nbsp;a&nbsp;l’Àsia Oriental: continuïtats, transformacions&nbsp;i&nbsp;nous enfocaments Universitat Autònoma de Barcelona, 25, 26 i 27 de gener de 2027 L’any 2026 se celebren deu anys de l’Associació Espanyola d’Estudis de l’Àsia Oriental (AEEAO), una dècada en què els estudis sobre l’Àsia Oriental han adquirit una rellevància creixent en un context global marcat per profundes transformacions polítiques, [&hellip;]</p>
