{"id":568,"date":"2012-11-13T19:24:17","date_gmt":"2012-11-13T19:24:17","guid":{"rendered":"https:\/\/webs.uab.cat\/conxitamarquez\/col%c2%b7laboracions\/"},"modified":"2022-09-09T10:35:05","modified_gmt":"2022-09-09T10:35:05","slug":"col%c2%b7laboracions","status":"publish","type":"page","link":"https:\/\/webs.uab.cat\/conxitamarquez\/ca\/col%c2%b7laboracions\/","title":{"rendered":"Col\u00b7laboracions"},"content":{"rendered":"\n<h2 class=\"wp-block-heading\"><strong>Pertinen\u00e7a a grups de recerca: <\/strong><\/h2>\n\n\n\n<p>Grup de Recerca Consolidat ACELEC (Activitat Cient\u00edfica Escolar: Llenguatges, Eines i Contextos) 2017SGR1399<br>Grup de Recerca Consolidat LICEC (Llenguatge i Contextos en Educaci\u00f3 Cient\u00edfica) (2014)<br>Grup de Recerca Consolidat LIEC (Llenguatge i Ensenyament de les Ci\u00e8ncies) (2006 &#8211; 2014)<br>Grup COMPLEX (2006 &#8211; 2011)<br>CRECIM. Centre de Recerca per a l&#8217;Educaci\u00f3 Cient\u00edfica.Universitat Aut\u00f2noma de Barcelona (2003 &#8211; 2007)<\/p>\n\n\n\n<h2 class=\"wp-block-heading\"><strong>Col\u00b7laboracions en revistes:<\/strong><\/h2>\n\n\n\n<p><strong>Directora&nbsp;<\/strong>&#8211; Revista Ense\u00f1anza de las Ciencias (des de&nbsp;2016)<\/p>\n\n\n\n<p>Membre del Consell de redacci\u00f3-Revista Ense\u00f1anza de las Ciencias(des de 2002)<\/p>\n\n\n\n<p><strong>Revisora regular <\/strong>&#8211; Eureka<\/p>\n\n\n\n<p><strong>Revisora ocasional&nbsp;<\/strong><\/p>\n\n\n\n<p>WIREs Water<br>Ense\u00f1anza de las ciencias de la tierra- Infancia y Aprendizaje<br>Revista Electr\u00f2nica de Ense\u00f1anza de las ciencias-&nbsp; Revista internacional de investigaci\u00f3n en educaci\u00f3n. Editorial Magis- Pedagog\u00eda y saberes. Universidad pedag\u00f3gica Nacional. Facultad de educaci\u00f3n<\/p>\n\n\n\n<p><strong>Membre del consell assesor <\/strong>&#8211; Revista Electr\u00f2nica de Ense\u00f1anza de las ciencias &#8211; Editorial Barcanova (1997-2003)&nbsp; Revista Alambique<br>Membre del consell de redacci\u00f3 &#8211; Ense\u00f1anza de las Ciencias (des de 2002)<\/p>\n\n\n\n<p><strong>Coordinadora-<\/strong> Guia Praxis para el professorado. Ciencias de la Naturalesa<\/p>\n\n\n\n<h2 class=\"wp-block-heading\"><strong>Comissions consultores:<\/strong><\/h2>\n\n\n\n<p>Comisiones Cient\u00edfico T\u00e9cnicas de Evaluaci\u00f3n de las Convocatorias de Proyectos de I+D de\u00a0 Retos y Excelencia del a\u00f1o 2020, del \u00e1rea de Ciencias de la Educaci\u00f3n celebradas los d\u00edas 27 y<br>29 de abril de 2021. Evaluadora presencial.<\/p>\n\n\n\n<p>Comisiones Cient\u00edfico T\u00e9cnicas de Evaluaci\u00f3n de las Convocatorias de Proyectos de I+D de&nbsp; Retos y Excelencia del a\u00f1o 2020, del \u00e1rea de Ciencias de la Educaci\u00f3n celebradas los d\u00edas 27 y<br>29 de abril de 2019. Evaluadora presencial.<\/p>\n\n\n\n<p>Avaluadora &#8211; VIII ENPEC &#8211; Encontro Nacional de Pesquisa em Educa\u00e7ao em Ci\u00eancias e I CIEC &#8211; Congreso Iberoamericano de Investigaci\u00f3n en Ense\u00f1anza de las Ci\u00eancias (2011)<br>Avaluadora &#8211; VII Congreso Internacional de Ense\u00f1anza de las Ciencias sobre investigaci\u00f3n de did\u00e1ctica de las ciencias &#8211; Revista Ense\u00f1anza de las Ciencias (2005)<br>Avaluadora &#8211; 5th International ESERA Conference &#8211; European Science Education Research Association (ESERA) (2004-2005)<\/p>\n\n\n\n<p>Asessora &#8211; Elaboraci\u00f3 de proves inicials per a l&#8217;alumnat nouvingut- Serveis de Interculturalitat i Cohesio Social del Departament d&#8217;Educaci\u00f3 (2005-2006)<\/p>\n\n\n\n<h2 class=\"wp-block-heading\"><strong>Participacions a tribunals:<\/strong><\/h2>\n\n\n\n<p>Tesi doctoral \u00c0ngela Garcia Llad\u00f3- Universitat de Barcelona- Secret\u00e0ria- 20\/12\/2019<\/p>\n\n\n\n<p>Tesi doctoral Macarena Soto Alvarado- Universitat Aut\u00f2noma de Barcelona. 05\/02\/2018<\/p>\n\n\n\n<p>Suficiencia Investigadora. Dctorado en Did\u00e1ctica.Universidda Tecnol\u00f3gica de Pereira. Colombia. 24\/10\/2017<\/p>\n\n\n\n<p>Tesi doctoral- Pontificia Universidad Cat\u00f3lica de Chile &#8211; Evaluador extern (2014)<br>Tesi doctoral- Universidade de Santiago de Compostela &#8211; Vocal (2012)<br>Tesi doctoral- Universidad p\u00fablica de Navarra &#8211; Secret\u00e0ria (2012)<br>Tesi doctorals- Universitat Aut\u00f2noma de Barcelona &#8211; Presidenta (1), Secret\u00e0ria (6), Comit\u00e8 avaluador (3) (2001-2014)<br>Treballs de recerca i investigaci\u00f3 &#8211; Universitat Aut\u00f2noma de Barcelona &#8211; Presidenta (1), Membre tribunal (1), Secret\u00e0ria (6), Vocal (7)&nbsp;(2002-2008)<\/p>\n\n\n\n<p>3a mostra de recerca jove a Barcelona 2011 &#8211; Ajuntament de Barcelona. Recerca Jove Barcelona. Consorci d&#8217;Educaci\u00f3 de Barcelona &#8211; Membre del jurat (2011)<br>Premi extraordinari d&#8217;alguna de les titulacions de la Facultat de Ci\u00e8ncies de l&#8217;Educaci\u00f3 &#8211; UAB &#8211; Membre del tribunal (2008)<\/p>\n\n\n\n<h2 class=\"wp-block-heading\"><strong>Participaci\u00f3 en comit\u00e8s i representacions internacionals:<\/strong><\/h2>\n\n\n\n<p>XI Congreso Internacional sobre Investigaci\u00f3n en Did\u00e1ctica de las Ciencias. Universidad de Lisboa (2021)<\/p>\n\n\n\n<p>VII Seminario Iberoamericano CTS 20 aniversario. Universidad de Valencia. 19 a 21 de novembre de 2020. Membre del Comit\u00e9 Cient\u00edfic<\/p>\n\n\n\n<p>X Congreso Internacional sobre Investigaci\u00f3n en Did\u00e1ctica de las Ciencias &#8211; Universidad de Sevilla&nbsp;(2017)<br>III Simposio Internacional de Ense\u00f1anza de las Ciencias SIEC 2016 &#8211; Universidad de Vigo (2016)<br>IX Congreso Internacional sobre Investigaci\u00f3n en Did\u00e1ctica de las Ciencias &#8211; Institut de Ci\u00e8ncies de l&#8217;Educaci\u00f3 de la Universitat Aut\u00f2noma de Barcelona (2013)<br>Directora&nbsp;VIII Congreso Internacional sobre Investigaci\u00f3n en Did\u00e1ctica de las Ciencias &#8211;&nbsp;Institut de Ci\u00e8ncies de l&#8217;Educaci\u00f3 de la Universitat Aut\u00f2noma de Barcelona (2009)<br>VII Congreso Internacional sobre Investigaci\u00f3n en Did\u00e1ctica de las Ciencias &#8211; Institut de Ci\u00e8ncies de l&#8217;Educaci\u00f3 de la Universitat Aut\u00f2noma de Barcelona (2005)<br>5th International ESERA Conference &#8211; European Science Education Research Association (ESERA) (2005)<br>Jornades sobre l&#8217;Ensenyament de la Biologia i la Geologia a Secund\u00e0ria. &#8211;&nbsp; Col\u00b7legi de Doctors i Llicenciats. Departament d&#8217;Educaci\u00f3. Cosmocaixa. (2004)<br>Jornades d&#8217;Ensenyament de la Biologia i la Geologia a Secundaria &#8211;&nbsp; Col\u00b7legi de Doctors i llicenciats en Filosofia i Lletres i en Ci\u00e8ncies de Catalunya (2004)<br>3rd European Summerschool theory and methodology of research in science education &#8211; European Science Education Research Association (ESERA) (1996)<\/p>\n\n\n\n<h2 class=\"wp-block-heading\"><strong>Organitzaci\u00f3 de cursos<\/strong><\/h2>\n\n\n\n<p>Ci\u00e8ncia escolar ara: algunes idees. Organitzat pel&nbsp;centre de recursos de Santa Coloma de Gramanet, del 26\/10\/2020 al 08\/02\/2021.&nbsp;<\/p>\n\n\n\n<p>Repensem la ci\u00e8ncia a l&#8217;aula. Una nova mirada?. Organitzat pel ICE de la UAB. Curs Escola estiu 2021<\/p>\n\n\n\n<h2 class=\"wp-block-heading\"><strong>Participaci\u00f3 en cursos com a ponent<\/strong><\/h2>\n\n\n\n<p>Cursos de verano. UIMP. Santander 2021. \u00bfC\u00f3mo educar en la era de la posverdad?. del 26 al 28 de julio de 2021. Isla de la Madalena.<\/p>\n","protected":false},"excerpt":{"rendered":"<p>Pertinen\u00e7a a grups de recerca: Grup de Recerca Consolidat ACELEC (Activitat Cient\u00edfica Escolar: Llenguatges, Eines i Contextos) 2017SGR1399Grup de Recerca Consolidat LICEC (Llenguatge i Contextos en Educaci\u00f3 Cient\u00edfica) (2014)Grup de Recerca Consolidat LIEC (Llenguatge i Ensenyament de les Ci\u00e8ncies) (2006 &#8211; 2014)Grup COMPLEX (2006 &#8211; 2011)CRECIM. Centre de Recerca per a l&#8217;Educaci\u00f3 Cient\u00edfica.Universitat Aut\u00f2noma de [&hellip;]<\/p>\n","protected":false},"author":20,"featured_media":0,"parent":0,"menu_order":0,"comment_status":"closed","ping_status":"closed","template":"","meta":{"footnotes":""},"class_list":["post-568","page","type-page","status-publish","hentry"],"_links":{"self":[{"href":"https:\/\/webs.uab.cat\/conxitamarquez\/ca\/wp-json\/wp\/v2\/pages\/568","targetHints":{"allow":["GET"]}}],"collection":[{"href":"https:\/\/webs.uab.cat\/conxitamarquez\/ca\/wp-json\/wp\/v2\/pages"}],"about":[{"href":"https:\/\/webs.uab.cat\/conxitamarquez\/ca\/wp-json\/wp\/v2\/types\/page"}],"author":[{"embeddable":true,"href":"https:\/\/webs.uab.cat\/conxitamarquez\/ca\/wp-json\/wp\/v2\/users\/20"}],"replies":[{"embeddable":true,"href":"https:\/\/webs.uab.cat\/conxitamarquez\/ca\/wp-json\/wp\/v2\/comments?post=568"}],"version-history":[{"count":1,"href":"https:\/\/webs.uab.cat\/conxitamarquez\/ca\/wp-json\/wp\/v2\/pages\/568\/revisions"}],"predecessor-version":[{"id":644,"href":"https:\/\/webs.uab.cat\/conxitamarquez\/ca\/wp-json\/wp\/v2\/pages\/568\/revisions\/644"}],"wp:attachment":[{"href":"https:\/\/webs.uab.cat\/conxitamarquez\/ca\/wp-json\/wp\/v2\/media?parent=568"}],"curies":[{"name":"wp","href":"https:\/\/api.w.org\/{rel}","templated":true}]}}

<h2 class="wp-block-heading"><strong>Pertinença a grups de recerca: </strong></h2>



<p>Grup de Recerca Consolidat ACELEC (Activitat Científica Escolar: Llenguatges, Eines i Contextos) 2017SGR1399<br>Grup de Recerca Consolidat LICEC (Llenguatge i Contextos en Educació Científica) (2014)<br>Grup de Recerca Consolidat LIEC (Llenguatge i Ensenyament de les Ciències) (2006 &#8211; 2014)<br>Grup COMPLEX (2006 &#8211; 2011)<br>CRECIM. Centre de Recerca per a l&#8217;Educació Científica.Universitat Autònoma de Barcelona (2003 &#8211; 2007)</p>



<h2 class="wp-block-heading"><strong>Col·laboracions en revistes:</strong></h2>



<p><strong>Directora&nbsp;</strong>&#8211; Revista Enseñanza de las Ciencias (des de&nbsp;2016)</p>



<p>Membre del Consell de redacció-Revista Enseñanza de las Ciencias(des de 2002)</p>



<p><strong>Revisora regular </strong>&#8211; Eureka</p>



<p><strong>Revisora ocasional&nbsp;</strong></p>



<p>WIREs Water<br>Enseñanza de las ciencias de la tierra- Infancia y Aprendizaje<br>Revista Electrònica de Enseñanza de las ciencias-&nbsp; Revista internacional de investigación en educación. Editorial Magis- Pedagogía y saberes. Universidad pedagógica Nacional. Facultad de educación</p>



<p><strong>Membre del consell assesor </strong>&#8211; Revista Electrònica de Enseñanza de las ciencias &#8211; Editorial Barcanova (1997-2003)&nbsp; Revista Alambique<br>Membre del consell de redacció &#8211; Enseñanza de las Ciencias (des de 2002)</p>



<p><strong>Coordinadora-</strong> Guia Praxis para el professorado. Ciencias de la Naturalesa</p>



<h2 class="wp-block-heading"><strong>Comissions consultores:</strong></h2>



<p>Comisiones Científico Técnicas de Evaluación de las Convocatorias de Proyectos de I+D de  Retos y Excelencia del año 2020, del área de Ciencias de la Educación celebradas los días 27 y<br>29 de abril de 2021. Evaluadora presencial.</p>



<p>Comisiones Científico Técnicas de Evaluación de las Convocatorias de Proyectos de I+D de&nbsp; Retos y Excelencia del año 2020, del área de Ciencias de la Educación celebradas los días 27 y<br>29 de abril de 2019. Evaluadora presencial.</p>



<p>Avaluadora &#8211; VIII ENPEC &#8211; Encontro Nacional de Pesquisa em Educaçao em Ciências e I CIEC &#8211; Congreso Iberoamericano de Investigación en Enseñanza de las Ciências (2011)<br>Avaluadora &#8211; VII Congreso Internacional de Enseñanza de las Ciencias sobre investigación de didáctica de las ciencias &#8211; Revista Enseñanza de las Ciencias (2005)<br>Avaluadora &#8211; 5th International ESERA Conference &#8211; European Science Education Research Association (ESERA) (2004-2005)</p>



<p>Asessora &#8211; Elaboració de proves inicials per a l&#8217;alumnat nouvingut- Serveis de Interculturalitat i Cohesio Social del Departament d&#8217;Educació (2005-2006)</p>



<h2 class="wp-block-heading"><strong>Participacions a tribunals:</strong></h2>



<p>Tesi doctoral Àngela Garcia Lladó- Universitat de Barcelona- Secretària- 20/12/2019</p>



<p>Tesi doctoral Macarena Soto Alvarado- Universitat Autònoma de Barcelona. 05/02/2018</p>



<p>Suficiencia Investigadora. Dctorado en Didáctica.Universidda Tecnológica de Pereira. Colombia. 24/10/2017</p>



<p>Tesi doctoral- Pontificia Universidad Católica de Chile &#8211; Evaluador extern (2014)<br>Tesi doctoral- Universidade de Santiago de Compostela &#8211; Vocal (2012)<br>Tesi doctoral- Universidad pública de Navarra &#8211; Secretària (2012)<br>Tesi doctorals- Universitat Autònoma de Barcelona &#8211; Presidenta (1), Secretària (6), Comitè avaluador (3) (2001-2014)<br>Treballs de recerca i investigació &#8211; Universitat Autònoma de Barcelona &#8211; Presidenta (1), Membre tribunal (1), Secretària (6), Vocal (7)&nbsp;(2002-2008)</p>



<p>3a mostra de recerca jove a Barcelona 2011 &#8211; Ajuntament de Barcelona. Recerca Jove Barcelona. Consorci d&#8217;Educació de Barcelona &#8211; Membre del jurat (2011)<br>Premi extraordinari d&#8217;alguna de les titulacions de la Facultat de Ciències de l&#8217;Educació &#8211; UAB &#8211; Membre del tribunal (2008)</p>



<h2 class="wp-block-heading"><strong>Participació en comitès i representacions internacionals:</strong></h2>



<p>XI Congreso Internacional sobre Investigación en Didáctica de las Ciencias. Universidad de Lisboa (2021)</p>



<p>VII Seminario Iberoamericano CTS 20 aniversario. Universidad de Valencia. 19 a 21 de novembre de 2020. Membre del Comité Científic</p>



<p>X Congreso Internacional sobre Investigación en Didáctica de las Ciencias &#8211; Universidad de Sevilla&nbsp;(2017)<br>III Simposio Internacional de Enseñanza de las Ciencias SIEC 2016 &#8211; Universidad de Vigo (2016)<br>IX Congreso Internacional sobre Investigación en Didáctica de las Ciencias &#8211; Institut de Ciències de l&#8217;Educació de la Universitat Autònoma de Barcelona (2013)<br>Directora&nbsp;VIII Congreso Internacional sobre Investigación en Didáctica de las Ciencias &#8211;&nbsp;Institut de Ciències de l&#8217;Educació de la Universitat Autònoma de Barcelona (2009)<br>VII Congreso Internacional sobre Investigación en Didáctica de las Ciencias &#8211; Institut de Ciències de l&#8217;Educació de la Universitat Autònoma de Barcelona (2005)<br>5th International ESERA Conference &#8211; European Science Education Research Association (ESERA) (2005)<br>Jornades sobre l&#8217;Ensenyament de la Biologia i la Geologia a Secundària. &#8211;&nbsp; Col·legi de Doctors i Llicenciats. Departament d&#8217;Educació. Cosmocaixa. (2004)<br>Jornades d&#8217;Ensenyament de la Biologia i la Geologia a Secundaria &#8211;&nbsp; Col·legi de Doctors i llicenciats en Filosofia i Lletres i en Ciències de Catalunya (2004)<br>3rd European Summerschool theory and methodology of research in science education &#8211; European Science Education Research Association (ESERA) (1996)</p>



<h2 class="wp-block-heading"><strong>Organització de cursos</strong></h2>



<p>Ciència escolar ara: algunes idees. Organitzat pel&nbsp;centre de recursos de Santa Coloma de Gramanet, del 26/10/2020 al 08/02/2021.&nbsp;</p>



<p>Repensem la ciència a l&#8217;aula. Una nova mirada?. Organitzat pel ICE de la UAB. Curs Escola estiu 2021</p>



<h2 class="wp-block-heading"><strong>Participació en cursos com a ponent</strong></h2>



<p>Cursos de verano. UIMP. Santander 2021. ¿Cómo educar en la era de la posverdad?. del 26 al 28 de julio de 2021. Isla de la Madalena.</p>

<p>Pertinença a grups de recerca: Grup de Recerca Consolidat ACELEC (Activitat Científica Escolar: Llenguatges, Eines i Contextos) 2017SGR1399Grup de Recerca Consolidat LICEC (Llenguatge i Contextos en Educació Científica) (2014)Grup de Recerca Consolidat LIEC (Llenguatge i Ensenyament de les Ciències) (2006 &#8211; 2014)Grup COMPLEX (2006 &#8211; 2011)CRECIM. Centre de Recerca per a l&#8217;Educació Científica.Universitat Autònoma de [&hellip;]</p>
