{"id":625,"date":"2022-09-09T10:21:08","date_gmt":"2022-09-09T10:21:08","guid":{"rendered":"https:\/\/webs.uab.cat\/conxitamarquez\/conxita-marquez\/"},"modified":"2022-09-09T10:22:20","modified_gmt":"2022-09-09T10:22:20","slug":"conxita-marquez","status":"publish","type":"page","link":"https:\/\/webs.uab.cat\/conxitamarquez\/ca\/","title":{"rendered":"Conxita M\u00e1rquez"},"content":{"rendered":"\n<div class=\"wp-block-media-text alignwide is-stacked-on-mobile has-primary-background-color has-background\" style=\"grid-template-columns:26% auto\"><figure class=\"wp-block-media-text__media\"><img loading=\"lazy\" decoding=\"async\" width=\"214\" height=\"321\" src=\"https:\/\/webs.uab.cat\/conxitamarquez\/wp-content\/uploads\/sites\/195\/2015\/02\/conxita_2.jpg\" alt=\"\" class=\"wp-image-595 size-full\" srcset=\"https:\/\/webs.uab.cat\/conxitamarquez\/wp-content\/uploads\/sites\/195\/2015\/02\/conxita_2.jpg 214w, https:\/\/webs.uab.cat\/conxitamarquez\/wp-content\/uploads\/sites\/195\/2015\/02\/conxita_2-200x300.jpg 200w\" sizes=\"auto, (max-width: 214px) 100vw, 214px\" \/><\/figure><div class=\"wp-block-media-text__content\">\n<p><strong>Conxita M\u00e1rquez Bargall\u00f3<\/strong><\/p>\n\n\n\n<p><a href=\"mailto:conxita.marquez@uab.cat\">conxita.marquez@uab.cat<\/a><\/p>\n\n\n\n<p>Despatx: G5\/128<\/p>\n\n\n\n<p>Tel\u00e8fon: +34 93 581 3356<\/p>\n\n\n\n<p>Professora agregada Universitat Aut\u00f2noma de Barcelona<\/p>\n\n\n\n<p>Facultat de Ci\u00e8ncies de l&#8217;Educaci\u00f3<\/p>\n\n\n\n<p>Campus UAB, 08193, Cerdanyola del Vall\u00e8s, Barcelona, Catalunya, Espanya<\/p>\n\n\n\n<p>Researcher ID:&nbsp;H-5872-2015<\/p>\n\n\n\n<p>ORCID:<a href=\"https:\/\/orcid.org\/0000-0001-9660-5124?lang=en\"> 0000-0001-9660-5124<\/a><\/p>\n<\/div><\/div>\n","protected":false},"excerpt":{"rendered":"<p>Conxita M\u00e1rquez Bargall\u00f3 conxita.marquez@uab.cat Despatx: G5\/128 Tel\u00e8fon: +34 93 581 3356 Professora agregada Universitat Aut\u00f2noma de Barcelona Facultat de Ci\u00e8ncies de l&#8217;Educaci\u00f3 Campus UAB, 08193, Cerdanyola del Vall\u00e8s, Barcelona, Catalunya, Espanya Researcher ID:&nbsp;H-5872-2015 ORCID: 0000-0001-9660-5124<\/p>\n","protected":false},"author":20,"featured_media":0,"parent":0,"menu_order":0,"comment_status":"closed","ping_status":"closed","template":"","meta":{"footnotes":""},"class_list":["post-625","page","type-page","status-publish","hentry"],"_links":{"self":[{"href":"https:\/\/webs.uab.cat\/conxitamarquez\/ca\/wp-json\/wp\/v2\/pages\/625","targetHints":{"allow":["GET"]}}],"collection":[{"href":"https:\/\/webs.uab.cat\/conxitamarquez\/ca\/wp-json\/wp\/v2\/pages"}],"about":[{"href":"https:\/\/webs.uab.cat\/conxitamarquez\/ca\/wp-json\/wp\/v2\/types\/page"}],"author":[{"embeddable":true,"href":"https:\/\/webs.uab.cat\/conxitamarquez\/ca\/wp-json\/wp\/v2\/users\/20"}],"replies":[{"embeddable":true,"href":"https:\/\/webs.uab.cat\/conxitamarquez\/ca\/wp-json\/wp\/v2\/comments?post=625"}],"version-history":[{"count":1,"href":"https:\/\/webs.uab.cat\/conxitamarquez\/ca\/wp-json\/wp\/v2\/pages\/625\/revisions"}],"predecessor-version":[{"id":627,"href":"https:\/\/webs.uab.cat\/conxitamarquez\/ca\/wp-json\/wp\/v2\/pages\/625\/revisions\/627"}],"wp:attachment":[{"href":"https:\/\/webs.uab.cat\/conxitamarquez\/ca\/wp-json\/wp\/v2\/media?parent=625"}],"curies":[{"name":"wp","href":"https:\/\/api.w.org\/{rel}","templated":true}]}}

Conxita Márquez

<div class="wp-block-media-text alignwide is-stacked-on-mobile has-primary-background-color has-background" style="grid-template-columns:26% auto"><figure class="wp-block-media-text__media"><img loading="lazy" decoding="async" width="214" height="321" src="https://webs.uab.cat/conxitamarquez/wp-content/uploads/sites/195/2015/02/conxita_2.jpg" alt="" class="wp-image-595 size-full" srcset="https://webs.uab.cat/conxitamarquez/wp-content/uploads/sites/195/2015/02/conxita_2.jpg 214w, https://webs.uab.cat/conxitamarquez/wp-content/uploads/sites/195/2015/02/conxita_2-200x300.jpg 200w" sizes="auto, (max-width: 214px) 100vw, 214px" /></figure><div class="wp-block-media-text__content">
<p><strong>Conxita Márquez Bargalló</strong></p>



<p><a href="mailto:conxita.marquez@uab.cat">conxita.marquez@uab.cat</a></p>



<p>Despatx: G5/128</p>



<p>Telèfon: +34 93 581 3356</p>



<p>Professora agregada Universitat Autònoma de Barcelona</p>



<p>Facultat de Ciències de l&#8217;Educació</p>



<p>Campus UAB, 08193, Cerdanyola del Vallès, Barcelona, Catalunya, Espanya</p>



<p>Researcher ID:&nbsp;H-5872-2015</p>



<p>ORCID:<a href="https://orcid.org/0000-0001-9660-5124?lang=en"> 0000-0001-9660-5124</a></p>
</div></div>

<p>Conxita Márquez Bargalló conxita.marquez@uab.cat Despatx: G5/128 Telèfon: +34 93 581 3356 Professora agregada Universitat Autònoma de Barcelona Facultat de Ciències de l&#8217;Educació Campus UAB, 08193, Cerdanyola del Vallès, Barcelona, Catalunya, Espanya Researcher ID:&nbsp;H-5872-2015 ORCID: 0000-0001-9660-5124</p>
