{"id":569,"date":"2012-11-13T19:24:17","date_gmt":"2012-11-13T19:24:17","guid":{"rendered":"https:\/\/webs.uab.cat\/conxitamarquez\/collaborations\/"},"modified":"2022-09-09T10:35:46","modified_gmt":"2022-09-09T10:35:46","slug":"collaborations","status":"publish","type":"page","link":"https:\/\/webs.uab.cat\/conxitamarquez\/collaborations\/","title":{"rendered":"Collaborations"},"content":{"rendered":"\n<h2 class=\"wp-block-heading\"><strong>Groups:<\/strong><\/h2>\n\n\n\n<p>Grup de Recerca Consolidat LICEC (Llenguatge i Contextos en Educaci\u00f3 Cient\u00edfica) (2014)<br>Grup de Recerca Consolidat LIEC (Llenguatge i Ensenyament de les Ci\u00e8ncies) (2006 &#8211; 2014)<br>Grup COMPLEX (2006 &#8211; 2011)<br>CRECIM. Centre de Recerca per a l&#8217;Educaci\u00f3 Cient\u00edfica.Universitat Aut\u00f2noma de Barcelona (2003 &#8211; 2007)<\/p>\n\n\n\n<h2 class=\"wp-block-heading\"><strong>Journal collaborations:<\/strong><\/h2>\n\n\n\n<p>Counsellor counsel &#8211; Revista Alambique<\/p>\n\n\n\n<p>Director-&nbsp;Ense\u00f1anza de las Ciencias (from 2016)<\/p>\n\n\n\n<p>Regular reviewer &#8211; Eureka<\/p>\n\n\n\n<p>\u200bOccasional reviewer&nbsp;&#8211; WIREs Water<br>Occasional reviewer &#8211; Ense\u00f1anza de las ciencias de la tierra<br>Occasional reviewer &#8211; Infancia y Aprendizaje<br>Occasional reviewer &#8211; Revista Electr\u00f2nica de Ense\u00f1anza de las ciencias<br>Occasional reviewer &#8211; Revista internacional de investigaci\u00f3n en educaci\u00f3n. Editorial Magis<\/p>\n\n\n\n<p>Advisory board member &#8211; Revista Electr\u00f2nica de Ense\u00f1anza de las ciencias<br>Advisory board member &#8211; Editorial Barcanova (1997-2003)<br>Member of the editorial board &#8211; Ense\u00f1anza de las Ciencias (from&nbsp;2002)<\/p>\n\n\n\n<p>Coordinator- Guia Praxis para el professorado. Ciencias de la Naturalesa<\/p>\n\n\n\n<h2 class=\"wp-block-heading\"><strong>Committee:<\/strong><\/h2>\n\n\n\n<p>Examiner- Comisiones Cient\u00edfico T\u00e9cnicas de Evaluaci\u00f3n de las Convocatorias de Proyectos de I+D de&nbsp; Retos y Excelencia del a\u00f1o 2020, del \u00e1rea de Ciencias de la Educaci\u00f3n celebradas los d\u00edas 27 y<br>29 de abril de 2021.<\/p>\n\n\n\n<p>Examiner- Comisiones Cient\u00edfico T\u00e9cnicas de Evaluaci\u00f3n de las Convocatorias de Proyectos de I+D de&nbsp; Retos y Excelencia del a\u00f1o 2020, del \u00e1rea de Ciencias de la Educaci\u00f3n celebradas los d\u00edas 27 y<br>29 de abril de 2019. Evaluadora presencial.<\/p>\n\n\n\n<p>Examiner &#8211; VIII ENPEC &#8211; Encontro Nacional de Pesquisa em Educa\u00e7ao em Ci\u00eancias e I CIEC &#8211; Congreso Iberoamericano de Investigaci\u00f3n en Ense\u00f1anza de las Ci\u00eancias (2011)<br>Examiner&nbsp;&#8211; VII Congreso Internacional de Ense\u00f1anza de las Ciencias sobre investigaci\u00f3n de did\u00e1ctica de las ciencias &#8211; Revista Ense\u00f1anza de las Ciencias (2005)<br>Examiner&nbsp;&#8211; 5th International ESERA Conference &#8211; European Science Education Research Association (ESERA) (2004-2005)<\/p>\n\n\n\n<p>Adviser- Elaboraci\u00f3 de proves inicials per a l&#8217;alumnat nouvingut- Serveis de Interculturalitat i Cohesio Social del Departament d&#8217;Educaci\u00f3 (2005-2006)<\/p>\n\n\n\n<h2 class=\"wp-block-heading\"><strong>External examiner:<\/strong><\/h2>\n\n\n\n<p>PHD- Universitat de Barcelona- Secretary- 20\/12\/2019<\/p>\n\n\n\n<p>Tesi doctoral Macarena Soto Alvarado- Universitat Aut\u00f2noma de Barcelona. 05\/02\/2018<\/p>\n\n\n\n<p>Suficiencia Investigadora. Dctorado en Did\u00e1ctica.Universidda Tecnol\u00f3gica de Pereira. Colombia. 24\/10\/2017<\/p>\n\n\n\n<p>PhD- Pontificia Universidad Cat\u00f3lica de Chile &#8211; External evaluator (2014)<br>PhD- Universidade de Santiago de Compostela &#8211; Member (2012)<br>PhD- Universidad P\u00fablica de Navarra &#8211; Secretary (2012)<br>PhDs- Universitat Aut\u00f2noma de Barcelona &#8211; President (1), Secretary (5), Assement committee (3) (2001-2012)<br>Treballs de recerca i investigaci\u00f3 &#8211; Universitat Aut\u00f2noma de Barcelona &#8211; President (1), Member of examing boardl (1), Secretary (6), Member (7)&nbsp;(2002-2008)<\/p>\n\n\n\n<p>3a mostra de recerca jove a Barcelona 2011 &#8211; Ajuntament de Barcelona. Recerca Jove Barcelona. Consorci d&#8217;Educaci\u00f3 de Barcelona &#8211; Member of the jury (2011)<br>Premi extraordinari d&#8217;alguna de les titulacions de la Facultat de Ci\u00e8ncies de l&#8217;Educaci\u00f3 &#8211; UAB &#8211; Member of the jury (2008)<\/p>\n\n\n\n<h2 class=\"wp-block-heading\"><strong>Committe and international networking<\/strong><strong>:<\/strong><\/h2>\n\n\n\n<p>VII Seminario Iberoamericano CTS 20 aniversario. Universidad de Valencia. 19 a 21 de novembre de 2020. Membre del Comit\u00e9 Cient\u00edfic<br>X Congreso Internacional sobre Investigaci\u00f3n en Did\u00e1ctica de las Ciencias &#8211; Universidad de Sevilla&nbsp;(2017)<br>III Simposio Internacional de Ense\u00f1anza de las Ciencias SIEC 2016 &#8211; Universidad de Vigo (2016)<br>IX Congreso Internacional sobre Investigaci\u00f3n en Did\u00e1ctica de las Ciencias &#8211; Institut de Ci\u00e8ncies de l&#8217;Educaci\u00f3 de la Universitat Aut\u00f2noma de Barcelona (2013)<br>General coordinator VIII Congreso Internacional sobre Investigaci\u00f3n en Did\u00e1ctica de las Ciencias &#8211;&nbsp;Institut de Ci\u00e8ncies de l&#8217;Educaci\u00f3 de la Universitat Aut\u00f2noma de Barcelona (2009)<br>VII Congreso Internacional sobre Investigaci\u00f3n en Did\u00e1ctica de las Ciencias &#8211; Institut de Ci\u00e8ncies de l&#8217;Educaci\u00f3 de la Universitat Aut\u00f2noma de Barcelona (2005)<br>5th International ESERA Conference &#8211; European Science Education Research Association (ESERA) (2005)<br>Jornades sobre l&#8217;Ensenyament de la Biologia i la Geologia a Secund\u00e0ria. &#8211;&nbsp; Col\u00b7legi de Doctors i Llicenciats. Departament d&#8217;Educaci\u00f3. Cosmocaixa. (2004)<br>Jornades d&#8217;Ensenyament de la Biologia i la Geologia a Secundaria &#8211;&nbsp; Col\u00b7legi de Doctors i llicenciats en Filosofia i Lletres i en Ci\u00e8ncies de Catalunya (2004)<br>3rd European Summerschool theory and methodology of research in science education- European Science Education Research Association (ESERA) (1996)<\/p>\n\n\n\n<h2 class=\"wp-block-heading\"><strong>Organization of courses<\/strong><\/h2>\n\n\n\n<p>Ci\u00e8ncia escolar ara: algunes idees. Organitzat pel&nbsp;centre de recursos de Santa Coloma de Gramanet, del 26\/10\/2020 al 08\/02\/2021.&nbsp;<\/p>\n\n\n\n<p>Repensem la ci\u00e8ncia a l&#8217;aula. Una nova mirada?. Organitzat pel ICE de la UAB. Curs Escola estiu 2021<\/p>\n\n\n\n<h2 class=\"wp-block-heading\"><strong>Participation in summer school<\/strong><\/h2>\n\n\n\n<p>Cursos de verano. UIMP. Santander 2021. \u00bfC\u00f3mo educar en la era de la posverdad?. del 26 al 28 de julio de 2021. Isla de la Madalena.<\/p>\n","protected":false},"excerpt":{"rendered":"<p>Groups: Grup de Recerca Consolidat LICEC (Llenguatge i Contextos en Educaci\u00f3 Cient\u00edfica) (2014)Grup de Recerca Consolidat LIEC (Llenguatge i Ensenyament de les Ci\u00e8ncies) (2006 &#8211; 2014)Grup COMPLEX (2006 &#8211; 2011)CRECIM. Centre de Recerca per a l&#8217;Educaci\u00f3 Cient\u00edfica.Universitat Aut\u00f2noma de Barcelona (2003 &#8211; 2007) Journal collaborations: Counsellor counsel &#8211; Revista Alambique Director-&nbsp;Ense\u00f1anza de las Ciencias (from [&hellip;]<\/p>\n","protected":false},"author":20,"featured_media":0,"parent":0,"menu_order":0,"comment_status":"closed","ping_status":"closed","template":"","meta":{"footnotes":""},"class_list":["post-569","page","type-page","status-publish","hentry"],"_links":{"self":[{"href":"https:\/\/webs.uab.cat\/conxitamarquez\/wp-json\/wp\/v2\/pages\/569","targetHints":{"allow":["GET"]}}],"collection":[{"href":"https:\/\/webs.uab.cat\/conxitamarquez\/wp-json\/wp\/v2\/pages"}],"about":[{"href":"https:\/\/webs.uab.cat\/conxitamarquez\/wp-json\/wp\/v2\/types\/page"}],"author":[{"embeddable":true,"href":"https:\/\/webs.uab.cat\/conxitamarquez\/wp-json\/wp\/v2\/users\/20"}],"replies":[{"embeddable":true,"href":"https:\/\/webs.uab.cat\/conxitamarquez\/wp-json\/wp\/v2\/comments?post=569"}],"version-history":[{"count":1,"href":"https:\/\/webs.uab.cat\/conxitamarquez\/wp-json\/wp\/v2\/pages\/569\/revisions"}],"predecessor-version":[{"id":645,"href":"https:\/\/webs.uab.cat\/conxitamarquez\/wp-json\/wp\/v2\/pages\/569\/revisions\/645"}],"wp:attachment":[{"href":"https:\/\/webs.uab.cat\/conxitamarquez\/wp-json\/wp\/v2\/media?parent=569"}],"curies":[{"name":"wp","href":"https:\/\/api.w.org\/{rel}","templated":true}]}}

<h2 class="wp-block-heading"><strong>Groups:</strong></h2>



<p>Grup de Recerca Consolidat LICEC (Llenguatge i Contextos en Educació Científica) (2014)<br>Grup de Recerca Consolidat LIEC (Llenguatge i Ensenyament de les Ciències) (2006 &#8211; 2014)<br>Grup COMPLEX (2006 &#8211; 2011)<br>CRECIM. Centre de Recerca per a l&#8217;Educació Científica.Universitat Autònoma de Barcelona (2003 &#8211; 2007)</p>



<h2 class="wp-block-heading"><strong>Journal collaborations:</strong></h2>



<p>Counsellor counsel &#8211; Revista Alambique</p>



<p>Director-&nbsp;Enseñanza de las Ciencias (from 2016)</p>



<p>Regular reviewer &#8211; Eureka</p>



<p>​Occasional reviewer&nbsp;&#8211; WIREs Water<br>Occasional reviewer &#8211; Enseñanza de las ciencias de la tierra<br>Occasional reviewer &#8211; Infancia y Aprendizaje<br>Occasional reviewer &#8211; Revista Electrònica de Enseñanza de las ciencias<br>Occasional reviewer &#8211; Revista internacional de investigación en educación. Editorial Magis</p>



<p>Advisory board member &#8211; Revista Electrònica de Enseñanza de las ciencias<br>Advisory board member &#8211; Editorial Barcanova (1997-2003)<br>Member of the editorial board &#8211; Enseñanza de las Ciencias (from&nbsp;2002)</p>



<p>Coordinator- Guia Praxis para el professorado. Ciencias de la Naturalesa</p>



<h2 class="wp-block-heading"><strong>Committee:</strong></h2>



<p>Examiner- Comisiones Científico Técnicas de Evaluación de las Convocatorias de Proyectos de I+D de&nbsp; Retos y Excelencia del año 2020, del área de Ciencias de la Educación celebradas los días 27 y<br>29 de abril de 2021.</p>



<p>Examiner- Comisiones Científico Técnicas de Evaluación de las Convocatorias de Proyectos de I+D de&nbsp; Retos y Excelencia del año 2020, del área de Ciencias de la Educación celebradas los días 27 y<br>29 de abril de 2019. Evaluadora presencial.</p>



<p>Examiner &#8211; VIII ENPEC &#8211; Encontro Nacional de Pesquisa em Educaçao em Ciências e I CIEC &#8211; Congreso Iberoamericano de Investigación en Enseñanza de las Ciências (2011)<br>Examiner&nbsp;&#8211; VII Congreso Internacional de Enseñanza de las Ciencias sobre investigación de didáctica de las ciencias &#8211; Revista Enseñanza de las Ciencias (2005)<br>Examiner&nbsp;&#8211; 5th International ESERA Conference &#8211; European Science Education Research Association (ESERA) (2004-2005)</p>



<p>Adviser- Elaboració de proves inicials per a l&#8217;alumnat nouvingut- Serveis de Interculturalitat i Cohesio Social del Departament d&#8217;Educació (2005-2006)</p>



<h2 class="wp-block-heading"><strong>External examiner:</strong></h2>



<p>PHD- Universitat de Barcelona- Secretary- 20/12/2019</p>



<p>Tesi doctoral Macarena Soto Alvarado- Universitat Autònoma de Barcelona. 05/02/2018</p>



<p>Suficiencia Investigadora. Dctorado en Didáctica.Universidda Tecnológica de Pereira. Colombia. 24/10/2017</p>



<p>PhD- Pontificia Universidad Católica de Chile &#8211; External evaluator (2014)<br>PhD- Universidade de Santiago de Compostela &#8211; Member (2012)<br>PhD- Universidad Pública de Navarra &#8211; Secretary (2012)<br>PhDs- Universitat Autònoma de Barcelona &#8211; President (1), Secretary (5), Assement committee (3) (2001-2012)<br>Treballs de recerca i investigació &#8211; Universitat Autònoma de Barcelona &#8211; President (1), Member of examing boardl (1), Secretary (6), Member (7)&nbsp;(2002-2008)</p>



<p>3a mostra de recerca jove a Barcelona 2011 &#8211; Ajuntament de Barcelona. Recerca Jove Barcelona. Consorci d&#8217;Educació de Barcelona &#8211; Member of the jury (2011)<br>Premi extraordinari d&#8217;alguna de les titulacions de la Facultat de Ciències de l&#8217;Educació &#8211; UAB &#8211; Member of the jury (2008)</p>



<h2 class="wp-block-heading"><strong>Committe and international networking</strong><strong>:</strong></h2>



<p>VII Seminario Iberoamericano CTS 20 aniversario. Universidad de Valencia. 19 a 21 de novembre de 2020. Membre del Comité Científic<br>X Congreso Internacional sobre Investigación en Didáctica de las Ciencias &#8211; Universidad de Sevilla&nbsp;(2017)<br>III Simposio Internacional de Enseñanza de las Ciencias SIEC 2016 &#8211; Universidad de Vigo (2016)<br>IX Congreso Internacional sobre Investigación en Didáctica de las Ciencias &#8211; Institut de Ciències de l&#8217;Educació de la Universitat Autònoma de Barcelona (2013)<br>General coordinator VIII Congreso Internacional sobre Investigación en Didáctica de las Ciencias &#8211;&nbsp;Institut de Ciències de l&#8217;Educació de la Universitat Autònoma de Barcelona (2009)<br>VII Congreso Internacional sobre Investigación en Didáctica de las Ciencias &#8211; Institut de Ciències de l&#8217;Educació de la Universitat Autònoma de Barcelona (2005)<br>5th International ESERA Conference &#8211; European Science Education Research Association (ESERA) (2005)<br>Jornades sobre l&#8217;Ensenyament de la Biologia i la Geologia a Secundària. &#8211;&nbsp; Col·legi de Doctors i Llicenciats. Departament d&#8217;Educació. Cosmocaixa. (2004)<br>Jornades d&#8217;Ensenyament de la Biologia i la Geologia a Secundaria &#8211;&nbsp; Col·legi de Doctors i llicenciats en Filosofia i Lletres i en Ciències de Catalunya (2004)<br>3rd European Summerschool theory and methodology of research in science education- European Science Education Research Association (ESERA) (1996)</p>



<h2 class="wp-block-heading"><strong>Organization of courses</strong></h2>



<p>Ciència escolar ara: algunes idees. Organitzat pel&nbsp;centre de recursos de Santa Coloma de Gramanet, del 26/10/2020 al 08/02/2021.&nbsp;</p>



<p>Repensem la ciència a l&#8217;aula. Una nova mirada?. Organitzat pel ICE de la UAB. Curs Escola estiu 2021</p>



<h2 class="wp-block-heading"><strong>Participation in summer school</strong></h2>



<p>Cursos de verano. UIMP. Santander 2021. ¿Cómo educar en la era de la posverdad?. del 26 al 28 de julio de 2021. Isla de la Madalena.</p>

<p>Groups: Grup de Recerca Consolidat LICEC (Llenguatge i Contextos en Educació Científica) (2014)Grup de Recerca Consolidat LIEC (Llenguatge i Ensenyament de les Ciències) (2006 &#8211; 2014)Grup COMPLEX (2006 &#8211; 2011)CRECIM. Centre de Recerca per a l&#8217;Educació Científica.Universitat Autònoma de Barcelona (2003 &#8211; 2007) Journal collaborations: Counsellor counsel &#8211; Revista Alambique Director-&nbsp;Enseñanza de las Ciencias (from [&hellip;]</p>
