{"id":2,"date":"2024-06-26T12:49:59","date_gmt":"2024-06-26T10:49:59","guid":{"rendered":"https:\/\/webs.uab.cat\/core-patrimoni\/?page_id=2"},"modified":"2024-10-29T14:38:05","modified_gmt":"2024-10-29T12:38:05","slug":"pagina-exemple","status":"publish","type":"page","link":"https:\/\/webs.uab.cat\/core-patrimoni\/","title":{"rendered":"Transfer\u00e8ncia i innovaci\u00f3 en patrimoni cultural"},"content":{"rendered":"\n<div class=\"wp-block-columns alignwide is-layout-flex wp-container-core-columns-is-layout-9d6595d7 wp-block-columns-is-layout-flex\">\n<div class=\"wp-block-column is-layout-flow wp-block-column-is-layout-flow\">\n<h2 class=\"wp-block-heading has-text-align-center has-large-font-size\"> <strong>La Comunitat <\/strong>Orientada al Repte Estrat\u00e8gic del Patrimoni Cultural de la UAB agrupa m\u00e9s de 40 grups i centres de recerca, instituts, escoles i departaments universitaris, aix\u00ed com infraestructures de recerca i serveis cientificot\u00e8cnics, en col\u00b7laboraci\u00f3 amb el sector p\u00fablic i privat.  El seu objectiu \u00e9s augmentar i consolidar la recerca en aquest \u00e0mbit i impulsar la transfer\u00e8ncia i la innovaci\u00f3 de l\u2019entorn productiu i social.<\/h2>\n<\/div>\n<\/div>\n\n\n\n<div class=\"wp-block-columns is-layout-flex wp-container-core-columns-is-layout-9d6595d7 wp-block-columns-is-layout-flex\">\n<div class=\"wp-block-column is-layout-flow wp-block-column-is-layout-flow\">\n<h2 class=\"wp-block-heading has-text-align-center has-negre-eben-color has-text-color has-link-color wp-elements-0e0d55d50c8388e954f465db5372af4b\">27<\/h2>\n\n\n\n<p class=\"has-text-align-center\">grups de recerca de la UAB<\/p>\n<\/div>\n\n\n\n<div class=\"wp-block-column is-layout-flow wp-block-column-is-layout-flow\">\n<h2 class=\"wp-block-heading has-text-align-center\">+40<\/h2>\n\n\n\n<p class=\"has-text-align-center\">projectes<\/p>\n<\/div>\n\n\n\n<div class=\"wp-block-column is-layout-flow wp-block-column-is-layout-flow\">\n<h2 class=\"wp-block-heading has-text-align-center\">15<\/h2>\n\n\n\n<p class=\"has-text-align-center\">entitats col\u00b7laboradores<\/p>\n<\/div>\n<\/div>\n\n\n\n<div class=\"wp-block-columns alignfull has-background is-layout-flex wp-container-core-columns-is-layout-9d6595d7 wp-block-columns-is-layout-flex\" style=\"background:linear-gradient(135deg,rgba(230,0,88,0.08) 0%,rgba(230,0,88,0.08) 100%)\">\n<div class=\"wp-block-column is-layout-flow wp-block-column-is-layout-flow\">\n<h2 class=\"wp-block-heading has-text-align-center has-larger-font-size\">Objectius<\/h2>\n\n\n\n<div class=\"wp-block-columns alignwide is-layout-flex wp-container-core-columns-is-layout-9d6595d7 wp-block-columns-is-layout-flex\">\n<div class=\"wp-block-column is-layout-flow wp-block-column-is-layout-flow\">\n<p class=\"has-text-align-center\">Articular les capacitats de la UAB en l\u2019\u00e0mbit del Patrimoni Cultural<\/p>\n<\/div>\n\n\n\n<div class=\"wp-block-column is-layout-flow wp-block-column-is-layout-flow\">\n<p class=\"has-text-align-center\">Actuar com a cl\u00faster territorial de recerca conjuntament amb les administracions, el sector de les ind\u00fastries culturals, creatives i basades en l&#8217;experi\u00e8ncia i la ciutadania.<\/p>\n<\/div>\n\n\n\n<div class=\"wp-block-column is-layout-flow wp-block-column-is-layout-flow\">\n<p class=\"has-text-align-center\">Impulsar les potencialitats en recerca i transfer\u00e8ncia de l\u2019Esfera UAB.<\/p>\n<\/div>\n\n\n\n<div class=\"wp-block-column is-layout-flow wp-block-column-is-layout-flow\">\n<p class=\"has-text-align-center\">Esdevenir un node de refer\u00e8ncia a nivell europeu.<\/p>\n<\/div>\n<\/div>\n<\/div>\n<\/div>\n\n\n\n<div class=\"wp-block-columns alignwide is-layout-flex wp-container-core-columns-is-layout-9d6595d7 wp-block-columns-is-layout-flex\">\n<div class=\"wp-block-column is-layout-flow wp-block-column-is-layout-flow\">\n<h2 class=\"wp-block-heading has-text-align-center has-larger-font-size\">Not\u00edcies<\/h2>\n\n\n\n<div class=\"wp-block-query is-layout-flow wp-block-query-is-layout-flow\"><\/div>\n<\/div>\n<\/div>\n","protected":false},"excerpt":{"rendered":"<p>La Comunitat Orientada al Repte Estrat\u00e8gic del Patrimoni Cultural de la UAB agrupa m\u00e9s de 40 grups i centres de recerca, instituts, escoles i departaments universitaris, aix\u00ed com infraestructures de recerca i serveis cientificot\u00e8cnics, en col\u00b7laboraci\u00f3 amb el sector p\u00fablic i privat. El seu objectiu \u00e9s augmentar i consolidar la recerca en aquest \u00e0mbit i [&hellip;]<\/p>\n","protected":false},"author":73,"featured_media":0,"parent":0,"menu_order":0,"comment_status":"closed","ping_status":"open","template":"","meta":{"footnotes":""},"class_list":["post-2","page","type-page","status-publish","hentry"],"_links":{"self":[{"href":"https:\/\/webs.uab.cat\/core-patrimoni\/wp-json\/wp\/v2\/pages\/2","targetHints":{"allow":["GET"]}}],"collection":[{"href":"https:\/\/webs.uab.cat\/core-patrimoni\/wp-json\/wp\/v2\/pages"}],"about":[{"href":"https:\/\/webs.uab.cat\/core-patrimoni\/wp-json\/wp\/v2\/types\/page"}],"author":[{"embeddable":true,"href":"https:\/\/webs.uab.cat\/core-patrimoni\/wp-json\/wp\/v2\/users\/73"}],"replies":[{"embeddable":true,"href":"https:\/\/webs.uab.cat\/core-patrimoni\/wp-json\/wp\/v2\/comments?post=2"}],"version-history":[{"count":14,"href":"https:\/\/webs.uab.cat\/core-patrimoni\/wp-json\/wp\/v2\/pages\/2\/revisions"}],"predecessor-version":[{"id":146,"href":"https:\/\/webs.uab.cat\/core-patrimoni\/wp-json\/wp\/v2\/pages\/2\/revisions\/146"}],"wp:attachment":[{"href":"https:\/\/webs.uab.cat\/core-patrimoni\/wp-json\/wp\/v2\/media?parent=2"}],"curies":[{"name":"wp","href":"https:\/\/api.w.org\/{rel}","templated":true}]}}

Transferència i innovació en patrimoni cultural

<div class="wp-block-columns alignwide is-layout-flex wp-container-core-columns-is-layout-9d6595d7 wp-block-columns-is-layout-flex">
<div class="wp-block-column is-layout-flow wp-block-column-is-layout-flow">
<h2 class="wp-block-heading has-text-align-center has-large-font-size"> <strong>La Comunitat </strong>Orientada al Repte Estratègic del Patrimoni Cultural de la UAB agrupa més de 40 grups i centres de recerca, instituts, escoles i departaments universitaris, així com infraestructures de recerca i serveis cientificotècnics, en col·laboració amb el sector públic i privat.  El seu objectiu és augmentar i consolidar la recerca en aquest àmbit i impulsar la transferència i la innovació de l’entorn productiu i social.</h2>
</div>
</div>



<div class="wp-block-columns is-layout-flex wp-container-core-columns-is-layout-9d6595d7 wp-block-columns-is-layout-flex">
<div class="wp-block-column is-layout-flow wp-block-column-is-layout-flow">
<h2 class="wp-block-heading has-text-align-center has-negre-eben-color has-text-color has-link-color wp-elements-0e0d55d50c8388e954f465db5372af4b">27</h2>



<p class="has-text-align-center">grups de recerca de la UAB</p>
</div>



<div class="wp-block-column is-layout-flow wp-block-column-is-layout-flow">
<h2 class="wp-block-heading has-text-align-center">+40</h2>



<p class="has-text-align-center">projectes</p>
</div>



<div class="wp-block-column is-layout-flow wp-block-column-is-layout-flow">
<h2 class="wp-block-heading has-text-align-center">15</h2>



<p class="has-text-align-center">entitats col·laboradores</p>
</div>
</div>



<div class="wp-block-columns alignfull has-background is-layout-flex wp-container-core-columns-is-layout-9d6595d7 wp-block-columns-is-layout-flex" style="background:linear-gradient(135deg,rgba(230,0,88,0.08) 0%,rgba(230,0,88,0.08) 100%)">
<div class="wp-block-column is-layout-flow wp-block-column-is-layout-flow">
<h2 class="wp-block-heading has-text-align-center has-larger-font-size">Objectius</h2>



<div class="wp-block-columns alignwide is-layout-flex wp-container-core-columns-is-layout-9d6595d7 wp-block-columns-is-layout-flex">
<div class="wp-block-column is-layout-flow wp-block-column-is-layout-flow">
<p class="has-text-align-center">Articular les capacitats de la UAB en l’àmbit del Patrimoni Cultural</p>
</div>



<div class="wp-block-column is-layout-flow wp-block-column-is-layout-flow">
<p class="has-text-align-center">Actuar com a clúster territorial de recerca conjuntament amb les administracions, el sector de les indústries culturals, creatives i basades en l&#8217;experiència i la ciutadania.</p>
</div>



<div class="wp-block-column is-layout-flow wp-block-column-is-layout-flow">
<p class="has-text-align-center">Impulsar les potencialitats en recerca i transferència de l’Esfera UAB.</p>
</div>



<div class="wp-block-column is-layout-flow wp-block-column-is-layout-flow">
<p class="has-text-align-center">Esdevenir un node de referència a nivell europeu.</p>
</div>
</div>
</div>
</div>



<div class="wp-block-columns alignwide is-layout-flex wp-container-core-columns-is-layout-9d6595d7 wp-block-columns-is-layout-flex">
<div class="wp-block-column is-layout-flow wp-block-column-is-layout-flow">
<h2 class="wp-block-heading has-text-align-center has-larger-font-size">Notícies</h2>



<div class="wp-block-query is-layout-flow wp-block-query-is-layout-flow"></div>
</div>
</div>

<p>La Comunitat Orientada al Repte Estratègic del Patrimoni Cultural de la UAB agrupa més de 40 grups i centres de recerca, instituts, escoles i departaments universitaris, així com infraestructures de recerca i serveis cientificotècnics, en col·laboració amb el sector públic i privat. El seu objectiu és augmentar i consolidar la recerca en aquest àmbit i [&hellip;]</p>
