{"id":160,"date":"2026-02-25T12:20:00","date_gmt":"2026-02-25T10:20:00","guid":{"rendered":"https:\/\/webs.uab.cat\/cositextualitats\/?page_id=160"},"modified":"2026-02-25T12:21:50","modified_gmt":"2026-02-25T10:21:50","slug":"francesca-blanch-serrat","status":"publish","type":"page","link":"https:\/\/webs.uab.cat\/cositextualitats\/grup\/francesca-blanch-serrat\/","title":{"rendered":"Francesca Blanch Serrat"},"content":{"rendered":"\n<p>Francesca Blanch-Serrat treballa al Departament d\u2019Estudis d\u2019Angl\u00e8s i Alemany de la Universitat Aut\u00f2noma de Barcelona. La seva tesi doctoral (UAB, 2021), finan\u00e7ada amb una beca predoctoral del European Research Council, va explorar la presentaci\u00f3 de si mateixa de la poeta i cr\u00edtica del segle XVIII Anna Seward en els seus textos de maduresa, aix\u00ed com la recepci\u00f3 cr\u00edtica de la seva obra en la seva edat avan\u00e7ada.<\/p>\n\n\n\n<p>Ha publicat els seus estudis en revistes internacionals d\u2019alt prestigi com <em>Women\u2019s Writing<\/em>, <em>ES Review<\/em> i <em>Enthymema<\/em>, i en editorials com Comares i Palgrave. Tamb\u00e9 ha escrit perfils per a <em>Encyclopedia Britannica<\/em> i <em>The New Historia<\/em> de Gina Luria Walker. La seva recerca se centra en la construcci\u00f3, evoluci\u00f3 i representaci\u00f3 de la identitat en la vellesa, la seva recepci\u00f3 i l\u2019impacte en les carreres de les escriptores brit\u00e0niques del segle XVIII.<\/p>\n\n\n\n<p>Francesca s\u2019interessa especialment en la intersecci\u00f3 de l\u2019edat, el g\u00e8nere i la solteria en la presentaci\u00f3 de si mateixes de les escriptores grans i soles, aix\u00ed com en les relacions professionals intergeneracionals amb escriptores m\u00e9s joves (mentoria entre generacions).<\/p>\n\n\n\n<p>Actualment, treballa en la seva primera monografia, <em>Anna Seward, Older Age and Gender in Romanticism<\/em> (Palgrave, 2027), co-edita el volum <em>Genre Hybridity and Women&#8217;s Writing in Eighteenth-century Britain<\/em> (Brepols, 2025), i completa el perfil a la base de dades <em>Orlando<\/em> de l\u2019escriptora, fil\u00f2sofa i traductora Eliza Hayley (1750-1797).<\/p>\n\n\n\n<p>A m\u00e9s, forma part del grup de recerca \u201cCos i textualitat: autoria i subjectivitats en construcci\u00f3\u201d (UAB) i participa en el projecte <em>FemE: Feminist Cultures in Europe: History, Values, and Social Transformation<\/em> (Jean Monnet).<\/p>\n","protected":false},"excerpt":{"rendered":"<p>Francesca Blanch-Serrat treballa al Departament d\u2019Estudis d\u2019Angl\u00e8s i Alemany de la Universitat Aut\u00f2noma de Barcelona. La seva tesi doctoral (UAB, 2021), finan\u00e7ada amb una beca predoctoral del European Research Council, va explorar la presentaci\u00f3 de si mateixa de la poeta i cr\u00edtica del segle XVIII Anna Seward en els seus textos de maduresa, aix\u00ed com [&hellip;]<\/p>\n","protected":false},"author":3019,"featured_media":0,"parent":18,"menu_order":0,"comment_status":"closed","ping_status":"closed","template":"","meta":{"footnotes":""},"class_list":["post-160","page","type-page","status-publish","hentry"],"_links":{"self":[{"href":"https:\/\/webs.uab.cat\/cositextualitats\/wp-json\/wp\/v2\/pages\/160","targetHints":{"allow":["GET"]}}],"collection":[{"href":"https:\/\/webs.uab.cat\/cositextualitats\/wp-json\/wp\/v2\/pages"}],"about":[{"href":"https:\/\/webs.uab.cat\/cositextualitats\/wp-json\/wp\/v2\/types\/page"}],"author":[{"embeddable":true,"href":"https:\/\/webs.uab.cat\/cositextualitats\/wp-json\/wp\/v2\/users\/3019"}],"replies":[{"embeddable":true,"href":"https:\/\/webs.uab.cat\/cositextualitats\/wp-json\/wp\/v2\/comments?post=160"}],"version-history":[{"count":1,"href":"https:\/\/webs.uab.cat\/cositextualitats\/wp-json\/wp\/v2\/pages\/160\/revisions"}],"predecessor-version":[{"id":161,"href":"https:\/\/webs.uab.cat\/cositextualitats\/wp-json\/wp\/v2\/pages\/160\/revisions\/161"}],"up":[{"embeddable":true,"href":"https:\/\/webs.uab.cat\/cositextualitats\/wp-json\/wp\/v2\/pages\/18"}],"wp:attachment":[{"href":"https:\/\/webs.uab.cat\/cositextualitats\/wp-json\/wp\/v2\/media?parent=160"}],"curies":[{"name":"wp","href":"https:\/\/api.w.org\/{rel}","templated":true}]}}

<p>Francesca Blanch-Serrat treballa al Departament d’Estudis d’Anglès i Alemany de la Universitat Autònoma de Barcelona. La seva tesi doctoral (UAB, 2021), finançada amb una beca predoctoral del European Research Council, va explorar la presentació de si mateixa de la poeta i crítica del segle XVIII Anna Seward en els seus textos de maduresa, així com la recepció crítica de la seva obra en la seva edat avançada.</p>



<p>Ha publicat els seus estudis en revistes internacionals d’alt prestigi com <em>Women’s Writing</em>, <em>ES Review</em> i <em>Enthymema</em>, i en editorials com Comares i Palgrave. També ha escrit perfils per a <em>Encyclopedia Britannica</em> i <em>The New Historia</em> de Gina Luria Walker. La seva recerca se centra en la construcció, evolució i representació de la identitat en la vellesa, la seva recepció i l’impacte en les carreres de les escriptores britàniques del segle XVIII.</p>



<p>Francesca s’interessa especialment en la intersecció de l’edat, el gènere i la solteria en la presentació de si mateixes de les escriptores grans i soles, així com en les relacions professionals intergeneracionals amb escriptores més joves (mentoria entre generacions).</p>



<p>Actualment, treballa en la seva primera monografia, <em>Anna Seward, Older Age and Gender in Romanticism</em> (Palgrave, 2027), co-edita el volum <em>Genre Hybridity and Women&#8217;s Writing in Eighteenth-century Britain</em> (Brepols, 2025), i completa el perfil a la base de dades <em>Orlando</em> de l’escriptora, filòsofa i traductora Eliza Hayley (1750-1797).</p>



<p>A més, forma part del grup de recerca “Cos i textualitat: autoria i subjectivitats en construcció” (UAB) i participa en el projecte <em>FemE: Feminist Cultures in Europe: History, Values, and Social Transformation</em> (Jean Monnet).</p>

<p>Francesca Blanch-Serrat treballa al Departament d’Estudis d’Anglès i Alemany de la Universitat Autònoma de Barcelona. La seva tesi doctoral (UAB, 2021), finançada amb una beca predoctoral del European Research Council, va explorar la presentació de si mateixa de la poeta i crítica del segle XVIII Anna Seward en els seus textos de maduresa, així com [&hellip;]</p>
