{"id":168,"date":"2026-02-25T12:40:22","date_gmt":"2026-02-25T10:40:22","guid":{"rendered":"https:\/\/webs.uab.cat\/cositextualitats\/?page_id=168"},"modified":"2026-02-27T19:20:25","modified_gmt":"2026-02-27T17:20:25","slug":"monica-piferrer-gomez","status":"publish","type":"page","link":"https:\/\/webs.uab.cat\/cositextualitats\/grup\/monica-piferrer-gomez\/","title":{"rendered":"M\u00f2nica Piferrer G\u00f3mez"},"content":{"rendered":"\n<div class=\"wp-block-group is-nowrap is-layout-flex wp-container-core-group-is-layout-ad2f72ca wp-block-group-is-layout-flex\">\n<p>Graduada en Humanitats i amb un M\u00e0ster en Literatura Comparada (Estudis Literaris i Culturals), M\u00f2nica Piferrer G\u00f3mez \u00e9s doctoranda en Teoria de la Literatura i Literatura Comparada a la Universitat Aut\u00f2noma de Barcelona. Durant els seus estudis de grau va publicar el cap\u00edtol \u00abMiratges ut\u00f2pics: la p\u00e8rdua de llibertat i pensament humanista en un context d\u2019hipercomunicaci\u00f3\u00bb a <em>Paisatges de la utopia<\/em> (J. C. Cirera, ed., pp. 119-130, Anem Editors).<\/p>\n<\/div>\n\n\n\n<div class=\"wp-block-media-text is-stacked-on-mobile is-vertically-aligned-center\" style=\"grid-template-columns:47% auto\"><figure class=\"wp-block-media-text__media\"><img loading=\"lazy\" decoding=\"async\" width=\"1200\" height=\"1200\" src=\"https:\/\/webs.uab.cat\/cositextualitats\/wp-content\/uploads\/sites\/481\/2026\/02\/Monica-Piferrer-Gomez-edited-1.jpeg\" alt=\"\" class=\"wp-image-221 size-full\" srcset=\"https:\/\/webs.uab.cat\/cositextualitats\/wp-content\/uploads\/sites\/481\/2026\/02\/Monica-Piferrer-Gomez-edited-1.jpeg 1200w, https:\/\/webs.uab.cat\/cositextualitats\/wp-content\/uploads\/sites\/481\/2026\/02\/Monica-Piferrer-Gomez-edited-1-300x300.jpeg 300w, https:\/\/webs.uab.cat\/cositextualitats\/wp-content\/uploads\/sites\/481\/2026\/02\/Monica-Piferrer-Gomez-edited-1-1024x1024.jpeg 1024w, https:\/\/webs.uab.cat\/cositextualitats\/wp-content\/uploads\/sites\/481\/2026\/02\/Monica-Piferrer-Gomez-edited-1-150x150.jpeg 150w, https:\/\/webs.uab.cat\/cositextualitats\/wp-content\/uploads\/sites\/481\/2026\/02\/Monica-Piferrer-Gomez-edited-1-768x768.jpeg 768w\" sizes=\"auto, (max-width: 1200px) 100vw, 1200px\" \/><\/figure><div class=\"wp-block-media-text__content\">\n<p>Amb una estada internacional a la University of Kent, la seva recerca actual se centra en l\u2019an\u00e0lisi discursiva de les autopatografies, en particular <em>The Cancer Journals<\/em> (1980) d\u2019Audre Lorde i <em>The Undying<\/em> (2019) d\u2019Anne Boyer, i examina les formes de (auto)representaci\u00f3 dels cossos malalts en la literatura i el llenguatge emprat per articular les seves experi\u00e8ncies.<\/p>\n<\/div><\/div>\n\n\n\n<p>Com a membre del grup de recerca <em>Cos i Textualitats<\/em> a trav\u00e9s de la beca predoctoral FI SDUR 2023, el seu treball s\u2019emmarca dins dels Estudis de G\u00e8nere, les Humanitats M\u00e8diques, la Ling\u00fc\u00edstica Cognitiva i la Teoria de l\u2019Afecte, tot explorant tamb\u00e9 perspectives interdisciplin\u00e0ries per desentranyar noves connexions discursives.<\/p>\n\n\n\n<h2 class=\"wp-block-heading\"><strong>Publicacions recents<\/strong><\/h2>\n\n\n\n<p>Piferrer, M. (2021). Miratges ut\u00f2pics: la p\u00e8rdua de llibertat i pensament humanista en un context d\u2019hipercomunicaci\u00f3. A J. C. Cirera (ed.), <em>Paisatges de la utopia<\/em> (pp. 119-130). Anem Editors.<\/p>\n\n\n\n<h2 class=\"wp-block-heading\"><strong>Congressos recents<\/strong><\/h2>\n\n\n\n<p>Piferrer G\u00f3mez, M. (2025, 10 desembre). <em>What is illness and does it matter?<\/em> [P\u00f2ster presentat]. Research Salon, School of English, University of Kent, Canterbury, Regne Unit.<\/p>\n\n\n\n<p>Piferrer G\u00f3mez, M. (2025, 9 desembre). <em>Chaotic research: Reframing Arthur Frank\u2019s (1995) chaos narrative<\/em> [Comunicaci\u00f3 presentada]. Winter Showcase, Graduate and Researcher College, University of Kent, Canterbury, Regne Unit.<\/p>\n\n\n\n<p>Piferrer G\u00f3mez, M. (2025, 9\u201312 juliol). <em>Matter over mind: Reclaiming bodily intuition in medical care<\/em> [Comunicaci\u00f3 presentada]. XII Confer\u00e8ncia Feminista Europea d\u2019Investigaci\u00f3: Lluites feministes contempor\u00e0nies per l\u2019alliberament: cossos, fronteres i interseccions (ATGENDER), Universitat Aut\u00f2noma de Barcelona \u2013 Institut Interuniversitari d\u2019Estudis de Dones i G\u00e8nere, Bellaterra, Espanya.<\/p>\n\n\n\n<p>Piferrer G\u00f3mez, M. (2024, 11 desembre). <em>\u201cSi continues aix\u00ed d\u2019aqu\u00ed a uns dies, torna a visitar-te\u201d (i tornar\u00e9 a receptar-te paracetamol cada vuit hores): Sobre el menyspreu de l\u2019experi\u00e8ncia de la pacient a la consulta m\u00e8dica<\/em> [Comunicaci\u00f3 presentada]. I Congr\u00e9s de Doctorandes, C\u00e0tedra UB de Perspectiva de G\u00e8nere i Feminismes Ciutat de Cornell\u00e0 \u2013 Universitat de Barcelona i Ajuntament de Cornell\u00e0 de Llobregat, Barcelona, Espanya.<\/p>\n\n\n\n<p>Piferrer G\u00f3mez, M. (2024, 12\u201315 novembre). <em>Patetismo en el abismo: Reconfigurando el l\u00e9xico m\u00e9dico en el cuerpo literario enfermo<\/em> [Comunicaci\u00f3 presentada]. V Congreso Internacional \u201cLiteratura y Enfermedad\u201d (IV Simposio Nacional \u201cArte y Enfermedad\u201d), Centro de Estudios Literarios Antonio Cornejo Polar \u2013 El Lamparero Alucinado Ediciones \u2013 Red Literaria Peruana, Lima, Per\u00fa.<\/p>\n\n\n\n<p>Piferrer G\u00f3mez, M. (2024, 26\u201327 octubre). <em>From patient to agent: Embracing subjectivity in medical lexis through Audre Lorde\u2019s and Anne Boyer\u2019s work<\/em> [Comunicaci\u00f3 presentada]. Seventh International Conference \u201cEnglish Language and Anglophone Literatures Today (ELALT 7): Narratives of Disease in Literature and Culture\u201d, University of Novi Sad, Novi Sad, S\u00e8rbia.<\/p>\n\n\n\n<h2 class=\"wp-block-heading\"><strong>Contacte i m\u00e9s informaci\u00f3<\/strong><\/h2>\n\n\n\n<p>Correu electr\u00f2nic: <a href=\"mailto:monica.piferrer@uab.cat\">monica.piferrer@uab.cat<\/a><\/p>\n\n\n\n<p>ORCID: <a href=\"https:\/\/orcid.org\/0009-0006-2901-810X\" data-type=\"link\" data-id=\"https:\/\/orcid.org\/0009-0006-2901-810X\">0009-0006-2901-810X<\/a><\/p>\n\n\n\n<p>LinkedIn: <a href=\"https:\/\/www.linkedin.com\/in\/m%C3%B2nica-piferrer-g%C3%B3mez\/\" data-type=\"link\" data-id=\"https:\/\/www.linkedin.com\/in\/m%C3%B2nica-piferrer-g%C3%B3mez\/\">M\u00f2nica Piferrer G\u00f3mez<\/a><\/p>\n\n\n\n<p><\/p>\n","protected":false},"excerpt":{"rendered":"<p>Graduada en Humanitats i amb un M\u00e0ster en Literatura Comparada (Estudis Literaris i Culturals), M\u00f2nica Piferrer G\u00f3mez \u00e9s doctoranda en Teoria de la Literatura i Literatura Comparada a la Universitat Aut\u00f2noma de Barcelona. Durant els seus estudis de grau va publicar el cap\u00edtol \u00abMiratges ut\u00f2pics: la p\u00e8rdua de llibertat i pensament humanista en un context [&hellip;]<\/p>\n","protected":false},"author":3019,"featured_media":0,"parent":18,"menu_order":0,"comment_status":"closed","ping_status":"closed","template":"","meta":{"footnotes":""},"class_list":["post-168","page","type-page","status-publish","hentry"],"_links":{"self":[{"href":"https:\/\/webs.uab.cat\/cositextualitats\/wp-json\/wp\/v2\/pages\/168","targetHints":{"allow":["GET"]}}],"collection":[{"href":"https:\/\/webs.uab.cat\/cositextualitats\/wp-json\/wp\/v2\/pages"}],"about":[{"href":"https:\/\/webs.uab.cat\/cositextualitats\/wp-json\/wp\/v2\/types\/page"}],"author":[{"embeddable":true,"href":"https:\/\/webs.uab.cat\/cositextualitats\/wp-json\/wp\/v2\/users\/3019"}],"replies":[{"embeddable":true,"href":"https:\/\/webs.uab.cat\/cositextualitats\/wp-json\/wp\/v2\/comments?post=168"}],"version-history":[{"count":6,"href":"https:\/\/webs.uab.cat\/cositextualitats\/wp-json\/wp\/v2\/pages\/168\/revisions"}],"predecessor-version":[{"id":225,"href":"https:\/\/webs.uab.cat\/cositextualitats\/wp-json\/wp\/v2\/pages\/168\/revisions\/225"}],"up":[{"embeddable":true,"href":"https:\/\/webs.uab.cat\/cositextualitats\/wp-json\/wp\/v2\/pages\/18"}],"wp:attachment":[{"href":"https:\/\/webs.uab.cat\/cositextualitats\/wp-json\/wp\/v2\/media?parent=168"}],"curies":[{"name":"wp","href":"https:\/\/api.w.org\/{rel}","templated":true}]}}

Mònica Piferrer Gómez

<div class="wp-block-group is-nowrap is-layout-flex wp-container-core-group-is-layout-ad2f72ca wp-block-group-is-layout-flex">
<p>Graduada en Humanitats i amb un Màster en Literatura Comparada (Estudis Literaris i Culturals), Mònica Piferrer Gómez és doctoranda en Teoria de la Literatura i Literatura Comparada a la Universitat Autònoma de Barcelona. Durant els seus estudis de grau va publicar el capítol «Miratges utòpics: la pèrdua de llibertat i pensament humanista en un context d’hipercomunicació» a <em>Paisatges de la utopia</em> (J. C. Cirera, ed., pp. 119-130, Anem Editors).</p>
</div>



<div class="wp-block-media-text is-stacked-on-mobile is-vertically-aligned-center" style="grid-template-columns:47% auto"><figure class="wp-block-media-text__media"><img loading="lazy" decoding="async" width="1200" height="1200" src="https://webs.uab.cat/cositextualitats/wp-content/uploads/sites/481/2026/02/Monica-Piferrer-Gomez-edited-1.jpeg" alt="" class="wp-image-221 size-full" srcset="https://webs.uab.cat/cositextualitats/wp-content/uploads/sites/481/2026/02/Monica-Piferrer-Gomez-edited-1.jpeg 1200w, https://webs.uab.cat/cositextualitats/wp-content/uploads/sites/481/2026/02/Monica-Piferrer-Gomez-edited-1-300x300.jpeg 300w, https://webs.uab.cat/cositextualitats/wp-content/uploads/sites/481/2026/02/Monica-Piferrer-Gomez-edited-1-1024x1024.jpeg 1024w, https://webs.uab.cat/cositextualitats/wp-content/uploads/sites/481/2026/02/Monica-Piferrer-Gomez-edited-1-150x150.jpeg 150w, https://webs.uab.cat/cositextualitats/wp-content/uploads/sites/481/2026/02/Monica-Piferrer-Gomez-edited-1-768x768.jpeg 768w" sizes="auto, (max-width: 1200px) 100vw, 1200px" /></figure><div class="wp-block-media-text__content">
<p>Amb una estada internacional a la University of Kent, la seva recerca actual se centra en l’anàlisi discursiva de les autopatografies, en particular <em>The Cancer Journals</em> (1980) d’Audre Lorde i <em>The Undying</em> (2019) d’Anne Boyer, i examina les formes de (auto)representació dels cossos malalts en la literatura i el llenguatge emprat per articular les seves experiències.</p>
</div></div>



<p>Com a membre del grup de recerca <em>Cos i Textualitats</em> a través de la beca predoctoral FI SDUR 2023, el seu treball s’emmarca dins dels Estudis de Gènere, les Humanitats Mèdiques, la Lingüística Cognitiva i la Teoria de l’Afecte, tot explorant també perspectives interdisciplinàries per desentranyar noves connexions discursives.</p>



<h2 class="wp-block-heading"><strong>Publicacions recents</strong></h2>



<p>Piferrer, M. (2021). Miratges utòpics: la pèrdua de llibertat i pensament humanista en un context d’hipercomunicació. A J. C. Cirera (ed.), <em>Paisatges de la utopia</em> (pp. 119-130). Anem Editors.</p>



<h2 class="wp-block-heading"><strong>Congressos recents</strong></h2>



<p>Piferrer Gómez, M. (2025, 10 desembre). <em>What is illness and does it matter?</em> [Pòster presentat]. Research Salon, School of English, University of Kent, Canterbury, Regne Unit.</p>



<p>Piferrer Gómez, M. (2025, 9 desembre). <em>Chaotic research: Reframing Arthur Frank’s (1995) chaos narrative</em> [Comunicació presentada]. Winter Showcase, Graduate and Researcher College, University of Kent, Canterbury, Regne Unit.</p>



<p>Piferrer Gómez, M. (2025, 9–12 juliol). <em>Matter over mind: Reclaiming bodily intuition in medical care</em> [Comunicació presentada]. XII Conferència Feminista Europea d’Investigació: Lluites feministes contemporànies per l’alliberament: cossos, fronteres i interseccions (ATGENDER), Universitat Autònoma de Barcelona – Institut Interuniversitari d’Estudis de Dones i Gènere, Bellaterra, Espanya.</p>



<p>Piferrer Gómez, M. (2024, 11 desembre). <em>“Si continues així d’aquí a uns dies, torna a visitar-te” (i tornaré a receptar-te paracetamol cada vuit hores): Sobre el menyspreu de l’experiència de la pacient a la consulta mèdica</em> [Comunicació presentada]. I Congrés de Doctorandes, Càtedra UB de Perspectiva de Gènere i Feminismes Ciutat de Cornellà – Universitat de Barcelona i Ajuntament de Cornellà de Llobregat, Barcelona, Espanya.</p>



<p>Piferrer Gómez, M. (2024, 12–15 novembre). <em>Patetismo en el abismo: Reconfigurando el léxico médico en el cuerpo literario enfermo</em> [Comunicació presentada]. V Congreso Internacional “Literatura y Enfermedad” (IV Simposio Nacional “Arte y Enfermedad”), Centro de Estudios Literarios Antonio Cornejo Polar – El Lamparero Alucinado Ediciones – Red Literaria Peruana, Lima, Perú.</p>



<p>Piferrer Gómez, M. (2024, 26–27 octubre). <em>From patient to agent: Embracing subjectivity in medical lexis through Audre Lorde’s and Anne Boyer’s work</em> [Comunicació presentada]. Seventh International Conference “English Language and Anglophone Literatures Today (ELALT 7): Narratives of Disease in Literature and Culture”, University of Novi Sad, Novi Sad, Sèrbia.</p>



<h2 class="wp-block-heading"><strong>Contacte i més informació</strong></h2>



<p>Correu electrònic: <a href="mailto:monica.piferrer@uab.cat">monica.piferrer@uab.cat</a></p>



<p>ORCID: <a href="https://orcid.org/0009-0006-2901-810X" data-type="link" data-id="https://orcid.org/0009-0006-2901-810X">0009-0006-2901-810X</a></p>



<p>LinkedIn: <a href="https://www.linkedin.com/in/m%C3%B2nica-piferrer-g%C3%B3mez/" data-type="link" data-id="https://www.linkedin.com/in/m%C3%B2nica-piferrer-g%C3%B3mez/">Mònica Piferrer Gómez</a></p>



<p></p>

<p>Graduada en Humanitats i amb un Màster en Literatura Comparada (Estudis Literaris i Culturals), Mònica Piferrer Gómez és doctoranda en Teoria de la Literatura i Literatura Comparada a la Universitat Autònoma de Barcelona. Durant els seus estudis de grau va publicar el capítol «Miratges utòpics: la pèrdua de llibertat i pensament humanista en un context [&hellip;]</p>
