{"id":51,"date":"2024-02-16T09:08:26","date_gmt":"2024-02-16T07:08:26","guid":{"rendered":"https:\/\/webs.uab.cat\/cositextualitats\/?page_id=51"},"modified":"2024-02-16T09:08:26","modified_gmt":"2024-02-16T07:08:26","slug":"publicacions","status":"publish","type":"page","link":"https:\/\/webs.uab.cat\/cositextualitats\/publicacions\/","title":{"rendered":"Publicacions"},"content":{"rendered":"\n<p>Els membres de Cos i Textualitats han dut a terme una \u00e0mplia producci\u00f3 acad\u00e8mica que queda resumida en m\u00e9s de 30 llibres, 70 cap\u00edtols de llibre, i m\u00e9s de 50 articles. Aquesta n\u2019\u00e9s una breu selecci\u00f3 de les darreres contribucions:<\/p>\n\n\n\n<p><strong>Articles:<\/strong><\/p>\n\n\n\n<p><strong>Font, Carme. <\/strong>2023. \u201cLife Among These Unknown Revolutionaries\u2019: Traces of Lucy Hutchinson\u2019s Memoirs in the Spanish and Italian Historiography of the English Revolution\u201d. <em>The Seventeenth Century, <\/em>Vol. 38. 1, pp.541-553.<\/p>\n\n\n\n<p>&#8212;. 2022. \u201cA Resounding God: Acoustic Representations of the Divine in Early Modern Women\u2019s Spiritual Writing\u201d, <em>Early Modern Women<\/em>. Vol. 17.1, pp. 139-147.<\/p>\n\n\n\n<p>&#8212;. 2022. \u201c&#8217;Owing the Comforts of Life to Art\u2019: Elizabeth Helme\u2019s Critical Reception and the Practice of Writing\u201d, <em>Enthymema<\/em>. Vol. 31, pp. 101-113.<\/p>\n\n\n\n<p><strong>M\u00e9rida Jim\u00e9nez, Rafael M. <\/strong>2020.<strong> \u201c<\/strong>Founding and Ineffable Identities: Pelagius, Virgin and Martyr.\u201d <em>Imago Temporis, Medium Aevum<\/em>, Vol. 14.1, pp. 165-184. <a href=\"https:\/\/doi.org\/10.21001\/itma.2020.14.05\">https:\/\/doi.org\/10.21001\/itma.2020.14.05<\/a><\/p>\n\n\n\n<p><strong>Roas Deus, David. 2020. \u201c<\/strong>The Female Fantastic vs The Feminist Fantastic: Gender and the Transgression of the Real.<strong>\u201d <\/strong>CLCWeb: Comparative Literature and Culture, vol. 22.4. <a href=\"https:\/\/doi.org\/10.7771\/1481-4374.3690\">https:\/\/doi.org\/10.7771\/1481-4374.3690<\/a><\/p>\n\n\n\n<p>&#8212;. 2019. \u201cThe Terrible Convention Known as Time: Chronological Distorsions in the Narrative of Cristina Fern\u00e1ndez Cubas.\u201d Bulletin of Hispanic Studies, vol. 96.6, pp. 667-682. <a href=\"https:\/\/doi.org\/10.3828\/bhs.2019.40\">https:\/\/doi.org\/10.3828\/bhs.2019.40<\/a><\/p>\n\n\n\n<p><strong>S\u00e1ez Tajafuerce, Begonya<\/strong>. 2020. \u201cFeminism and\/in the\/its Plural.\u201d Anclajes. Ex \u00e6quo Journal, vol. 42.1, pp. 73-85. <a href=\"https:\/\/doi.org\/10.22355\/exaequo.2020.42.04\">https:\/\/doi.org\/10.22355\/exaequo.2020.42.04<\/a><\/p>\n\n\n\n<p>&#8212;. 2019. \u201cVerdad y saber en Zambrano.: Hacia una onto-\u00e9tico-epistemolog\u00eda\u201d, <em>Aurora: papeles del Seminario Mar\u00eda Zambrano<\/em>, ISSN-e 2014-9107, no. 20, pp. 100-108<\/p>\n\n\n\n<p>&#8212;. 2019. \u201cCorpo-pol\u00edticas de la vulnerabilidad o de c\u00f3mo la materia resiste al discurso\u201d, <em>International Journal on Collective Identity Research<\/em>, ISSN-e 1695-6494, no. 2, pp. 1-15<\/p>\n\n\n\n<p>&#8212;. 2019. \u201cPlasticidad y diferencia. De la diferencia ontol\u00f3gica a la diferencia sexual y viceversa\u201d, <em>Revista de Humanidades<\/em>, no. 39, pp. 77-104<\/p>\n\n\n\n<p>&#8212;. 2018. \u201cSaberes situados (article i edici\u00f3 de n\u00famero especial <em>Epistemologies feministes<\/em>).\u201d Enrahonar: International Journal of Theoretical and Practical Reason, vol. 60, pp. 93-108. <a href=\"https:\/\/doi.org\/10.5565\/rev\/enrahonar.1198\">https:\/\/doi.org\/10.5565\/rev\/enrahonar.1198<\/a><\/p>\n\n\n\n<p>&#8212; with Ivan Flores Arancibia. 2021. \u201cEl trauma de lo inerte. Apuntes para una nueva parasitolog\u00eda.\u201d Artnodes, vol. 27.1, pp. 1-19. <a href=\"http:\/\/dx.doi.org\/10.7238\/issn.1695-5951\">http:\/\/dx.doi.org\/10.7238\/issn.1695-5951<\/a>&nbsp;&nbsp;<\/p>\n\n\n\n<p><strong>Torras Franc\u00e8s, Meri<\/strong>. 2020. \u201cMiradas efractivas, ojos refractivos, y sujetxs inclinadxs. Genealog\u00edas de la (re)vision feministal\u00e9sbica-queer\u201d, <em>452\u00baF. <\/em>Revista de&nbsp;<em>Teor\u00eda de la Literatura y Literatura Comparada<\/em> N\u00ba27, pp. 28-41. <a href=\"https:\/\/doi.org\/10.1344\/452f.2022.27.2\">https:\/\/doi.org\/10.1344\/452f.2022.27.2<\/a><\/p>\n\n\n\n<p>&#8212; 2019. \u201cCristina Peri Rossi: Entretejer vida y literatura, ante el despojo del tiempo.\u201d Revista Iberoamericana, vol. LXXXV, num. 268, pp. 761-778. <a href=\"https:\/\/doi.org\/10.5195\/reviberoamer.2019.7806\">https:\/\/doi.org\/10.5195\/reviberoamer.2019.7806<\/a><\/p>\n\n\n\n<p><strong>Aina P\u00e9rez Fontdevila<\/strong>. 2020. &#8220;Furgant per les llivanyes i juntures&#8221;&#8230;: qu\u00e8 \u00e9s una autora?\u201d, <em>Revista de Catalunya<\/em>, ISSN 0213-5876, N\u00ba. Extra 6, pp. 161-168<\/p>\n\n\n\n<p><strong>N\u00fameros Especials de Revista:<\/strong><\/p>\n\n\n\n<p><strong>P\u00e9rez-Fontdevila, Aina<\/strong> (2021) \u201cEstrategias de g\u00e9nero y posturas autoriales en el campo literario actual\u201d a la revista Pasavento. Revista de Estudios Hisp\u00e1nicos, Vol. 9, n\u00fam. 2, 2021, <a href=\"https:\/\/doi.org\/10.37536\/preh.2021.9.2\">https:\/\/doi.org\/10.37536\/preh.2021.9.2<\/a><\/p>\n\n\n\n<p><strong>L\u00f3pez-Pellisa, Teresa, Roas, David<\/strong> (coords.) (2021) \u201cHomenaje a Amparo D\u00e1vila. Visiones desde el otro lado de lo Real\u201d, <em>Brumal. Research Journal on the Fantastic<\/em> (Universidad Aut\u00f3noma de Barcelona), vol. IX, n\u00fam. 1.<\/p>\n\n\n\n<p><strong>P\u00e9rez Fontdevila, Aina<\/strong> and<strong> Torras Franc\u00e8s, Meri <\/strong>(eds.) (2019), special issue \u201cCorpograf\u00edas autoriales. Re\/visiones de g\u00e9nero \/ Corpographies auctoriales genr\u00e9es \/ Gendered Authorial Corpographies\u201d, <em>Interf\u00e9rences litt\u00e9raires \u2013 Literaire interferenties. Multilingual e-Journal for Literary Studies<\/em>, 21, <a href=\"http:\/\/interferenceslitteraires.be\/index.php\/illi\/issue\/view\/54\">http:\/\/interferenceslitteraires.be\/index.php\/illi\/issue\/view\/54<\/a><\/p>\n\n\n\n<p><strong>P\u00e9rez-Fontdevila, Aina<\/strong> (2019) &#8220;Autor- representaciones. Estrategias de ser autora en Latinoam\u00e9rica&#8221;, Revista Iberoamericana. LXXXV &#8211; 268, 2019 (USA), University of Pittsburgh.<\/p>\n\n\n\n<p><strong>Cap\u00edtols de Llibre:<\/strong><\/p>\n\n\n\n<p><strong>Adri\u00e1n Escudero, Jes\u00fas. 2020. <\/strong>\u201cHomeland and Politics of Space\u201d, in <em>Debating and Defining Borders: Philosophical and Theoretical Perspectives<\/em>, Anthony Cooper and S\u00f8ren Tinning (eds.), pp. 112-123. Routledge.<\/p>\n\n\n\n<p><strong>Falconi, Diego<\/strong> <strong>(ed.)<\/strong> 2020. El poder de la palabra. Reflexiones en torno a la libertad de expresi\u00f3n desde el derecho y la literatura, Val\u00e8ncia, Tirant lo Blanch.<\/p>\n\n\n\n<p><strong>Font, Carme. <\/strong>2023. \u201c\u2018Qualities which Many Think Most Unlikely to be Found in Women&#8217;: Genderfluid Textualities in Samuel Torshell\u2019s The Womans Glorie (1650)\u201d in <em>Recovering Women&#8217;s PastNew Epistemologies, New Ventures<\/em>. Genieys-Kirk, S. (ed.). Nebraska-Lincoln, University of Nebraska Press, pp: 109-137.<\/p>\n\n\n\n<div class=\"wp-block-media-text has-media-on-the-right is-stacked-on-mobile is-vertically-aligned-center\"><div class=\"wp-block-media-text__content\">\n<p><strong>P\u00e9rez Fontdevila, Aina<\/strong> and\u00a0 <strong>Meri Torras Franc\u00e8s (eds.). 2019. <\/strong><em>\u00bfQu\u00e9 es una autora? Encrucijadas te\u00f3ricas entre g\u00e9nero y autor\u00eda. <\/em>Barcelona, Icaria.<\/p>\n<\/div><figure class=\"wp-block-media-text__media\"><img loading=\"lazy\" decoding=\"async\" width=\"550\" height=\"611\" src=\"https:\/\/webs.uab.cat\/cositextualitats\/wp-content\/uploads\/sites\/481\/2024\/02\/Publicacion_Que-es-una-Autora.jpg\" alt=\"\" class=\"wp-image-37 size-full\" srcset=\"https:\/\/webs.uab.cat\/cositextualitats\/wp-content\/uploads\/sites\/481\/2024\/02\/Publicacion_Que-es-una-Autora.jpg 550w, https:\/\/webs.uab.cat\/cositextualitats\/wp-content\/uploads\/sites\/481\/2024\/02\/Publicacion_Que-es-una-Autora-270x300.jpg 270w\" sizes=\"auto, (max-width: 550px) 100vw, 550px\" \/><\/figure><\/div>\n\n\n\n<p><strong>Roas Deus, David. 2018. <\/strong><em>Behind the Frontiers of the Real: A Definition of the Fantastic<\/em>. Palgrave Macmillan.<\/p>\n\n\n\n<p><strong>Torras Franc\u00e8s, Meri <\/strong>(ed.). 2020. \u201cEl gesto mudo que gesta mundo. Los procesos de materializaci\u00f3n corporal de Lucr\u00e9cia Neves en <em>A cidade sitiada<\/em>\u201d, in Isabel Mercad\u00e9 (ed.), <em>Clarice Lispector. Alguien dir\u00e1 mi nombre. <\/em>Madrid: Shangrila ISBN: 978-84-120775-8-2.<\/p>\n\n\n\n<p>&#8212; (ed.). 2019. <em>Espacios fronterizos. Selecci\u00f3n de art\u00edculos aparecidos en La Vanguardia (2014-2017)<\/em>, Carme Riera (author). Valladolid: U. Valladolid, pp. 64-78. ISBN 978-84- 7635-952-5<\/p>\n\n\n\n<p>&#8212;. 2019. \u201cLiteral y po\u00e9ticamente obsceno: el cuerpo contraesc\u00e9nico\u201d, in Alberto Berzosa et al. (eds.), <em>Reimaginar la disidencia sexual en la Espa\u00f1a de los setenta. Redes, vidas, archivo. <\/em>Barcelona: Bellaterra, pp. 213-225 [ISBN: 978-84-7290-956-4]<\/p>\n\n\n\n<p>&#8212;. 2019. \u201cMaria-Merc\u00e8 Mar\u00e7al. Genealog\u00eda de una presencia a contrapelo\u201d, in Gracia Trujillo et al. (eds.), <em>Fiestas, memorias y archivos. Pol\u00edtica sexual disidente y resistencias cotidianas en Espa\u00f1a de los a\u00f1os setenta<\/em>. Madrid: Brumaria, pp. 197-224 [ISBN: 978-84-949929-5-7]&nbsp;<\/p>\n\n\n\n<p>&#8212;. 2018. \u201cTrabajos de amor (re)vividos. Afectos y efectos en <em>Los amores equivocados<\/em>\u201d, Jes\u00fas G\u00f3mez-de-Tejada (ed.), <em>Cristina Peri Rossi. Erosi\u00f3n, transgresi\u00f3n y exilio<\/em>, Sevilla, Universidad de Sevilla.<\/p>\n","protected":false},"excerpt":{"rendered":"<p>Els membres de Cos i Textualitats han dut a terme una \u00e0mplia producci\u00f3 acad\u00e8mica que queda resumida en m\u00e9s de 30 llibres, 70 cap\u00edtols de llibre, i m\u00e9s de 50 articles. Aquesta n\u2019\u00e9s una breu selecci\u00f3 de les darreres contribucions: Articles: Font, Carme. 2023. \u201cLife Among These Unknown Revolutionaries\u2019: Traces of Lucy Hutchinson\u2019s Memoirs in [&hellip;]<\/p>\n","protected":false},"author":47,"featured_media":0,"parent":0,"menu_order":0,"comment_status":"closed","ping_status":"closed","template":"","meta":{"footnotes":""},"class_list":["post-51","page","type-page","status-publish","hentry"],"_links":{"self":[{"href":"https:\/\/webs.uab.cat\/cositextualitats\/wp-json\/wp\/v2\/pages\/51","targetHints":{"allow":["GET"]}}],"collection":[{"href":"https:\/\/webs.uab.cat\/cositextualitats\/wp-json\/wp\/v2\/pages"}],"about":[{"href":"https:\/\/webs.uab.cat\/cositextualitats\/wp-json\/wp\/v2\/types\/page"}],"author":[{"embeddable":true,"href":"https:\/\/webs.uab.cat\/cositextualitats\/wp-json\/wp\/v2\/users\/47"}],"replies":[{"embeddable":true,"href":"https:\/\/webs.uab.cat\/cositextualitats\/wp-json\/wp\/v2\/comments?post=51"}],"version-history":[{"count":1,"href":"https:\/\/webs.uab.cat\/cositextualitats\/wp-json\/wp\/v2\/pages\/51\/revisions"}],"predecessor-version":[{"id":52,"href":"https:\/\/webs.uab.cat\/cositextualitats\/wp-json\/wp\/v2\/pages\/51\/revisions\/52"}],"wp:attachment":[{"href":"https:\/\/webs.uab.cat\/cositextualitats\/wp-json\/wp\/v2\/media?parent=51"}],"curies":[{"name":"wp","href":"https:\/\/api.w.org\/{rel}","templated":true}]}}