{"id":2,"date":"2025-01-21T14:12:47","date_gmt":"2025-01-21T12:12:47","guid":{"rendered":"https:\/\/webs.uab.cat\/criminologia\/?page_id=2"},"modified":"2025-06-11T12:04:12","modified_gmt":"2025-06-11T10:04:12","slug":"presentacio","status":"publish","type":"page","link":"https:\/\/webs.uab.cat\/criminologia\/presentacio\/","title":{"rendered":"Presentaci\u00f3"},"content":{"rendered":"\n<p>El <em>grup de recerca en Desistiment del Delicte&nbsp; i Pol\u00edtiques de Reinserci\u00f3 <\/em>t\u00e9 el seu origen al \u201cGrup de Recerca en Criminologia aplicada a la penologia\u201d, creat a l\u2019any 2005 i dirigit per la Prof. Elena Larrauri, amb la primera convocat\u00f2ria SGR. Probablement, el fruit m\u00e9s conegut d\u2019aquest grup de recerca va ser el llibre <em>Jueces Penales y Penas en Espa\u00f1a<\/em> (Tirant lo Blanch, 2002) que va ser la primera recerca emp\u00edrica de gran abast a Espanya sobre la imposici\u00f3 i execuci\u00f3 de les penes. Posteriorment, a l\u2019any 2014, es va crear el Grup Emergent \u201c<em>Desistiment del delicte i Pol\u00edtiques de Reinserci<\/em>\u00f3\u201d (2017-SGR-1772), focalitzat en el processos d\u2019abandonament de la delinq\u00fc\u00e8ncia i la reinserci\u00f3.&nbsp; A l\u2019any 2021 el grup es va unir amb el grup de Criminologia de la Universitat de Girona liderat pel Prof, Daniel Varona, coordinador del grup, &nbsp;i va obtenir la concessi\u00f3 de Grup d\u2019Investigaci\u00f3 Inter-Institucional (UdG-UAB) Consolidat amb finan\u00e7ament, &nbsp;en \u201cJusticia Penal i Penologia\u201d (2001-SGR-00207).<\/p>\n\n\n\n<p>&nbsp;&nbsp;&nbsp;&nbsp;&nbsp;&nbsp;&nbsp;&nbsp;&nbsp;&nbsp;&nbsp; El grup est\u00e0 centrat en el coneixement dels processos que porten a l\u2019abandonament de la delinq\u00fc\u00e8ncia i a la reinserci\u00f3. Les seves darreres investigacions s\u2019han centrat en l\u2019an\u00e0lisi del desistiment d\u2019adults i de joves, en l\u2019impacte de l\u2019empresonament en la reincid\u00e8ncia i en el rol del mentoratge en el desistiment i la reinserci\u00f3.&nbsp; Les seves recerques s\u2019han publicat tant en revistes internacionals (com <em>European Journal of Criminology, International Journal of Offender Therapy and Comparative Criminology, Prison Journal<\/em>) com nacionals (Revista Espa\u00f1ola de Investigaci\u00f3n Criminol\u00f3gica, Revista Internacional de Sociolog\u00eda, Revista Electr\u00f3nica de Ciencia Penal y Criminolog\u00eda, Revista de Derecho Penal&nbsp; y Criminolog\u00eda, entre altres).<\/p>\n\n\n\n<p>&nbsp;&nbsp;&nbsp;&nbsp;&nbsp;&nbsp;&nbsp;&nbsp;&nbsp;&nbsp;&nbsp; El grup t\u00e9 una voluntat de que la seva recerca serveixi per millorar les pol\u00edtiques de reinserci\u00f3 i, amb aquest objectiu, ha cooperat tant amb institucions p\u00fabliques com amb entitats del tercer sector, principalment de l\u2019\u00e0mbit de Catalunya, per portar a termes les seves recerques i per implementar els seus resultats. &nbsp;&nbsp;&nbsp;&nbsp;&nbsp;&nbsp; A m\u00e9s, el grup sempre ha mostrat preocupaci\u00f3 per la difusi\u00f3 internacional de la seva recerca, participant en congressos internacionals i formant part de diferents grups i xarxes internacionals de recerca. Bons exemples s\u00f3n la seva participaci\u00f3 en el <em>Working Group on Community Sanctions and Measures<\/em> i el <em>European Working Group on Prisons<\/em>.<\/p>\n\n\n\n<p>&nbsp;&nbsp;&nbsp;&nbsp;&nbsp;&nbsp;&nbsp;&nbsp;&nbsp;&nbsp;&nbsp; En l\u2019actualitat el grup, en el marc del projecte ministerial \u201cTercer grau, Llibertat Condicional i Reinserci\u00f3\u00b7\u201d est\u00e0 investigant com el pas de les persones pel r\u00e8gim obert i la llibertat condicional pot ser &nbsp;un punt d\u2019inflexi\u00f3 en la vida de les persones en el desistiment del delicte i la reinserci\u00f3<\/p>\n","protected":false},"excerpt":{"rendered":"<p>El grup de recerca en Desistiment del Delicte&nbsp; i Pol\u00edtiques de Reinserci\u00f3 t\u00e9 el seu origen al \u201cGrup de Recerca en Criminologia aplicada a la penologia\u201d, creat a l\u2019any 2005 i dirigit per la Prof. Elena Larrauri, amb la primera convocat\u00f2ria SGR. Probablement, el fruit m\u00e9s conegut d\u2019aquest grup de recerca va ser el llibre [&hellip;]<\/p>\n","protected":false},"author":1385,"featured_media":0,"parent":0,"menu_order":0,"comment_status":"closed","ping_status":"open","template":"","meta":{"footnotes":""},"class_list":["post-2","page","type-page","status-publish","hentry"],"_links":{"self":[{"href":"https:\/\/webs.uab.cat\/criminologia\/wp-json\/wp\/v2\/pages\/2","targetHints":{"allow":["GET"]}}],"collection":[{"href":"https:\/\/webs.uab.cat\/criminologia\/wp-json\/wp\/v2\/pages"}],"about":[{"href":"https:\/\/webs.uab.cat\/criminologia\/wp-json\/wp\/v2\/types\/page"}],"author":[{"embeddable":true,"href":"https:\/\/webs.uab.cat\/criminologia\/wp-json\/wp\/v2\/users\/1385"}],"replies":[{"embeddable":true,"href":"https:\/\/webs.uab.cat\/criminologia\/wp-json\/wp\/v2\/comments?post=2"}],"version-history":[{"count":2,"href":"https:\/\/webs.uab.cat\/criminologia\/wp-json\/wp\/v2\/pages\/2\/revisions"}],"predecessor-version":[{"id":230,"href":"https:\/\/webs.uab.cat\/criminologia\/wp-json\/wp\/v2\/pages\/2\/revisions\/230"}],"wp:attachment":[{"href":"https:\/\/webs.uab.cat\/criminologia\/wp-json\/wp\/v2\/media?parent=2"}],"curies":[{"name":"wp","href":"https:\/\/api.w.org\/{rel}","templated":true}]}}