{"id":79,"date":"2025-02-06T10:52:02","date_gmt":"2025-02-06T08:52:02","guid":{"rendered":"https:\/\/webs.uab.cat\/criminologia\/?page_id=79"},"modified":"2026-03-05T11:45:59","modified_gmt":"2026-03-05T09:45:59","slug":"articles","status":"publish","type":"page","link":"https:\/\/webs.uab.cat\/criminologia\/articles\/","title":{"rendered":"Articles"},"content":{"rendered":"\n<p><strong>2026<\/strong><\/p>\n\n\n\n<p>Cid, J., De la Encarnaci\u00f3n, E. (2006) The process of reintegration: From prison to conditional release. <em>Journal of Developmental and Life Course Criminology,<\/em> <em>12<\/em>(3), 1- 27. <a href=\"https:\/\/doi.org\/10.1007\/s40865-026-00289-w\">https:\/\/doi.org\/10.1007\/s40865<\/a><a href=\"https:\/\/doi.org\/10.1007\/s40865-026-00289-w\">&#8211;<\/a><a href=\"https:\/\/doi.org\/10.1007\/s40865-026-00289-w\">026<\/a><a href=\"https:\/\/doi.org\/10.1007\/s40865-026-00289-w\">&#8211;<\/a><a href=\"https:\/\/doi.org\/10.1007\/s40865-026-00289-w\">00289<\/a><a href=\"https:\/\/doi.org\/10.1007\/s40865-026-00289-w\">&#8211;<\/a><a href=\"https:\/\/doi.org\/10.1007\/s40865-026-00289-w\">w<\/a><\/p>\n\n\n\n<p>Cid, J., &amp; Varona G\u00f3mez, D. (2026). El reciente incremento del encarcelamiento en Espa\u00f1a: \u00bfun cambio de tendencia? <em>InDret<\/em>, (1), 3-0.<\/p>\n\n\n\n<p><strong>2025<\/strong><\/p>\n\n\n\n<p>Barcons, M., Olaciregui, P., Mel\u00e9ndez, A, (2025). La ciberviolencia de g\u00e9nero: las voces de las v\u00edctimas. <em>Revista de Pol\u00edtica Criminal, 20<\/em>(40), 605-633.<\/p>\n\n\n\n<p>Batlle, A., Mart\u00ed, M., &amp; Pedrosa, A. (2025). Examining re-entry support in big cities. Insights from Barcelona on the challenges for effective reintegration. <em>European<\/em> <em>Journal of Probation<\/em>, <em>17<\/em>(3), 246-264. <a href=\"https:\/\/doi.org\/10.1177\/20662203251397830\">https:\/\/doi.org\/10.1177\/20662203251397830<\/a><a href=\"https:\/\/doi.org\/10.1177\/20662203251397830\"><\/a><\/p>\n\n\n\n<p>Cardoso, T. P., Renner, J. S., &amp; Cantera, L. M. (2025). Pol\u00edticas p\u00fablicas de enfrentamento \u00e0 viol\u00eancia gordof\u00f3bica de g\u00eanero no brasil e na Espanha: Caminhos para a justi\u00e7a social. <em>Revista Direitos Sociais E Pol\u00edticas P\u00fablicas, 13<\/em>(2), 81\u2013107. <a href=\"https:\/\/doi.org\/10.25245\/rdspp.v13i2.1682\">https:\/\/doi.org\/10.25245\/rdspp.v13i2.1682<\/a><a href=\"https:\/\/doi.org\/10.25245\/rdspp.v13i2.1682\"><\/a><\/p>\n\n\n\n<p>Castillo, \u00c1., Cantera, L. M., &amp; Chand\u00eda, G. (2025). Prevenci\u00f3n de la violencia y promoci\u00f3n del buentrato en el noviazgo con mujeres j\u00f3venes en Santiago de Chile. <em>\u00daltima D\u00e9cada, 33<\/em>(64), 197\u2013218. <a href=\"https:\/\/doi.org\/10.5354\/0718-2236.2025.78775\">https:\/\/doi.org\/10.5354\/0718<\/a><a href=\"https:\/\/doi.org\/10.5354\/0718-2236.2025.78775\">&#8211;<\/a><a href=\"https:\/\/doi.org\/10.5354\/0718-2236.2025.78775\">2236.2025.78775<\/a><a href=\"https:\/\/doi.org\/10.5354\/0718-2236.2025.78775\"><\/a><\/p>\n\n\n\n<p>Cid, J. (2025). \u00bfDisponemos en Espa\u00f1a de un sistema efectivo de castigos? <em>ReCRIM<\/em>, (25), 62-88.<\/p>\n\n\n\n<p>Cid, J. (2025). El futuro de las alternativas a la prisi\u00f3n en Espa\u00f1a: The future of alternatives &nbsp;&nbsp; to prison &nbsp;&nbsp;&nbsp;&nbsp;&nbsp;&nbsp;&nbsp;&nbsp;&nbsp;&nbsp;&nbsp; in &nbsp;&nbsp;&nbsp;&nbsp;&nbsp;&nbsp;&nbsp; Spain. &nbsp;&nbsp;&nbsp;&nbsp;&nbsp;&nbsp;&nbsp;&nbsp;&nbsp;&nbsp; <em>InDret<\/em>, &nbsp;&nbsp;&nbsp;&nbsp;&nbsp;&nbsp;&nbsp;&nbsp;&nbsp;&nbsp; (1), &nbsp;&nbsp;&nbsp;&nbsp; 12-0. <a href=\"https:\/\/doi.org\/10.31009\/InDret.2025.i1.08\">https:\/\/doi.org\/10.31009\/InDret.2025.i1.08<\/a><a href=\"https:\/\/doi.org\/10.31009\/InDret.2025.i1.08\"><\/a><\/p>\n\n\n\n<p>Cubells, J., Navarro, M. C., Cantera, L. M., &amp; Jorquera, S. (2025). The impact of male violence on female delinquency: Experiences of vulnerability and poly victimization in women serving prison sentences in Catalonia. <em>Violence Against Women<\/em>, 1-29. <a href=\"https:\/\/doi.org\/10.1177\/10778012251366240\">https:\/\/doi.org\/10.1177\/10778012251366240<\/a><a href=\"https:\/\/doi.org\/10.1177\/10778012251366240\"><\/a><\/p>\n\n\n\n<p>Godino, A., Molina, O. &amp; Mart\u00ed, J. (2025). Redes de negociaci\u00f3n: el papel de los lazos informales y de confianza en las relaciones laborales. <em>Barataria: revista castellanomanchega &nbsp;&nbsp;&nbsp;&nbsp;&nbsp;&nbsp;&nbsp;&nbsp;&nbsp;&nbsp; de ciencias &nbsp;&nbsp;&nbsp;&nbsp;&nbsp;&nbsp;&nbsp; sociales,<\/em> &nbsp;&nbsp;&nbsp;&nbsp;&nbsp;&nbsp; (37), &nbsp;&nbsp; 101-116. <a href=\"https:\/\/doi.org\/10.20932\/barataria.v0i37.712\">https:\/\/doi.org\/10.20932\/barataria.v0i37.712<\/a><a href=\"https:\/\/doi.org\/10.20932\/barataria.v0i37.712\"><\/a><\/p>\n\n\n\n<p>Pedrosa, A. (2025). Las Juntas de Tratamiento en prisi\u00f3n: \u00bfC\u00f3mo toman sus decisiones?. <em>InDret<\/em>, (4), 314-346. <a href=\"https:\/\/doi.org\/10.31009\/InDret.2025.i4.10\">https:\/\/doi.org\/10.31009\/InDret.2025.i4.10<\/a><a href=\"https:\/\/doi.org\/10.31009\/InDret.2025.i4.10\"><\/a><\/p>\n\n\n\n<p>Rojas, K., Bruguera, C., Gin\u00e9s, O., Geldschl\u00e4ger, H., Segura, L., Colom, J., &amp; Cubells, J. (2025). Fatherhood Experiences of Male Cocaine Users and\/or Polydrug users. <em>Masculinities and Social Change<\/em>, <em>14<\/em>(2), 132-151. <a href=\"https:\/\/doi.org\/10.17583\/mcs.15097\">https:\/\/doi.org\/10.17583\/mcs.15097<\/a><a href=\"https:\/\/doi.org\/10.17583\/mcs.15097\"><\/a><\/p>\n\n\n\n<p>S\u00e1nchez-Delgado, H. (2025). Analyzing Social Disorganization Theory of Crime in Barcelona: Micro-Level Insights from Census Sections. <em>Sociological Focus, 58<\/em>(2). <a href=\"https:\/\/doi.org\/10.1080\/00380237.2025.2466791\">https:\/\/doi.org\/10.1080\/00380237.2025.2466791<\/a><\/p>\n\n\n\n<p><strong>2024<\/strong><\/p>\n\n\n\n<p>Andrade, K. D.; Silva, J. P. da; &amp; Cantera Espinosa, L. M. (2024). Moral harassment at work of care professionals for victims of violence against women. <em>Revista Valore, 9<\/em>, 1-18. <a href=\"https:\/\/doi.org\/10.22408\/reva902024724e-9010\">https:\/\/doi.org\/10.22408\/reva902024724e<\/a><a href=\"https:\/\/doi.org\/10.22408\/reva902024724e-9010\">&#8211;<\/a><a href=\"https:\/\/doi.org\/10.22408\/reva902024724e-9010\">9010<\/a><a href=\"https:\/\/doi.org\/10.22408\/reva902024724e-9010\"><\/a><\/p>\n\n\n\n<p>Cid, J. (2024). \u00bfSon las teor\u00edas del desistimiento y sus implicaciones pr\u00e1cticas dependientes del contexto estructural? <em>Bolet\u00edn criminol\u00f3gico<\/em>, <em>30<\/em>(228), 1-8. <a href=\"https:\/\/doi.org\/10.24310\/bc.30.2024.20674\">https:\/\/doi.org\/10.24310\/bc.30.2024.20674<\/a><a href=\"https:\/\/doi.org\/10.24310\/bc.30.2024.20674\"><\/a><\/p>\n\n\n\n<p>Cid, J.; Mel\u00e9ndez, A.; Busquets, C.; Navarro, C.; Xufr\u00e9, J.; El Kabiri, I.; Ram\u00edrez, T.; Pedrosa, A.; Mart\u00ed, J. (2024). \u00bfEs el estilo de supervisi\u00f3n relevante para la efectividad de la pena de trabajo en beneficio de la comunidad? <em>Revista Espa\u00f1ola de<\/em> <em>Investigaci\u00f3n Criminol\u00f3gica, 22<\/em>(1), 1-21.&nbsp; <a href=\"https:\/\/doi.org\/10.46381\/reic.v22i1.874\">https:\/\/doi.org\/10.46381\/reic.v22i1.874<\/a><a href=\"https:\/\/doi.org\/10.46381\/reic.v22i1.874\"><\/a><\/p>\n\n\n\n<p>Navarro, M. C., &amp; Cubells, J. (2024). Madres con adicciones en prisi\u00f3n: perfil, experiencias en prisi\u00f3n y expectativas de futuro. <em>Bolet\u00edn criminol\u00f3gico<\/em>, <em>30<\/em>(237), 1-24. <a href=\"https:\/\/ddd.uab.cat\/record\/321097\">https:\/\/ddd.uab.cat\/record\/321097<\/a><\/p>\n\n\n\n<p>Pedrosa, A., Alm, S., Roxell, L., &amp; Manchado, M. (2024). God moves in mysterious ways: Faith units and their influence on prison governance in Argentina and Sweden. <em>European &nbsp;&nbsp;&nbsp;&nbsp; Journal &nbsp;&nbsp;&nbsp;&nbsp;&nbsp;&nbsp;&nbsp;&nbsp;&nbsp; of &nbsp;&nbsp;&nbsp;&nbsp;&nbsp;&nbsp; Criminology<\/em>, <em>21<\/em>(2), 191-209. <a href=\"https:\/\/doi.org\/10.1177\/14773708231160921\">https:\/\/doi.org\/10.1177\/14773708231160921<\/a><a href=\"https:\/\/doi.org\/10.1177\/14773708231160921\"><\/a> <\/p>\n\n\n\n<p>Rojas, K., Cubells, J., &amp; Tudela, M. (2024). Perspectiva de g\u00e9nero en la intervenci\u00f3n en  drogodependencias.&nbsp;<em>Quaderns de Psicologia<\/em>, <em>26<\/em>(2), 1-19. <a href=\"https:\/\/doi.org\/10.5565\/rev\/qpsicologia.1980\">https:\/\/doi.org\/10.5565\/rev\/qpsicologia.1980<\/a><\/p>\n\n\n\n<p>Cid, J., Mel\u00e9ndez, A., Busquets, C., Navarro, C., Xufr\u00e9, J., el Kabiri, I., Ram\u00edrez, T., Pedrosa, A., &amp; Mart\u00ed, J. (2024). \u00bfEs el estilo de supervisi\u00f3n relevante para la efectividad de la pena de trabajo en beneficio de la comunidad?.&nbsp;<em>Revista Espa\u00f1ola de Investigaci\u00f3n Criminol\u00f3gica<\/em>,&nbsp;<em>22<\/em>(1), 1-21.&nbsp;<a href=\"https:\/\/doi.org\/10.46381\/reic.v22i1.874\">https:\/\/doi.org\/10.46381\/reic.v22i1.874<\/a><\/p>\n\n\n\n<p>S\u00e1nchez-Delgado, H. (2024). Explicando la delincuencia en Barcelona: \u00bfDesorganizaci\u00f3n social u oportunidades del turismo?.\u00a0<em>Revista Espa\u00f1ola de Investigaci\u00f3n Criminol\u00f3gica, 21<\/em>(1), e861.\u00a0<a href=\"https:\/\/doi.org\/10.46381\/reic.v21i1.861\">https:\/\/doi.org\/10.46381\/reic.v21i1.861<\/a><\/p>\n\n\n\n<p><strong>2023<\/strong><\/p>\n\n\n\n<p>Delgado, R. &amp; S\u00e1nchez-Delgado, H. (2023). The effect of seasonality in predicting the level of crime. A spatial perspective.\u00a0<em>Plos one. 18<\/em>(5).\u00a0<a href=\"https:\/\/doi.org\/10.1371\/journal.pone.0285727\">https:\/\/doi.org\/10.1371\/journal.pone.0285727<\/a><\/p>\n\n\n\n<p>Delgado, R. &amp; S\u00e1nchez-Delgado, H. (2023). Multi-instance learning with application to the profiling of multi-victim homicides.\u00a0<em>Expert Systems with Applications. 237.\u00a0<\/em><a href=\"https:\/\/doi.org\/10.1016\/j.eswa.2023.121593\">https:\/\/doi.org\/10.1016\/j.eswa.2023.121593<\/a><\/p>\n\n\n\n<p><strong>2022<\/strong><\/p>\n\n\n\n<p>Cid, J. (2022). Laudatio al profesor Anthony Bottoms con motivo de su investidura como Doctor Honoris Causa por la Universidad Aut\u00f3noma de Barcelona.&nbsp;<em>Revista Espa\u00f1ola de Investigaci\u00f3n Criminol\u00f3gica<\/em>,&nbsp;<em>20<\/em>(1), 1-4.&nbsp;<a href=\"https:\/\/doi.org\/10.46381\/reic.v20i1.781\">https:\/\/doi.org\/10.46381\/reic.v20i1.781<\/a><\/p>\n\n\n\n<p><strong>2021<\/strong><\/p>\n\n\n\n<p>Cid, J. (2021). La Libertad condicional. \u00bfEst\u00e1 en Europa la soluci\u00f3n?&nbsp;<em>InDret<\/em>. (4), 280-308.&nbsp;<a href=\"https:\/\/doi.org\/10.31009\/InDret.2021.i4.08\">https:\/\/doi.org\/10.31009\/InDret.2021.i4.08<\/a><\/p>\n\n\n\n<p>Cid, J. (2021). La reinserci\u00f3n postpenitenciaria en Espa\u00f1a: El camino hacia la universalidad.&nbsp;<em>Cuadernos de Pol\u00edtica Criminal<\/em>, 2021(134), 195-230.<\/p>\n\n\n\n<p>Cid, J. (2021). Teor\u00edas del desistimiento: \u00bfun nuevo marco para el ideal rehabilitador?&nbsp;<em>Revista Electr\u00f3nica de Ciencia Penal y Criminolog\u00eda<\/em>,&nbsp;<em>23<\/em>, 1-25.<\/p>\n\n\n\n<p>Cid, J., Ib\u00e0\u00f1ez, A., Mart\u00ed, J., &amp; Pedrosa, A. (2021). Does the Experience of Imprisonment Affect Optimism About Reentry?&nbsp;<em>Prison Journal<\/em>,&nbsp;<em>101<\/em>(1), 80-101.&nbsp;<a href=\"https:\/\/doi.org\/10.1177\/0032885520978476\">https:\/\/doi.org\/10.1177\/0032885520978476<\/a><\/p>\n\n\n\n<p>Cubells, J., S\u00e1nchez, A., Astudillo, P., Escand\u00f3n, N., &amp; Baeza, M. J. (2021). Assumption of the Myths of Romantic Love: Its Relationship With Sex, Type of Sex-Affective Relationship, and Sexual Orientation.&nbsp;<em>Frontiers in Sociology<\/em>,&nbsp;<em>6<\/em>, 1-14.&nbsp;<a href=\"https:\/\/doi.org\/10.3389\/fsoc.2021.621646\">https:\/\/doi.org\/10.3389\/fsoc.2021.621646<\/a><\/p>\n\n\n\n<p>G\u00fcerri, C., Mart\u00ed, M., &amp; Pedrosa, A. (2021). Abriendo ventanas virtuales en los muros de la prisi\u00f3n: refl exiones sobre la digitalizaci\u00f3n de las comunicaciones penitenciarias a prop\u00f3sito de la COVID-19<em>. IDP. Revista de Internet Derecho y Pol\u00edtica<\/em>, (32).&nbsp;<a href=\"https:\/\/doi.org\/10.7238\/idp.v0i32.375209\">https:\/\/doi.org\/10.7238\/idp.v0i32.375209<\/a><\/p>\n\n\n\n<p>Mart\u00ed, J., Albani, E., Ib\u00e0\u00f1ez, A., &amp; Cid, J. (2021). Personal networks and desistance from crime in young offenders.&nbsp;<em>European Journal of Criminology<\/em>,&nbsp;<em>18<\/em>(2), 235-253.&nbsp;<a href=\"https:\/\/doi.org\/10.1177\/1477370819842207\">https:\/\/doi.org\/10.1177\/1477370819842207<\/a><\/p>\n\n\n\n<p>Mel\u00e9ndez, A. (2021). The role of criminogenic needs and emotions in restorative justice: Offenders\u2019 experiences in victim\u2013offender mediation.&nbsp;<em>European Journal of Probation<\/em>,&nbsp;<em>13<\/em>(1), 21-40.&nbsp;<a href=\"https:\/\/doi.org\/10.1177\/2066220320948374\">https:\/\/doi.org\/10.1177\/2066220320948374<\/a><\/p>\n\n\n\n<p>Mel\u00e9ndez, A. (2021). The challenge of a face-to-face meeting: When offenders meet their victims during mediation.&nbsp;<em>Revista de Victimolog\u00eda<\/em>, (11), 67-94.<\/p>\n\n\n\n<p>Navarro, C. (2021). Alternativas al encarcelamiento de la persona a cargo de menores sometida a un proceso penal.&nbsp;<em>Derecho Penal y Criminolog\u00eda<\/em>,&nbsp;<em>41<\/em>(110), 57-89.&nbsp;<a href=\"https:\/\/doi.org\/10.18601\/01210483.v41n110.04\">https:\/\/doi.org\/10.18601\/01210483.v41n110.04<\/a><\/p>\n\n\n\n<p>Navarro, C. (2021). Intervenci\u00f3n del crimin\u00f3logo\/a en el proceso penal espa\u00f1ol.&nbsp;<em>Justicia: Revista de Derecho Procesal<\/em>, (2), 111-140.<\/p>\n\n\n\n<p>Navarro, C. (2021). Los medios de investigaci\u00f3n relativos a la persona investigada en el anteproyecto de Ley de Enjuiciamiento Criminal de 2020.&nbsp;<em>Revista de la asociaci\u00f3n de profesores de derecho procesal de las universidades espa\u00f1olas<\/em>, (4), 92-122.<\/p>\n\n\n\n<p><strong>2020<\/strong><\/p>\n\n\n\n<p>Cid, J. (2020). El futuro de la prisi\u00f3n en Espa\u00f1a.&nbsp;<em>Revista Espa\u00f1ola de Investigaci\u00f3n Criminol\u00f3gica<\/em>,&nbsp;<em>18<\/em>(1), 1-32.&nbsp;<a href=\"https:\/\/doi.org\/10.46381\/reic.v18i0.285\">https:\/\/doi.org\/10.46381\/reic.v18i0.285<\/a><\/p>\n\n\n\n<p>Cid, J., Pedrosa, A., &amp; Navarro, C. (2020). Experiencing Imprisonment in Spain.&nbsp;<em>Kriminologie \u2013 Das Online-Journal | Criminology \u2013 The Online Journal<\/em>,&nbsp;<em>2<\/em>(2) 139-158.&nbsp;<a href=\"https:\/\/doi.org\/10.18716\/OJS\/KRIMOJ\/2020.2.3\">https:\/\/doi.org\/10.18716\/OJS\/KRIMOJ\/2020.2.3<\/a><\/p>\n\n\n\n<p>Pedrosa, A. (2020). \u00bfA qui\u00e9n sancionamos? Un estudio exploratorio en prisiones del contexto espa\u00f1ol.&nbsp;<em>Revista Internacional de Sociolog\u00eda<\/em>,&nbsp;<em>78<\/em>(3).&nbsp;<a href=\"https:\/\/doi.org\/10.3989\/ris.2020.78.3.19.044\">https:\/\/doi.org\/10.3989\/ris.2020.78.3.19.044<\/a><\/p>\n\n\n\n<p><strong>2019<\/strong><\/p>\n\n\n\n<p>Pedrosa, A. (2019). \u00bfA qui\u00e9n dejamos atr\u00e1s? Explorando los obst\u00e1culos de la progresi\u00f3n penitenciaria.&nbsp;<em>Revista Espa\u00f1ola de Investigaci\u00f3n Criminol\u00f3gica<\/em>,&nbsp;<em>17<\/em>, 1-26.&nbsp;<a href=\"https:\/\/doi.org\/10.46381\/reic.v17i0.471\">https:\/\/doi.org\/10.46381\/reic.v17i0.471<\/a><\/p>\n","protected":false},"excerpt":{"rendered":"<p>2026 Cid, J., De la Encarnaci\u00f3n, E. (2006) The process of reintegration: From prison to conditional release. Journal of Developmental and Life Course Criminology, 12(3), 1- 27. https:\/\/doi.org\/10.1007\/s40865&#8211;026&#8211;00289&#8211;w Cid, J., &amp; Varona G\u00f3mez, D. (2026). El reciente incremento del encarcelamiento en Espa\u00f1a: \u00bfun cambio de tendencia? InDret, (1), 3-0. 2025 Barcons, M., Olaciregui, P., Mel\u00e9ndez, [&hellip;]<\/p>\n","protected":false},"author":1385,"featured_media":0,"parent":0,"menu_order":0,"comment_status":"closed","ping_status":"closed","template":"","meta":{"footnotes":""},"class_list":["post-79","page","type-page","status-publish","hentry"],"_links":{"self":[{"href":"https:\/\/webs.uab.cat\/criminologia\/wp-json\/wp\/v2\/pages\/79","targetHints":{"allow":["GET"]}}],"collection":[{"href":"https:\/\/webs.uab.cat\/criminologia\/wp-json\/wp\/v2\/pages"}],"about":[{"href":"https:\/\/webs.uab.cat\/criminologia\/wp-json\/wp\/v2\/types\/page"}],"author":[{"embeddable":true,"href":"https:\/\/webs.uab.cat\/criminologia\/wp-json\/wp\/v2\/users\/1385"}],"replies":[{"embeddable":true,"href":"https:\/\/webs.uab.cat\/criminologia\/wp-json\/wp\/v2\/comments?post=79"}],"version-history":[{"count":5,"href":"https:\/\/webs.uab.cat\/criminologia\/wp-json\/wp\/v2\/pages\/79\/revisions"}],"predecessor-version":[{"id":679,"href":"https:\/\/webs.uab.cat\/criminologia\/wp-json\/wp\/v2\/pages\/79\/revisions\/679"}],"wp:attachment":[{"href":"https:\/\/webs.uab.cat\/criminologia\/wp-json\/wp\/v2\/media?parent=79"}],"curies":[{"name":"wp","href":"https:\/\/api.w.org\/{rel}","templated":true}]}}