{"id":76,"date":"2009-05-08T11:23:04","date_gmt":"2009-05-08T09:23:04","guid":{"rendered":"https:\/\/webs.uab.cat\/cristinaescobar\/cv\/"},"modified":"2023-03-14T12:44:36","modified_gmt":"2023-03-14T10:44:36","slug":"cv","status":"publish","type":"page","link":"https:\/\/webs.uab.cat\/cristinaescobar\/cv\/","title":{"rendered":"CV"},"content":{"rendered":"\n<h2 class=\"wp-block-heading\"><strong>Positions<\/strong><\/h2>\n\n\n\n<p>&#8211;&nbsp;&nbsp;&nbsp;&nbsp;&nbsp;&nbsp;&nbsp;&nbsp;&nbsp; 1977-1999. Primary Teacher in state-funded primary schools in Alcal\u00e1 la Real (Ja\u00e9n)&nbsp; and Sant Feliu de Llobregat (Barcelona).<\/p>\n\n\n\n<p>&#8211;&nbsp;&nbsp;&nbsp;&nbsp;&nbsp;&nbsp;&nbsp;&nbsp;&nbsp; 1999-2003. Secondary Teacher of English as a Foreign Language&nbsp; in state-funded schools in Cornell\u00e0 de Llobregar and Molins de Rei (Barcelona).-&nbsp;&nbsp;&nbsp;&nbsp;&nbsp;&nbsp;&nbsp;&nbsp;&nbsp; 1992-1993. Associate professor in the English Studies&nbsp; Department. Universitat Aut\u00f2noma de Barcelona (UAB).<\/p>\n\n\n\n<p>&#8211;&nbsp;&nbsp;&nbsp;&nbsp;&nbsp;&nbsp;&nbsp;&nbsp;&nbsp; 1993-2003.&nbsp; Associate professor in the Departament de did\u00e0ctica de la llengua i la literatura (UAB)<\/p>\n\n\n\n<p>&#8211;&nbsp;&nbsp;&nbsp;&nbsp;&nbsp;&nbsp;&nbsp;&nbsp;&nbsp; 2003-2007. Full time professor in the Departament de did\u00e0ctica de la llengua i la literatura (UAB). Positions: <em>Professora lectora<\/em> (2003-2004), <em>Professora agregada<\/em> (2004-2007).<\/p>\n\n\n\n<p>&#8211;&nbsp;&nbsp;&nbsp;&nbsp;&nbsp;&nbsp;&nbsp;&nbsp;&nbsp; 2008 and onwards: <em>Professora Titular d\u2019Universitat<\/em> (Tenure).<\/p>\n\n\n\n<h2 class=\"wp-block-heading\"><strong>Research groups<\/strong><\/h2>\n\n\n\n<p>&#8211; &nbsp; &nbsp; &nbsp; &nbsp; Principal investigator of the officially recognised &#8216;Language and Education&#8217; (LED) Research group.<\/p>\n\n\n\n<p>&#8211;&nbsp; &nbsp; &nbsp; &nbsp; &nbsp;Member of&nbsp; SGR Research Consortium LLETRA&nbsp; (Llengua, Literatura, Educaci\u00f3, Transfer\u00e8ncia, Recerca, Acci\u00f3).<\/p>\n\n\n\n<p>&#8211; &nbsp; &nbsp; &nbsp; &nbsp; &nbsp;Ccoordinator of the <a href=\"http:\/\/grupsderecerca.uab.cat\/clilsi\/\">CLIL-SI <\/a>Collaborative Team.<\/p>\n\n\n\n<ul class=\"wp-block-list\"><li>Editor<\/li><\/ul>\n\n\n\n<p>&#8211;&nbsp; &nbsp; &nbsp; &nbsp; &nbsp;Editor of &#8220;<em><a href=\"https:\/\/revistes.uab.cat\/clil\/index\">CLIL Journal of Innovation and Research in Plurilingual and Pluricultural Education<\/a>&#8220;<\/em><\/p>\n\n\n\n<h2 class=\"wp-block-heading\"><strong>In-service teacher education and teacher development: <\/strong><\/h2>\n\n\n\n<p>&#8211;&nbsp;&nbsp;&nbsp;&nbsp;&nbsp;&nbsp;&nbsp;&nbsp;&nbsp; 1983 onwards. Appointments by Educational authorities for the design and implementation of In-service Teacher Education Programmes for teachers of English.<\/p>\n\n\n\n<p>&#8211;&nbsp;&nbsp;&nbsp;&nbsp;&nbsp;&nbsp;&nbsp;&nbsp;&nbsp; 1997 onwards. Consultancy and teacher-education workshops and lectures on Portfolio Assessment, European Language Portfolio (ELP), and Content and Language Integrated Learning (CLIL) all around Spain.<\/p>\n\n\n\n<p>&#8211;&nbsp; &nbsp; &nbsp; &nbsp; &nbsp; 2012-2016&nbsp; Coordinator of the UAB&#8217;S English-Medium Bachelor&#8217;s Degree in Primary Education<\/p>\n\n\n\n<p>&#8211;&nbsp;&nbsp;&nbsp;&nbsp;&nbsp;&nbsp;&nbsp;&nbsp;&nbsp; 2009-2014 and 2016 onwards. Coordinator of the Foreign-Language Branch of the UAB&#8217;S Master&#8217;s Degree on Secondary Education<\/p>\n\n\n\n<p>&#8211;&nbsp;&nbsp;&nbsp;&nbsp;&nbsp;&nbsp;&nbsp;&nbsp;&nbsp;&nbsp; 2014 onwards.&nbsp; Coordinator of the UAB&#8217;s <a href=\"http:\/\/www.clil.cat\/\">Postgraduate Certificate in CLIL<\/a>.<\/p>\n\n\n\n<p>&#8211;&nbsp;&nbsp;&nbsp;&nbsp;&nbsp;&nbsp;&nbsp;&nbsp;&nbsp;&nbsp; 2017&nbsp;onwards.&nbsp; Coordinator of the UAB&#8217;s<a href=\"http:\/\/clil.cat\/\">&nbsp;Master&#8217;s Degree in Teacher Development for Foreign Language Education and Content and Language Integrated Learning (CLIL).<\/a><\/p>\n\n\n\n<p>&#8211;&nbsp;&nbsp;&nbsp;&nbsp;&nbsp;&nbsp;&nbsp;&nbsp;&nbsp;&nbsp; 2017&nbsp;onwards.&nbsp; Coordinator of &#8220;Teacher Development for CLIL&#8221; (TD4CLIL) a Universitat Aut\u00f2noma de Barcelona programme to train teacher educators funded by&nbsp;&nbsp;the Departament of Education (Generalitat de Catalunya).&nbsp;<\/p>\n\n\n\n<h2 class=\"wp-block-heading\"><strong>Consultant<\/strong><strong> to the educational \u00a0administrations and state-funded organizations: \u00a0\u00a0<\/strong><\/h2>\n\n\n\n<p>&#8211;&nbsp;&nbsp;&nbsp;&nbsp;&nbsp;&nbsp;&nbsp;&nbsp;&nbsp; 2001-2002.&nbsp; Design of the LOCE Curriculum of Foreign languages for compulsory (<em>ESO<\/em>) and post-compulsory (<em>Batxillerat<\/em>) secondary education.&nbsp; Institution: Departament d\u2019Educaci\u00f3.<\/p>\n\n\n\n<p>&#8211;&nbsp;&nbsp;&nbsp;&nbsp;&nbsp;&nbsp;&nbsp;&nbsp;&nbsp; 2004-2006. Design of learning tasks for students of Spanish as a foreign language. Institution: Instituto Cervantes.<\/p>\n\n\n\n<p>&#8211;&nbsp;&nbsp;&nbsp;&nbsp;&nbsp;&nbsp;&nbsp;&nbsp;&nbsp; 2007-2008. Design of the LOE Curriculum of languages for primary education and compulsory (ESO) and post-compulsory (batxillerat) secondary education. Institution: Departament d\u2019Educaci\u00f3.<\/p>\n\n\n\n<p>&#8211;&nbsp;&nbsp;&nbsp;&nbsp;&nbsp;&nbsp;&nbsp;&nbsp;&nbsp; 2007-2008. Report on the promotion of the use of English in university for the sake of internationalization of the academic activity in Catalonia.&nbsp; &nbsp;&nbsp;Institution: Comissionat d\u2019Universitats.<\/p>\n\n\n\n<p>&#8211; &nbsp; &nbsp; &nbsp;&nbsp;&nbsp;&nbsp; 2012-2014. Consultant to the Key Competences Project for foreign languages. Departament d&#8217;ensenyament. Generalitat de Catalunya.&nbsp;<\/p>\n\n\n\n<p>&#8211; &nbsp; &nbsp; &nbsp; &nbsp;&nbsp; 2013-2015. Coorditator of the inter-university MIF comission for foreign language pre-service teacher-education.&nbsp;Departament d&#8217;Economia i Coneixement.&nbsp; Generalitat de Catalunya.<\/p>\n\n\n\n<h2 class=\"wp-block-heading\"><strong>Conferences: Organising Committee\u00a0<\/strong><\/h2>\n\n\n\n<p>&#8211;&nbsp;&nbsp;&nbsp;&nbsp;&nbsp;&nbsp;&nbsp;&nbsp;&nbsp; 2007. Coordinator of the Organizing Committee of the&nbsp; <em>I Trobada de Semi-immersi\u00f3 a Catalunya<\/em> Conference.<\/p>\n\n\n\n<p>&#8211;&nbsp;&nbsp;&nbsp;&nbsp;&nbsp;&nbsp;&nbsp;&nbsp;&nbsp; 2008. Coordinator of the Organizing Committee of the <em>II Trobada de Semi-immersi\u00f3 a Catalunya<\/em> Conference.<\/p>\n\n\n\n<p>&#8211;&nbsp;&nbsp;&nbsp;&nbsp;&nbsp;&nbsp;&nbsp;&nbsp;&nbsp; 2009. Coordinator of the Organizing Committee of the International <em>TRI-CLIL and III Trobada de Semi-immersi\u00f3 a Catalunya<\/em> Conferences.<\/p>\n\n\n\n<p>&#8211;&nbsp;&nbsp;&nbsp;&nbsp;&nbsp;&nbsp;&nbsp;&nbsp;&nbsp; 2010. Coordinator of the Organizing Committee of the <em>IV Trobada sobre Semi-immersi\u00f3 a Catalunya<\/em> Conference.&nbsp; <a href=\"http:\/\/jornades.uab.cat\/semiimmersio2010\/\">See outcomes<\/a>.<\/p>\n\n\n\n<p>&#8211;&nbsp;&nbsp;&nbsp;&nbsp;&nbsp;&nbsp;&nbsp;&nbsp;&nbsp; 2011. Coordinator of the Organizing Committee of the <em>V Trobada sobre AICLE i Semiimmersi\u00f3 a&nbsp; Catalunya<\/em> Conference.&nbsp; <a href=\"http:\/\/jornades.uab.cat\/semiimmersio2011\/\">See outcomes<\/a>.<\/p>\n\n\n\n<p>&#8211;&nbsp;&nbsp;&nbsp;&nbsp;&nbsp;&nbsp;&nbsp;&nbsp;&nbsp; 2012. Coordinator of the Organizing Committee of&nbsp; TRICLIL 2012&nbsp; International Conference.&nbsp; Better CLIL: &#8216;<em>More opportunities in primary, secondary and higher education<\/em>&#8216;.&nbsp; <a href=\"http:\/\/jornades.uab.cat\/triclil2012\/\">See website<\/a>.<\/p>\n\n\n\n<p>&#8211;&nbsp; &nbsp; &nbsp; &nbsp; &nbsp; 2019.&nbsp;<\/p>\n\n\n\n<h2 class=\"wp-block-heading\">AUTHOR<\/h2>\n\n\n\n<p>&#8211;&nbsp;&nbsp;&nbsp;&nbsp;&nbsp;&nbsp;&nbsp;&nbsp; See &#8216;Publications&#8217; tab on this wepage.<\/p>\n","protected":false},"excerpt":{"rendered":"<p>Positions &#8211;&nbsp;&nbsp;&nbsp;&nbsp;&nbsp;&nbsp;&nbsp;&nbsp;&nbsp; 1977-1999. Primary Teacher in state-funded primary schools in Alcal\u00e1 la Real (Ja\u00e9n)&nbsp; and Sant Feliu de Llobregat (Barcelona). &#8211;&nbsp;&nbsp;&nbsp;&nbsp;&nbsp;&nbsp;&nbsp;&nbsp;&nbsp; 1999-2003. Secondary Teacher of English as a Foreign Language&nbsp; in state-funded schools in Cornell\u00e0 de Llobregar and Molins de Rei (Barcelona).-&nbsp;&nbsp;&nbsp;&nbsp;&nbsp;&nbsp;&nbsp;&nbsp;&nbsp; 1992-1993. Associate professor in the English Studies&nbsp; Department. Universitat Aut\u00f2noma de Barcelona (UAB). [&hellip;]<\/p>\n","protected":false},"author":20,"featured_media":0,"parent":0,"menu_order":0,"comment_status":"closed","ping_status":"closed","template":"","meta":{"footnotes":""},"class_list":["post-76","page","type-page","status-publish","hentry"],"_links":{"self":[{"href":"https:\/\/webs.uab.cat\/cristinaescobar\/wp-json\/wp\/v2\/pages\/76","targetHints":{"allow":["GET"]}}],"collection":[{"href":"https:\/\/webs.uab.cat\/cristinaescobar\/wp-json\/wp\/v2\/pages"}],"about":[{"href":"https:\/\/webs.uab.cat\/cristinaescobar\/wp-json\/wp\/v2\/types\/page"}],"author":[{"embeddable":true,"href":"https:\/\/webs.uab.cat\/cristinaescobar\/wp-json\/wp\/v2\/users\/20"}],"replies":[{"embeddable":true,"href":"https:\/\/webs.uab.cat\/cristinaescobar\/wp-json\/wp\/v2\/comments?post=76"}],"version-history":[{"count":1,"href":"https:\/\/webs.uab.cat\/cristinaescobar\/wp-json\/wp\/v2\/pages\/76\/revisions"}],"predecessor-version":[{"id":141,"href":"https:\/\/webs.uab.cat\/cristinaescobar\/wp-json\/wp\/v2\/pages\/76\/revisions\/141"}],"wp:attachment":[{"href":"https:\/\/webs.uab.cat\/cristinaescobar\/wp-json\/wp\/v2\/media?parent=76"}],"curies":[{"name":"wp","href":"https:\/\/api.w.org\/{rel}","templated":true}]}}

<h2 class="wp-block-heading"><strong>Positions</strong></h2>



<p>&#8211;&nbsp;&nbsp;&nbsp;&nbsp;&nbsp;&nbsp;&nbsp;&nbsp;&nbsp; 1977-1999. Primary Teacher in state-funded primary schools in Alcalá la Real (Jaén)&nbsp; and Sant Feliu de Llobregat (Barcelona).</p>



<p>&#8211;&nbsp;&nbsp;&nbsp;&nbsp;&nbsp;&nbsp;&nbsp;&nbsp;&nbsp; 1999-2003. Secondary Teacher of English as a Foreign Language&nbsp; in state-funded schools in Cornellà de Llobregar and Molins de Rei (Barcelona).-&nbsp;&nbsp;&nbsp;&nbsp;&nbsp;&nbsp;&nbsp;&nbsp;&nbsp; 1992-1993. Associate professor in the English Studies&nbsp; Department. Universitat Autònoma de Barcelona (UAB).</p>



<p>&#8211;&nbsp;&nbsp;&nbsp;&nbsp;&nbsp;&nbsp;&nbsp;&nbsp;&nbsp; 1993-2003.&nbsp; Associate professor in the Departament de didàctica de la llengua i la literatura (UAB)</p>



<p>&#8211;&nbsp;&nbsp;&nbsp;&nbsp;&nbsp;&nbsp;&nbsp;&nbsp;&nbsp; 2003-2007. Full time professor in the Departament de didàctica de la llengua i la literatura (UAB). Positions: <em>Professora lectora</em> (2003-2004), <em>Professora agregada</em> (2004-2007).</p>



<p>&#8211;&nbsp;&nbsp;&nbsp;&nbsp;&nbsp;&nbsp;&nbsp;&nbsp;&nbsp; 2008 and onwards: <em>Professora Titular d’Universitat</em> (Tenure).</p>



<h2 class="wp-block-heading"><strong>Research groups</strong></h2>



<p>&#8211; &nbsp; &nbsp; &nbsp; &nbsp; Principal investigator of the officially recognised &#8216;Language and Education&#8217; (LED) Research group.</p>



<p>&#8211;&nbsp; &nbsp; &nbsp; &nbsp; &nbsp;Member of&nbsp; SGR Research Consortium LLETRA&nbsp; (Llengua, Literatura, Educació, Transferència, Recerca, Acció).</p>



<p>&#8211; &nbsp; &nbsp; &nbsp; &nbsp; &nbsp;Ccoordinator of the <a href="http://grupsderecerca.uab.cat/clilsi/">CLIL-SI </a>Collaborative Team.</p>



<ul class="wp-block-list"><li>Editor</li></ul>



<p>&#8211;&nbsp; &nbsp; &nbsp; &nbsp; &nbsp;Editor of &#8220;<em><a href="https://revistes.uab.cat/clil/index">CLIL Journal of Innovation and Research in Plurilingual and Pluricultural Education</a>&#8220;</em></p>



<h2 class="wp-block-heading"><strong>In-service teacher education and teacher development: </strong></h2>



<p>&#8211;&nbsp;&nbsp;&nbsp;&nbsp;&nbsp;&nbsp;&nbsp;&nbsp;&nbsp; 1983 onwards. Appointments by Educational authorities for the design and implementation of In-service Teacher Education Programmes for teachers of English.</p>



<p>&#8211;&nbsp;&nbsp;&nbsp;&nbsp;&nbsp;&nbsp;&nbsp;&nbsp;&nbsp; 1997 onwards. Consultancy and teacher-education workshops and lectures on Portfolio Assessment, European Language Portfolio (ELP), and Content and Language Integrated Learning (CLIL) all around Spain.</p>



<p>&#8211;&nbsp; &nbsp; &nbsp; &nbsp; &nbsp; 2012-2016&nbsp; Coordinator of the UAB&#8217;S English-Medium Bachelor&#8217;s Degree in Primary Education</p>



<p>&#8211;&nbsp;&nbsp;&nbsp;&nbsp;&nbsp;&nbsp;&nbsp;&nbsp;&nbsp; 2009-2014 and 2016 onwards. Coordinator of the Foreign-Language Branch of the UAB&#8217;S Master&#8217;s Degree on Secondary Education</p>



<p>&#8211;&nbsp;&nbsp;&nbsp;&nbsp;&nbsp;&nbsp;&nbsp;&nbsp;&nbsp;&nbsp; 2014 onwards.&nbsp; Coordinator of the UAB&#8217;s <a href="http://www.clil.cat/">Postgraduate Certificate in CLIL</a>.</p>



<p>&#8211;&nbsp;&nbsp;&nbsp;&nbsp;&nbsp;&nbsp;&nbsp;&nbsp;&nbsp;&nbsp; 2017&nbsp;onwards.&nbsp; Coordinator of the UAB&#8217;s<a href="http://clil.cat/">&nbsp;Master&#8217;s Degree in Teacher Development for Foreign Language Education and Content and Language Integrated Learning (CLIL).</a></p>



<p>&#8211;&nbsp;&nbsp;&nbsp;&nbsp;&nbsp;&nbsp;&nbsp;&nbsp;&nbsp;&nbsp; 2017&nbsp;onwards.&nbsp; Coordinator of &#8220;Teacher Development for CLIL&#8221; (TD4CLIL) a Universitat Autònoma de Barcelona programme to train teacher educators funded by&nbsp;&nbsp;the Departament of Education (Generalitat de Catalunya).&nbsp;</p>



<h2 class="wp-block-heading"><strong>Consultant</strong><strong> to the educational  administrations and state-funded organizations:   </strong></h2>



<p>&#8211;&nbsp;&nbsp;&nbsp;&nbsp;&nbsp;&nbsp;&nbsp;&nbsp;&nbsp; 2001-2002.&nbsp; Design of the LOCE Curriculum of Foreign languages for compulsory (<em>ESO</em>) and post-compulsory (<em>Batxillerat</em>) secondary education.&nbsp; Institution: Departament d’Educació.</p>



<p>&#8211;&nbsp;&nbsp;&nbsp;&nbsp;&nbsp;&nbsp;&nbsp;&nbsp;&nbsp; 2004-2006. Design of learning tasks for students of Spanish as a foreign language. Institution: Instituto Cervantes.</p>



<p>&#8211;&nbsp;&nbsp;&nbsp;&nbsp;&nbsp;&nbsp;&nbsp;&nbsp;&nbsp; 2007-2008. Design of the LOE Curriculum of languages for primary education and compulsory (ESO) and post-compulsory (batxillerat) secondary education. Institution: Departament d’Educació.</p>



<p>&#8211;&nbsp;&nbsp;&nbsp;&nbsp;&nbsp;&nbsp;&nbsp;&nbsp;&nbsp; 2007-2008. Report on the promotion of the use of English in university for the sake of internationalization of the academic activity in Catalonia.&nbsp; &nbsp;&nbsp;Institution: Comissionat d’Universitats.</p>



<p>&#8211; &nbsp; &nbsp; &nbsp;&nbsp;&nbsp;&nbsp; 2012-2014. Consultant to the Key Competences Project for foreign languages. Departament d&#8217;ensenyament. Generalitat de Catalunya.&nbsp;</p>



<p>&#8211; &nbsp; &nbsp; &nbsp; &nbsp;&nbsp; 2013-2015. Coorditator of the inter-university MIF comission for foreign language pre-service teacher-education.&nbsp;Departament d&#8217;Economia i Coneixement.&nbsp; Generalitat de Catalunya.</p>



<h2 class="wp-block-heading"><strong>Conferences: Organising Committee </strong></h2>



<p>&#8211;&nbsp;&nbsp;&nbsp;&nbsp;&nbsp;&nbsp;&nbsp;&nbsp;&nbsp; 2007. Coordinator of the Organizing Committee of the&nbsp; <em>I Trobada de Semi-immersió a Catalunya</em> Conference.</p>



<p>&#8211;&nbsp;&nbsp;&nbsp;&nbsp;&nbsp;&nbsp;&nbsp;&nbsp;&nbsp; 2008. Coordinator of the Organizing Committee of the <em>II Trobada de Semi-immersió a Catalunya</em> Conference.</p>



<p>&#8211;&nbsp;&nbsp;&nbsp;&nbsp;&nbsp;&nbsp;&nbsp;&nbsp;&nbsp; 2009. Coordinator of the Organizing Committee of the International <em>TRI-CLIL and III Trobada de Semi-immersió a Catalunya</em> Conferences.</p>



<p>&#8211;&nbsp;&nbsp;&nbsp;&nbsp;&nbsp;&nbsp;&nbsp;&nbsp;&nbsp; 2010. Coordinator of the Organizing Committee of the <em>IV Trobada sobre Semi-immersió a Catalunya</em> Conference.&nbsp; <a href="http://jornades.uab.cat/semiimmersio2010/">See outcomes</a>.</p>



<p>&#8211;&nbsp;&nbsp;&nbsp;&nbsp;&nbsp;&nbsp;&nbsp;&nbsp;&nbsp; 2011. Coordinator of the Organizing Committee of the <em>V Trobada sobre AICLE i Semiimmersió a&nbsp; Catalunya</em> Conference.&nbsp; <a href="http://jornades.uab.cat/semiimmersio2011/">See outcomes</a>.</p>



<p>&#8211;&nbsp;&nbsp;&nbsp;&nbsp;&nbsp;&nbsp;&nbsp;&nbsp;&nbsp; 2012. Coordinator of the Organizing Committee of&nbsp; TRICLIL 2012&nbsp; International Conference.&nbsp; Better CLIL: &#8216;<em>More opportunities in primary, secondary and higher education</em>&#8216;.&nbsp; <a href="http://jornades.uab.cat/triclil2012/">See website</a>.</p>



<p>&#8211;&nbsp; &nbsp; &nbsp; &nbsp; &nbsp; 2019.&nbsp;</p>



<h2 class="wp-block-heading">AUTHOR</h2>



<p>&#8211;&nbsp;&nbsp;&nbsp;&nbsp;&nbsp;&nbsp;&nbsp;&nbsp; See &#8216;Publications&#8217; tab on this wepage.</p>

<p>Positions &#8211;&nbsp;&nbsp;&nbsp;&nbsp;&nbsp;&nbsp;&nbsp;&nbsp;&nbsp; 1977-1999. Primary Teacher in state-funded primary schools in Alcalá la Real (Jaén)&nbsp; and Sant Feliu de Llobregat (Barcelona). &#8211;&nbsp;&nbsp;&nbsp;&nbsp;&nbsp;&nbsp;&nbsp;&nbsp;&nbsp; 1999-2003. Secondary Teacher of English as a Foreign Language&nbsp; in state-funded schools in Cornellà de Llobregar and Molins de Rei (Barcelona).-&nbsp;&nbsp;&nbsp;&nbsp;&nbsp;&nbsp;&nbsp;&nbsp;&nbsp; 1992-1993. Associate professor in the English Studies&nbsp; Department. Universitat Autònoma de Barcelona (UAB). [&hellip;]</p>
