{"id":6,"date":"2023-09-27T13:58:44","date_gmt":"2023-09-27T11:58:44","guid":{"rendered":"https:\/\/webs.uab.cat\/cursamarato\/?page_id=6"},"modified":"2026-02-04T18:24:47","modified_gmt":"2026-02-04T16:24:47","slug":"xii-cursa-solidaria-de-la-uab-en-suport-a-la-marato-de-tv3","status":"publish","type":"page","link":"https:\/\/webs.uab.cat\/cursamarato\/","title":{"rendered":"XIV CURSA SOLID\u00c0RIA DE LA UAB EN SUPORT A LA MARAT\u00d3 DE TV3"},"content":{"rendered":"\n<div class=\"wp-block-media-text is-stacked-on-mobile\"><figure class=\"wp-block-media-text__media\"><\/figure><div class=\"wp-block-media-text__content\">\n<p><\/p>\n<\/div><\/div>\n\n\n\n<p><\/p>\n\n\n\n<p><strong><strong>ANUL\u00b7LADA<\/strong><\/strong><\/p>\n\n\n\n<p>S&#8217;anul\u00b7la la Cursa de la UAB, at\u00e8s que encara segueixen vigents les mesures del pla de conting\u00e8ncia per la detecci\u00f3 de pesta porcina, i no hi ha data previsible de finalitzaci\u00f3 d\u2019aquestes. Donat que <strong>el donatiu\u00a0corresponent a la inscripci\u00f3 es destina \u00edntegrament a la Fundaci\u00f3 La Marat\u00f3 de TV3<\/strong>, s\u2019ha de fer efectiu abans del 30 de mar\u00e7, us demanem que si alguna persona desitja que li retornem la inscripci\u00f3, ens ho notifiqui abans de l\u20191 de mar\u00e7.\u00a0<\/p>\n\n\n\n<div class=\"wp-block-media-text is-stacked-on-mobile\"><figure class=\"wp-block-media-text__media\"><\/figure><div class=\"wp-block-media-text__content\">\n<p><\/p>\n<\/div><\/div>\n\n\n\n<p><\/p>\n\n\n\n<p><\/p>\n\n\n\n<p><\/p>\n\n\n\n<div class=\"wp-block-media-text alignwide is-stacked-on-mobile has-verd-tropic-background-color has-background\" style=\"grid-template-columns:34% auto\"><figure class=\"wp-block-media-text__media\"><img loading=\"lazy\" decoding=\"async\" width=\"1024\" height=\"1024\" src=\"https:\/\/webs.uab.cat\/cursamarato\/wp-content\/uploads\/sites\/483\/2023\/09\/logo-cursa-uab-verd-1024x1024.jpg\" alt=\"\" class=\"wp-image-51 size-full\" srcset=\"https:\/\/webs.uab.cat\/cursamarato\/wp-content\/uploads\/sites\/483\/2023\/09\/logo-cursa-uab-verd-1024x1024.jpg 1024w, https:\/\/webs.uab.cat\/cursamarato\/wp-content\/uploads\/sites\/483\/2023\/09\/logo-cursa-uab-verd-300x300.jpg 300w, https:\/\/webs.uab.cat\/cursamarato\/wp-content\/uploads\/sites\/483\/2023\/09\/logo-cursa-uab-verd-150x150.jpg 150w, https:\/\/webs.uab.cat\/cursamarato\/wp-content\/uploads\/sites\/483\/2023\/09\/logo-cursa-uab-verd-768x768.jpg 768w, https:\/\/webs.uab.cat\/cursamarato\/wp-content\/uploads\/sites\/483\/2023\/09\/logo-cursa-uab-verd-1536x1536.jpg 1536w, https:\/\/webs.uab.cat\/cursamarato\/wp-content\/uploads\/sites\/483\/2023\/09\/logo-cursa-uab-verd-2048x2048.jpg 2048w, https:\/\/webs.uab.cat\/cursamarato\/wp-content\/uploads\/sites\/483\/2023\/09\/logo-cursa-uab-verd-1200x1200.jpg 1200w, https:\/\/webs.uab.cat\/cursamarato\/wp-content\/uploads\/sites\/483\/2023\/09\/logo-cursa-uab-verd-1980x1980.jpg 1980w\" sizes=\"auto, (max-width: 1024px) 100vw, 1024px\" \/><\/figure><div class=\"wp-block-media-text__content\">\n<p><strong>DIVULGACI\u00d3 I IMPULS DE LA RECERCA EN C\u00c0NCER<\/strong><\/p>\n\n\n\n<p class=\"has-blanc-coco-color has-text-color has-normal-font-size\"><strong>DETECTEM-HO<\/strong><\/p>\n\n\n\n<p class=\"has-blanc-coco-color has-text-color has-normal-font-size\"><strong> ARREGLEM-HO<\/strong><\/p>\n\n\n\n<p>La Universitat Aut\u00f2noma de Barcelona i l\u00b4Ajuntament de Cerdanyola del Vall\u00e8s, amb la col\u00b7laboraci\u00f3 de l\u2019EMD Bellaterra i el patrocini de la Universitat de Barcelona i d\u2019Applus+ Laboratories, organitzen <strong>la cursa solid\u00e0ria de la UAB<\/strong> en suport a la<strong> <a href=\"https:\/\/statics.3cat.cat\/multimedia\/pdf\/6\/0\/1758793341706.pdf\" data-type=\"link\" data-id=\"https:\/\/www.3cat.cat\/tv3\/marato\/2025\/350\/\">Marat\u00f3 de TV3<\/a>.<\/strong> La recaptaci\u00f3 de les donacions de la cursa es destinaran a la<strong> recerca oncol\u00f2gica<\/strong> de Catalunya.<\/p>\n<\/div><\/div>\n\n\n\n<p class=\"has-text-align-left\"><strong>La Marat\u00f3 d\u2019enguany es dedicar\u00e0  a la divulgaci\u00f3 i l&#8217;impuls de la recerca en c\u00e0ncer, una de les principals causes de mort a Catalunya i a tot el m\u00f3n. <\/strong><\/p>\n\n\n\n<p class=\"has-text-align-left\">El 2024 van<strong> morir a Catalunya 17.000<\/strong> persones a causa del c\u00e0ncer; <strong>46 persones cada dia<\/strong> i <strong>2 persones cada hora<\/strong>, i se&#8217;n van diagnosticar <strong>42.851 casos<\/strong>, segons dades del departament de Salut. Tot i que gr\u00e0cies a la recerca s&#8217;ha avan\u00e7at molt en la superviv\u00e8ncia de les persones afectades, el c\u00e0ncer continua sent <strong>una de les principals causes de mort <\/strong>al m\u00f3n, perqu\u00e8 tamb\u00e9 n&#8217;ha crescut la incid\u00e8ncia.<\/p>\n\n\n\n<p class=\"has-text-align-left\">La comunitat cient\u00edfica pronostica que durant el 2025 els casos de la malaltia <strong>augmentaran un 3,29%<\/strong>. Aquesta \u00e9s una tend\u00e8ncia creixent des de fa anys que s&#8217;explica per l&#8217;increment de l&#8217;esperan\u00e7a de vida i el tipus d&#8217;h\u00e0bits de la societat.<\/p>\n\n\n\n<p class=\"has-text-align-left\">A Catalunya, <strong>un de cada dos homes i una de cada tres dones tindran c\u00e0ncer<\/strong> en algun moment de la seva vida. En els homes representa la primera causa de mort, i els m\u00e9s habituals s\u00f3n el de<strong> pr\u00f2stata<\/strong>, el <strong>colorectal<\/strong>, de<strong> pulm\u00f3<\/strong>, e <strong>bufeta<\/strong> i de<strong> fetge<\/strong>. Entre les dones \u00e9s la segona causa de mort, despr\u00e8s de les malalties cardiovasculars, i els m\u00e9s comuns s\u00f3n de <strong>mama, colorectal<\/strong>, de <strong>pulm\u00f3, d&#8217;\u00fater<\/strong> i el <strong>tumor cerebral<\/strong>. En edat pedi\u00e0trica, el c\u00e0ncer \u00e9s poc habitual, no obstant per la seva gravetat representa la segona causa de mort fins als 14 anys, despr\u00e8s dels accidents.<\/p>\n\n\n\n<p class=\"has-text-align-left\">Per a totes les persones, adults i infants, i les seves fam\u00edlies, el c\u00e0ncer no nom\u00e9s suposa un impacte f\u00edsic molt gran, sin\u00f3 que t\u00e9 unes conseq\u00fc\u00e8ncies emocionals de gran import\u00e0ncia a la llarg de la seva vida.<\/p>\n\n\n\n<p class=\"has-text-align-left\">Per poder tractar m\u00e9s c\u00e0ncers amb \u00e8xit, de manera menys invasiva per als pacients i preservant al m\u00e0xim la seva qualitat de vida, cal que la recerca avanci en la<strong> detecci\u00f3 preco\u00e7, els tractaments i el diagn\u00f2stic de la malaltia.<\/strong><\/p>\n\n\n\n<p class=\"has-text-align-left\"> <a href=\"https:\/\/www.3cat.cat\/tv3\/marato\/2025\/350\/\">Seguir llegint<\/a><\/p>\n\n\n\n<p class=\"has-text-align-left\"><strong>Esperem que pugueu col\u00b7laborar-hi.<\/strong><\/p>\n\n\n\n<p class=\"has-text-align-left\"><\/p>\n\n\n\n<div class=\"wp-block-group alignfull has-text-color has-background\" style=\"color:#000000;background-color:#ffffff\"><div class=\"wp-block-group__inner-container is-layout-flow wp-block-group-is-layout-flow\">\n<h2 class=\"wp-block-heading has-text-align-center\" id=\"schedule-a-visit\" style=\"font-size:59px;line-height:1.15\"><strong>Inscriu-t&#8217;hi i fes-te voluntari\/a!<\/strong><\/h2>\n\n\n\n<div class=\"wp-block-buttons is-horizontal is-content-justification-center is-layout-flex wp-container-core-buttons-is-layout-499968f5 wp-block-buttons-is-layout-flex\">\n<div class=\"wp-block-button has-custom-width wp-block-button__width-50\"><a class=\"wp-block-button__link has-text-color has-background wp-element-button\" href=\"https:\/\/micromecenatge.uab.cat\/lacursadelauab\" style=\"border-radius:50px;color:#ffffff;background-color:#000000\">P\u00e0gina web per a les inscripcions<\/a><\/div>\n<\/div>\n\n\n\n<p><\/p>\n\n\n\n<figure class=\"wp-block-gallery has-nested-images columns-default is-cropped wp-block-gallery-1 is-layout-flex wp-block-gallery-is-layout-flex\">\n<figure class=\"wp-block-image size-full\"><img loading=\"lazy\" decoding=\"async\" width=\"2560\" height=\"1512\" data-id=\"271\" src=\"https:\/\/webs.uab.cat\/cursamarato\/wp-content\/uploads\/sites\/483\/2025\/10\/V2.IMG_Patrocinadors_Cursa2025-scaled.jpg\" alt=\"\" class=\"wp-image-271\" srcset=\"https:\/\/webs.uab.cat\/cursamarato\/wp-content\/uploads\/sites\/483\/2025\/10\/V2.IMG_Patrocinadors_Cursa2025-scaled.jpg 2560w, https:\/\/webs.uab.cat\/cursamarato\/wp-content\/uploads\/sites\/483\/2025\/10\/V2.IMG_Patrocinadors_Cursa2025-300x177.jpg 300w, https:\/\/webs.uab.cat\/cursamarato\/wp-content\/uploads\/sites\/483\/2025\/10\/V2.IMG_Patrocinadors_Cursa2025-1024x605.jpg 1024w, https:\/\/webs.uab.cat\/cursamarato\/wp-content\/uploads\/sites\/483\/2025\/10\/V2.IMG_Patrocinadors_Cursa2025-768x454.jpg 768w, https:\/\/webs.uab.cat\/cursamarato\/wp-content\/uploads\/sites\/483\/2025\/10\/V2.IMG_Patrocinadors_Cursa2025-1536x907.jpg 1536w, https:\/\/webs.uab.cat\/cursamarato\/wp-content\/uploads\/sites\/483\/2025\/10\/V2.IMG_Patrocinadors_Cursa2025-2048x1210.jpg 2048w, https:\/\/webs.uab.cat\/cursamarato\/wp-content\/uploads\/sites\/483\/2025\/10\/V2.IMG_Patrocinadors_Cursa2025-1200x709.jpg 1200w, https:\/\/webs.uab.cat\/cursamarato\/wp-content\/uploads\/sites\/483\/2025\/10\/V2.IMG_Patrocinadors_Cursa2025-1980x1170.jpg 1980w\" sizes=\"auto, (max-width: 2560px) 100vw, 2560px\" \/><\/figure>\n<\/figure>\n\n\n\n<h2 class=\"wp-block-heading has-text-align-center\"><\/h2>\n\n\n\n<div style=\"height:64px\" aria-hidden=\"true\" class=\"wp-block-spacer\"><\/div>\n<\/div><\/div>\n","protected":false},"excerpt":{"rendered":"<p>ANUL\u00b7LADA S&#8217;anul\u00b7la la Cursa de la UAB, at\u00e8s que encara segueixen vigents les mesures del pla de conting\u00e8ncia per la detecci\u00f3 de pesta porcina, i no hi ha data previsible de finalitzaci\u00f3 d\u2019aquestes. Donat que el donatiu\u00a0corresponent a la inscripci\u00f3 es destina \u00edntegrament a la Fundaci\u00f3 La Marat\u00f3 de TV3, s\u2019ha de fer efectiu abans [&hellip;]<\/p>\n","protected":false},"author":20,"featured_media":0,"parent":0,"menu_order":0,"comment_status":"closed","ping_status":"closed","template":"","meta":{"footnotes":""},"class_list":["post-6","page","type-page","status-publish","hentry"],"_links":{"self":[{"href":"https:\/\/webs.uab.cat\/cursamarato\/wp-json\/wp\/v2\/pages\/6","targetHints":{"allow":["GET"]}}],"collection":[{"href":"https:\/\/webs.uab.cat\/cursamarato\/wp-json\/wp\/v2\/pages"}],"about":[{"href":"https:\/\/webs.uab.cat\/cursamarato\/wp-json\/wp\/v2\/types\/page"}],"author":[{"embeddable":true,"href":"https:\/\/webs.uab.cat\/cursamarato\/wp-json\/wp\/v2\/users\/20"}],"replies":[{"embeddable":true,"href":"https:\/\/webs.uab.cat\/cursamarato\/wp-json\/wp\/v2\/comments?post=6"}],"version-history":[{"count":38,"href":"https:\/\/webs.uab.cat\/cursamarato\/wp-json\/wp\/v2\/pages\/6\/revisions"}],"predecessor-version":[{"id":294,"href":"https:\/\/webs.uab.cat\/cursamarato\/wp-json\/wp\/v2\/pages\/6\/revisions\/294"}],"wp:attachment":[{"href":"https:\/\/webs.uab.cat\/cursamarato\/wp-json\/wp\/v2\/media?parent=6"}],"curies":[{"name":"wp","href":"https:\/\/api.w.org\/{rel}","templated":true}]}}