{"id":206,"date":"2016-04-26T13:39:37","date_gmt":"2016-04-26T11:39:37","guid":{"rendered":"https:\/\/webs.uab.cat\/dehisi\/personal\/"},"modified":"2025-11-05T09:55:20","modified_gmt":"2025-11-05T07:55:20","slug":"personal","status":"publish","type":"page","link":"https:\/\/webs.uab.cat\/dehisi\/personal\/","title":{"rendered":"Personal"},"content":{"rendered":"\n<p><strong>Investigadores principales:<\/strong>&nbsp;Jos\u00e9 Luis Lalueza Sazatornil e Ibis \u00c1lvarez Valdivia.<\/p>\n\n\n\n<p><strong>Investigadores UAB:<\/strong> S\u00edlvia Camps Orfila, Cristina Zhang Yu, Crista Weise, Giorgina Garbarino, Karen Jaramillo, Iyad Khnachar Magnass, Joana Paula y Muriel Guti\u00e9rrez.<\/p>\n\n\n\n<p><strong>Colaboradores :<\/strong> David Garc\u00eda Romero (USC, Santiago), Beatriz Macias G\u00f3mez-Estern, Virginia Mart\u00ednez Lozano and Mar\u00eda Marco Macarro (UPO, Sevilla), Mois\u00e9s Esteban Guitart (UdG, Girona), Mark Clarke and Alan Davis (UCD, Denver), Olga V\u00e1squez (UCSD, San Diego), Macarena Lamas Alcion (UACH, Valdivia), Felipe Jim\u00e9nez Vargas (PUCV, Valpara\u00edso), M\u00f3nica da Silva (UDELAR, Montevideo), Jos\u00e9 Eduardo S\u00e1nchez (ICESI, Cali), Mar\u00eda Cristina Tenorio (Uni Valle, Cali), Renata Bellenzani (UFMS, Campo Grande), Marta Padr\u00f3s Castells, S\u00f2nia S\u00e1nchez Busqu\u00e9s y Reme Rubio Garc\u00eda (UAB)<\/p>\n\n\n\n<h2 class=\"wp-block-heading\">Lalueza Sazatornil, Jos\u00e9 Luis<\/h2>\n\n\n\n<div class=\"wp-block-columns is-layout-flex wp-container-core-columns-is-layout-9d6595d7 wp-block-columns-is-layout-flex\">\n<div class=\"wp-block-column is-layout-flow wp-block-column-is-layout-flow\" style=\"flex-basis:33.33%\">\n<figure class=\"wp-block-image\"><img loading=\"lazy\" decoding=\"async\" width=\"201\" height=\"206\" src=\"https:\/\/webs.uab.cat\/dehisi\/wp-content\/uploads\/sites\/226\/2016\/04\/whatsapp_image_2019-12-04_at_7.00.22_pm_2.jpeg\" alt=\"whatsapp_image_2019-12-04_at_7.00.22_pm_2.jpeg\" class=\"wp-image-168\" \/><\/figure>\n<\/div>\n\n\n\n<div class=\"wp-block-column is-layout-flow wp-block-column-is-layout-flow\" style=\"flex-basis:66.66%\">\n<p>Jos\u00e9 Luis Lalueza, Doctor en Psicolog\u00eda, es profesor titular del Departamento&nbsp;de Psicolog\u00eda B\u00e1sica, Evolutiva y de la Educaci\u00f3n. Experto&nbsp;en el campo&nbsp;del desarrollo de minor\u00edas e intervenci\u00f3n&nbsp;en contextos de diversidad cultural y riesgo de exclusi\u00f3n social. Director del equipo DEHISI y del proyecte de investigaci\u00f3n-acci\u00f3n <em>Shere Rom<\/em>, que desarrolla una intervenci\u00f3n socioeducativa que pretende trabajar para la creaci\u00f3n de procesos educativos interculturales. Coordinador en la UAB del M\u00e1ster Interuniversitario en Psicolog\u00eda de la Educaci\u00f3n (MIPE). Coordinador del \u00c1rea de Transferencia e Investigaci\u00f3n Aplicada del Servicio de Psicolog\u00eda y Logopedia (SPL) de la Facultad de Psicolog\u00eda. Miembro del grupo promotor de Aprendizaje-Servicio y del Grupo de Innovaci\u00f3n Docente-ApS a la Universidad Aut\u00f3noma de Barcelona.<\/p>\n\n\n\n<p>Correo&nbsp;electr\u00f3nico: joseluis.lalueza@uab.cat<\/p>\n<\/div>\n<\/div>\n\n\n\n<h2 class=\"wp-block-heading\">&nbsp;\u00c1lvarez Valdivia, Ibis Marlene<\/h2>\n\n\n\n<div class=\"wp-block-columns is-layout-flex wp-container-core-columns-is-layout-9d6595d7 wp-block-columns-is-layout-flex\">\n<div class=\"wp-block-column is-layout-flow wp-block-column-is-layout-flow\" style=\"flex-basis:33.33%\">\n<figure class=\"wp-block-image size-large\"><img loading=\"lazy\" decoding=\"async\" width=\"854\" height=\"1024\" src=\"https:\/\/webs.uab.cat\/dehisi\/wp-content\/uploads\/sites\/226\/2025\/10\/Ibis_M.Alvarez_FotoCV-854x1024.jpeg\" alt=\"\" class=\"wp-image-465\" srcset=\"https:\/\/webs.uab.cat\/dehisi\/wp-content\/uploads\/sites\/226\/2025\/10\/Ibis_M.Alvarez_FotoCV-854x1024.jpeg 854w, https:\/\/webs.uab.cat\/dehisi\/wp-content\/uploads\/sites\/226\/2025\/10\/Ibis_M.Alvarez_FotoCV-250x300.jpeg 250w, https:\/\/webs.uab.cat\/dehisi\/wp-content\/uploads\/sites\/226\/2025\/10\/Ibis_M.Alvarez_FotoCV-768x921.jpeg 768w, https:\/\/webs.uab.cat\/dehisi\/wp-content\/uploads\/sites\/226\/2025\/10\/Ibis_M.Alvarez_FotoCV-1281x1536.jpeg 1281w, https:\/\/webs.uab.cat\/dehisi\/wp-content\/uploads\/sites\/226\/2025\/10\/Ibis_M.Alvarez_FotoCV-1200x1439.jpeg 1200w, https:\/\/webs.uab.cat\/dehisi\/wp-content\/uploads\/sites\/226\/2025\/10\/Ibis_M.Alvarez_FotoCV.jpeg 1694w\" sizes=\"auto, (max-width: 854px) 100vw, 854px\" \/><\/figure>\n<\/div>\n\n\n\n<div class=\"wp-block-column is-layout-flow wp-block-column-is-layout-flow\" style=\"flex-basis:66.66%\">\n<p>Doctora en Psicolog\u00eda de la Educaci\u00f3n. Profesora agregada del Departamento de Psicolog\u00eda B\u00e1sica, Evolutiva y de la Educaci\u00f3n de la&nbsp; Universidad Aut\u00f3noma de Barcelona. Coordinadora del Doctorado en Psicolog\u00eda de la Educaci\u00f3n <a href=\"https:\/\/www.uab.cat\/web\/postgrado\/doctorados\/todos-los-doctorados\/informacion-general\/psicologia-de-la-educacion-1345467765424.html?param2=1345674110857\">DIPE-UAB&nbsp;<\/a>. Los intereses de investigaci\u00f3n se relacionan con aspectos culturales del aprendizaje y el desarrollo psicol\u00f3gico.<\/p>\n\n\n\n<p>Correo electr\u00f3nico: ibismarlene.alvarez@uab.cat<\/p>\n<\/div>\n<\/div>\n\n\n\n<h2 class=\"wp-block-heading\">Camp Orfila, S\u00edlvia<span style=\"font-family: arial,helvetica,sans-serif\"><\/span><\/h2>\n\n\n\n<div class=\"wp-block-columns is-layout-flex wp-container-core-columns-is-layout-9d6595d7 wp-block-columns-is-layout-flex\">\n<div class=\"wp-block-column is-layout-flow wp-block-column-is-layout-flow\" style=\"flex-basis:33.33%\">\n<figure class=\"wp-block-image\"><img loading=\"lazy\" decoding=\"async\" width=\"199\" height=\"202\" src=\"https:\/\/webs.uab.cat\/dehisi\/wp-content\/uploads\/sites\/226\/2016\/04\/silvia.jpg\" alt=\"silvia.jpg\" class=\"wp-image-174\" \/><\/figure>\n<\/div>\n\n\n\n<div class=\"wp-block-column is-layout-flow wp-block-column-is-layout-flow\" style=\"flex-basis:66.66%\">\n<p id=\"docs-internal-guid-bd6bd8f9-7fff-9faa-7728-3ac1dc534932\"><span style=\"color: #000000;background-color: transparent;font-weight: 400;font-style: normal;font-variant: normal;text-decoration: none;vertical-align: baseline\">Coordinadora del Proyecto Shere Rom<\/span>, responsable de la <span style=\"color: #000000;background-color: transparent;font-weight: 400;font-style: normal;font-variant: normal;text-decoration: none;vertical-align: baseline\">parte de intervenci\u00f3n <\/span>directa en centro educativo. <\/p>\n\n\n\n<p>&nbsp;<span style=\"color: #000000;background-color: transparent;font-weight: 400;font-style: normal;font-variant: normal;text-decoration: none;vertical-align: baseline\">Graduada en Psicolog\u00eda con M\u00e1ster en investigaci\u00f3n e intervenci\u00f3n Psicosocial en la Universidad Aut\u00f3noma de Barcelona y M\u00e1ster de formaci\u00f3n de profesorado en la modalidad de orientaci\u00f3n. Mis interes<\/span>es est\u00e1n dirigidos al \u00e1mbito educativo y social, trabajando con infancia y adolescencia desde una perspectiva ecofeminista y de pedagog\u00edas cr\u00edticas. <\/p>\n\n\n\n<p><span style=\"color: #000000;background-color: transparent;font-weight: 400;font-style: normal;font-variant: normal;text-decoration: none;vertical-align: baseline\">Correo electr\u00f3nico: silviacampsorfila@gmail.com<\/span><\/p>\n<\/div>\n<\/div>\n\n\n\n<h2 class=\"wp-block-heading\">Garbarino, Giorgina<span style=\"font-family: arial,helvetica,sans-serif\"><\/span><\/h2>\n\n\n\n<div class=\"wp-block-columns is-layout-flex wp-container-core-columns-is-layout-9d6595d7 wp-block-columns-is-layout-flex\">\n<div class=\"wp-block-column is-layout-flow wp-block-column-is-layout-flow\" style=\"flex-basis:33.33%\">\n<figure class=\"wp-block-image size-large\"><img loading=\"lazy\" decoding=\"async\" width=\"1024\" height=\"1024\" src=\"https:\/\/webs.uab.cat\/dehisi\/wp-content\/uploads\/sites\/226\/2024\/03\/GiorginaGarbarino-1024x1024.jpg\" alt=\"\" class=\"wp-image-415\" srcset=\"https:\/\/webs.uab.cat\/dehisi\/wp-content\/uploads\/sites\/226\/2024\/03\/GiorginaGarbarino-1024x1024.jpg 1024w, https:\/\/webs.uab.cat\/dehisi\/wp-content\/uploads\/sites\/226\/2024\/03\/GiorginaGarbarino-300x300.jpg 300w, https:\/\/webs.uab.cat\/dehisi\/wp-content\/uploads\/sites\/226\/2024\/03\/GiorginaGarbarino-150x150.jpg 150w, https:\/\/webs.uab.cat\/dehisi\/wp-content\/uploads\/sites\/226\/2024\/03\/GiorginaGarbarino-768x768.jpg 768w, https:\/\/webs.uab.cat\/dehisi\/wp-content\/uploads\/sites\/226\/2024\/03\/GiorginaGarbarino-1536x1536.jpg 1536w, https:\/\/webs.uab.cat\/dehisi\/wp-content\/uploads\/sites\/226\/2024\/03\/GiorginaGarbarino-2048x2048.jpg 2048w, https:\/\/webs.uab.cat\/dehisi\/wp-content\/uploads\/sites\/226\/2024\/03\/GiorginaGarbarino-1200x1200.jpg 1200w, https:\/\/webs.uab.cat\/dehisi\/wp-content\/uploads\/sites\/226\/2024\/03\/GiorginaGarbarino-1980x1980.jpg 1980w\" sizes=\"auto, (max-width: 1024px) 100vw, 1024px\" \/><\/figure>\n<\/div>\n\n\n\n<div class=\"wp-block-column is-layout-flow wp-block-column-is-layout-flow\" style=\"flex-basis:66.66%\">\n<p>Doctoranda en Psicolog\u00eda de la Educaci\u00f3n en la Universitat Aut\u00f2noma de Barcelona<\/p>\n\n\n\n<p>Graduada en Psicolog\u00eda de la Universidad Cat\u00f3lica de C\u00f3rdoba, Argentina, especialista en cl\u00ednica infantil y adolescente. Mi trayectoria involucra el trabajo con infancias en el \u00e1mbito de la psicolog\u00eda cl\u00ednica y des de la educaci\u00f3n formal y no formal. Mis intereses apuntan al aprendizaje con otros, a la reivindicaci\u00f3n de saberes y a la comprensi\u00f3n y mejora de pr\u00e1cticas educativas desde la mirada de las pedagog\u00edas cr\u00edticas, la interculturalidad y el g\u00e9nero. Tras realizar el MIPE (M\u00e1ster Interuniversitario en Psicolog\u00eda de la Educaci\u00f3n) en la Universidad de Barcelona, actualmente estoy llevando a cabo mi doctorado con el equipo de investigaci\u00f3n.<\/p>\n\n\n\n<p>Correo electr\u00f3nico: giorgi2507@gmail.com<\/p>\n<\/div>\n<\/div>\n\n\n\n<h2 class=\"wp-block-heading\">De Carvalho Rangel, Joana Paula <\/h2>\n\n\n\n<div class=\"wp-block-columns is-layout-flex wp-container-core-columns-is-layout-9d6595d7 wp-block-columns-is-layout-flex\">\n<div class=\"wp-block-column is-layout-flow wp-block-column-is-layout-flow\" style=\"flex-basis:33.33%\">\n<figure class=\"wp-block-image size-large\"><img loading=\"lazy\" decoding=\"async\" width=\"768\" height=\"1024\" src=\"https:\/\/webs.uab.cat\/dehisi\/wp-content\/uploads\/sites\/226\/2024\/03\/20231123_222350-768x1024.jpg\" alt=\"\" class=\"wp-image-418\" srcset=\"https:\/\/webs.uab.cat\/dehisi\/wp-content\/uploads\/sites\/226\/2024\/03\/20231123_222350-768x1024.jpg 768w, https:\/\/webs.uab.cat\/dehisi\/wp-content\/uploads\/sites\/226\/2024\/03\/20231123_222350-225x300.jpg 225w, https:\/\/webs.uab.cat\/dehisi\/wp-content\/uploads\/sites\/226\/2024\/03\/20231123_222350-1152x1536.jpg 1152w, https:\/\/webs.uab.cat\/dehisi\/wp-content\/uploads\/sites\/226\/2024\/03\/20231123_222350-1536x2048.jpg 1536w, https:\/\/webs.uab.cat\/dehisi\/wp-content\/uploads\/sites\/226\/2024\/03\/20231123_222350-1200x1600.jpg 1200w, https:\/\/webs.uab.cat\/dehisi\/wp-content\/uploads\/sites\/226\/2024\/03\/20231123_222350-1980x2640.jpg 1980w, https:\/\/webs.uab.cat\/dehisi\/wp-content\/uploads\/sites\/226\/2024\/03\/20231123_222350-scaled.jpg 1920w\" sizes=\"auto, (max-width: 768px) 100vw, 768px\" \/><\/figure>\n<\/div>\n\n\n\n<div class=\"wp-block-column is-layout-flow wp-block-column-is-layout-flow\" style=\"flex-basis:66.66%\">\n<p>Joana Paula de Carvalho Rangel, angolana, doctoranda en Psicolog\u00eda de la Educaci\u00f3n.<\/p>\n\n\n\n<p>Graduada en Educaci\u00f3n en la especialidad Pedagog\u00eda-Psicolog\u00eda con un M\u00e1ster en Gesti\u00f3n de Procesos Formativos Universit\u00e1rios, por la Universidad de Oriente-Cuba y formaci\u00f3n en curso superior en Logopedia e Intervenci\u00f3n en los Trastornos del Lenguaje, por el centro Unicas formaci\u00f3n.<\/p>\n\n\n\n<p>Interesada por trabajar aspectos relacionados con la formaci\u00f3n docente para la educaci\u00f3n inclusiva.<span style=\"color: #000000;background-color: transparent;font-weight: 400;font-style: normal;font-variant: normal;text-decoration: none;vertical-align: baseline\"><span style=\"font-family: arial,helvetica,sans-serif\"><\/span><\/span><\/p>\n\n\n\n<p><span style=\"color: #000000;background-color: transparent;font-weight: 400;font-style: normal;font-variant: normal;text-decoration: none;vertical-align: baseline\">Correo electr\u00f3nico: <\/span>janinycarvalho13@gmail.com<\/p>\n<\/div>\n<\/div>\n\n\n\n<h2 class=\"wp-block-heading\">Jaramillo Solar, Karen<span style=\"font-family: arial,helvetica,sans-serif\"><\/span><\/h2>\n\n\n\n<div class=\"wp-block-columns is-layout-flex wp-container-core-columns-is-layout-9d6595d7 wp-block-columns-is-layout-flex\">\n<div class=\"wp-block-column is-layout-flow wp-block-column-is-layout-flow\" style=\"flex-basis:33.33%\">\n<figure class=\"wp-block-image size-large\"><img loading=\"lazy\" decoding=\"async\" width=\"768\" height=\"1024\" src=\"https:\/\/webs.uab.cat\/dehisi\/wp-content\/uploads\/sites\/226\/2024\/03\/WhatsApp-Image-2024-03-14-at-20.52.54-768x1024.jpeg\" alt=\"\" class=\"wp-image-432\" srcset=\"https:\/\/webs.uab.cat\/dehisi\/wp-content\/uploads\/sites\/226\/2024\/03\/WhatsApp-Image-2024-03-14-at-20.52.54-768x1024.jpeg 768w, https:\/\/webs.uab.cat\/dehisi\/wp-content\/uploads\/sites\/226\/2024\/03\/WhatsApp-Image-2024-03-14-at-20.52.54-225x300.jpeg 225w, https:\/\/webs.uab.cat\/dehisi\/wp-content\/uploads\/sites\/226\/2024\/03\/WhatsApp-Image-2024-03-14-at-20.52.54.jpeg 1104w\" sizes=\"auto, (max-width: 768px) 100vw, 768px\" \/><\/figure>\n<\/div>\n\n\n\n<div class=\"wp-block-column is-layout-flow wp-block-column-is-layout-flow\" style=\"flex-basis:66.66%\">\n<p>Doctoranda en Psicolog\u00eda de la Educaci\u00f3n de la Universidad Aut\u00f3noma de Barcelona, con experiencia previa en el dise\u00f1o e implementaci\u00f3n de programas y proyectos de inclusi\u00f3n socioeducativa en contextos escolares y universitarios en Chile.<\/p>\n\n\n\n<p>Actualmente, participo en el desarrollo de un proyecto de investigaci\u00f3n acci\u00f3n que indaga en la construcci\u00f3n de las pertenencias y relaciones comunitarias con j\u00f3venes racializados y migrados, desde la perspectiva de la pedagog\u00eda cr\u00edtica y decolonial.<\/p>\n\n\n\n<p>Mis intereses de investigaci\u00f3n se fundamentan en un compromiso \u00e9tico y pol\u00edtico con la justicia social y racial. Busco la transformaci\u00f3n social y educativa a trav\u00e9s de pr\u00e1cticas educativas que promuevan la visibilizaci\u00f3n, el reconocimiento, la legitimaci\u00f3n y la reivindicaci\u00f3n de los cuerpos, saberes y experiencias de grupos minorizados en contextos de exclusi\u00f3n social.<\/p>\n\n\n\n<p>Correo electr\u00f3nico:<br>Karen.Jaramillo@uab.cat<\/p>\n<\/div>\n<\/div>\n\n\n\n<h2 class=\"wp-block-heading\">Khnachar Magnass, Iyad<span style=\"font-family: arial,helvetica,sans-serif\"><\/span><\/h2>\n\n\n\n<div class=\"wp-block-columns is-layout-flex wp-container-core-columns-is-layout-9d6595d7 wp-block-columns-is-layout-flex\">\n<div class=\"wp-block-column is-layout-flow wp-block-column-is-layout-flow\" style=\"flex-basis:33.33%\">\n<figure class=\"wp-block-image size-large\"><img loading=\"lazy\" decoding=\"async\" width=\"711\" height=\"1024\" src=\"https:\/\/webs.uab.cat\/dehisi\/wp-content\/uploads\/sites\/226\/2025\/10\/foto-ayad-cara-711x1024.jpg\" alt=\"\" class=\"wp-image-457\" srcset=\"https:\/\/webs.uab.cat\/dehisi\/wp-content\/uploads\/sites\/226\/2025\/10\/foto-ayad-cara-711x1024.jpg 711w, https:\/\/webs.uab.cat\/dehisi\/wp-content\/uploads\/sites\/226\/2025\/10\/foto-ayad-cara-208x300.jpg 208w, https:\/\/webs.uab.cat\/dehisi\/wp-content\/uploads\/sites\/226\/2025\/10\/foto-ayad-cara-768x1107.jpg 768w, https:\/\/webs.uab.cat\/dehisi\/wp-content\/uploads\/sites\/226\/2025\/10\/foto-ayad-cara-1066x1536.jpg 1066w, https:\/\/webs.uab.cat\/dehisi\/wp-content\/uploads\/sites\/226\/2025\/10\/foto-ayad-cara-1421x2048.jpg 1421w, https:\/\/webs.uab.cat\/dehisi\/wp-content\/uploads\/sites\/226\/2025\/10\/foto-ayad-cara-1200x1729.jpg 1200w, https:\/\/webs.uab.cat\/dehisi\/wp-content\/uploads\/sites\/226\/2025\/10\/foto-ayad-cara-1980x2853.jpg 1980w, https:\/\/webs.uab.cat\/dehisi\/wp-content\/uploads\/sites\/226\/2025\/10\/foto-ayad-cara-scaled.jpg 1777w\" sizes=\"auto, (max-width: 711px) 100vw, 711px\" \/><\/figure>\n<\/div>\n\n\n\n<div class=\"wp-block-column is-layout-flow wp-block-column-is-layout-flow\" style=\"flex-basis:66.66%\">\n<p>Doctorando en Psicolog\u00eda de la Educaci\u00f3n en la Universidad Aut\u00f3noma de Bellaterra. Graduado en Educaci\u00f3n Social y M\u00e1ster en Psicopedagog\u00eda.<br>Mi trayectoria personal, acad\u00e9mica y profesional se entrelaza con una profunda vocaci\u00f3n por la justicia social, la equidad educativa, la interculturalidad y el desarrollo psicoeducativo juvenil en entornos de exclusi\u00f3n social, vulnerabilidad y precariedad socioecon\u00f3mica. Entiendo la educaci\u00f3n como un proceso profundamente humano, transformador e inspirador.<\/p>\n\n\n\n<p>A lo largo de mi trayectoria profesional he trabajado y he realizado voluntariados en diferentes espacios educativos y sociales como centros educativos de secundaria de \u00abm\u00e1xima complejidad\u00bb y centros residenciales de acci\u00f3n educativa (CRAES), desarrollando proyectos, programas, actividades y din\u00e1micas socioeducativas, culturales, de orientaci\u00f3n psicopedag\u00f3gica, de ocio, art\u00edsticas, etc. Mi recorrido se nutre de la participaci\u00f3n activa en la red asociativa y de un fuerte compromiso con la transformaci\u00f3n social. Adem\u00e1s, desarrollo un proyecto art\u00edstico-educativo a trav\u00e9s del Break Dance.<\/p>\n<\/div>\n<\/div>\n\n\n\n<h2 class=\"wp-block-heading\">Guti\u00e9rrez, Muriel <span style=\"font-family: arial,helvetica,sans-serif\"><\/span><\/h2>\n\n\n\n<div class=\"wp-block-columns is-layout-flex wp-container-core-columns-is-layout-9d6595d7 wp-block-columns-is-layout-flex\">\n<div class=\"wp-block-column is-layout-flow wp-block-column-is-layout-flow\" style=\"flex-basis:33.33%\"><\/div>\n\n\n\n<div class=\"wp-block-column is-layout-flow wp-block-column-is-layout-flow\" style=\"flex-basis:66.66%\">\n<p id=\"docs-internal-guid-cd473278-7fff-4c44-ab9b-19b782216c53\">&nbsp;<\/p>\n\n\n\n<p><span style=\"color: #000000;background-color: transparent;font-weight: 400;font-style: normal;font-variant: normal;text-decoration: none;vertical-align: baseline\">Correo electr\u00f3nico: <\/span>mgutierrg@gmail.com<\/p>\n\n\n\n<p><\/p>\n<\/div>\n<\/div>\n\n\n\n<h2 class=\"wp-block-heading\">Miralda Banda, Andrea <span style=\"font-family: arial,helvetica,sans-serif\"><\/span><\/h2>\n\n\n\n<div class=\"wp-block-columns is-layout-flex wp-container-core-columns-is-layout-9d6595d7 wp-block-columns-is-layout-flex\">\n<div class=\"wp-block-column is-layout-flow wp-block-column-is-layout-flow\" style=\"flex-basis:100%\">\n<div class=\"wp-block-columns is-layout-flex wp-container-core-columns-is-layout-9d6595d7 wp-block-columns-is-layout-flex\">\n<div class=\"wp-block-column is-layout-flow wp-block-column-is-layout-flow\" style=\"flex-basis:33.33%\"><\/div>\n\n\n\n<div class=\"wp-block-column is-layout-flow wp-block-column-is-layout-flow\" style=\"flex-basis:66.66%\">\n<p>Correo electr\u00f3nico: andrea.miralda@uab.cat<\/p>\n<\/div>\n<\/div>\n<\/div>\n<\/div>\n\n\n\n<p><\/p>\n\n\n\n<h2 class=\"wp-block-heading\">Padr\u00f3s Castells, Marta<span style=\"font-family: arial,helvetica,sans-serif\"><\/span><\/h2>\n\n\n\n<div class=\"wp-block-columns is-layout-flex wp-container-core-columns-is-layout-9d6595d7 wp-block-columns-is-layout-flex\">\n<div class=\"wp-block-column is-layout-flow wp-block-column-is-layout-flow\" style=\"flex-basis:33.33%\">\n<figure class=\"wp-block-image\"><img loading=\"lazy\" decoding=\"async\" width=\"204\" height=\"214\" src=\"https:\/\/webs.uab.cat\/dehisi\/wp-content\/uploads\/sites\/226\/2016\/04\/martapc.jpg\" alt=\"martapc.jpg\" class=\"wp-image-192\" \/><\/figure>\n<\/div>\n\n\n\n<div class=\"wp-block-column is-layout-flow wp-block-column-is-layout-flow\" style=\"flex-basis:66.66%\">\n<p>Doctora en Psicolog\u00eda. Experta en ciclo vital y diversidad. Es profesora asociada del Departamento de Psicolog\u00eda b\u00e1sica, Evolutiva y de la Educaci\u00f3n.&nbsp;Las principales l\u00edneas de investigaci\u00f3n e intervenci\u00f3n son: diversidad cultural, comunidad gitana, ciclo vital, diversidad familiar y nuevos modelos familiares. Trabaja desde una perspectiva sist\u00e9mica y cultural, con visi\u00f3n de g\u00e9nero.<\/p>\n\n\n\n<p>Fuera de la UAB trabaja realizando asesoramientos y proyectos de intervenci\u00f3n con ayuntamientos, servicios sociales, EAPs y centros escolares. Adem\u00e1s tambi\u00e9n lleva a cabo acompa\u00f1amiento psicol\u00f3gico a familiares diversas para afrontar las transiciones ecol\u00f3gicas propias del ciclo vital.<\/p>\n\n\n\n<p>Correo electr\u00f3nico: marta.padros@uab.cat<\/p>\n<\/div>\n<\/div>\n\n\n\n<h2 class=\"wp-block-heading\">&nbsp;Zhang Yu, Cris &#8211; \u5f20\u5a77\u5a77<\/h2>\n\n\n\n<div class=\"wp-block-columns is-layout-flex wp-container-core-columns-is-layout-9d6595d7 wp-block-columns-is-layout-flex\">\n<div class=\"wp-block-column is-layout-flow wp-block-column-is-layout-flow\" style=\"flex-basis:33.33%\">\n<figure class=\"wp-block-image size-large\"><img loading=\"lazy\" decoding=\"async\" width=\"768\" height=\"1024\" src=\"https:\/\/webs.uab.cat\/dehisi\/wp-content\/uploads\/sites\/226\/2025\/10\/IMG_7372-768x1024.jpeg\" alt=\"\" class=\"wp-image-460\" srcset=\"https:\/\/webs.uab.cat\/dehisi\/wp-content\/uploads\/sites\/226\/2025\/10\/IMG_7372-768x1024.jpeg 768w, https:\/\/webs.uab.cat\/dehisi\/wp-content\/uploads\/sites\/226\/2025\/10\/IMG_7372-225x300.jpeg 225w, https:\/\/webs.uab.cat\/dehisi\/wp-content\/uploads\/sites\/226\/2025\/10\/IMG_7372-1152x1536.jpeg 1152w, https:\/\/webs.uab.cat\/dehisi\/wp-content\/uploads\/sites\/226\/2025\/10\/IMG_7372-1200x1600.jpeg 1200w, https:\/\/webs.uab.cat\/dehisi\/wp-content\/uploads\/sites\/226\/2025\/10\/IMG_7372.jpeg 1536w\" sizes=\"auto, (max-width: 768px) 100vw, 768px\" \/><\/figure>\n<\/div>\n\n\n\n<div class=\"wp-block-column is-layout-flow wp-block-column-is-layout-flow\" style=\"flex-basis:66.66%\">\n<p>Doctora en Psicolog\u00eda de la Educaci\u00f3n, profesora lectora en el Departamento de Psicolog\u00eda B\u00e1sica, Evolutiva y de la Educaci\u00f3n. Miembro del grupo de investigaci\u00f3n DEHISI y co-coordinadora de <a href=\"http:\/\/webs.uab.cat\/shererom\" data-type=\"link\" data-id=\"webs.uab.cat\/shererom\">Shere Rom<\/a>. <\/p>\n\n\n\n<p>Mis l\u00edneas de investigaci\u00f3n-intervenci\u00f3n son 1) el dise\u00f1o de pr\u00e1cticas educativas y la creaci\u00f3n de comunidades de pr\u00e1cticas justas, respetuosas y sostenibles con los saberes y vidas del alumnado y 2) el an\u00e1lisis de las formas de racismo institucional que se (re)producen en el sistema educativo. <\/p>\n\n\n\n<p>Soy facilitadora de grupos a trav\u00e9s de t\u00e9cnicas del Teatrx del Oprimidx desde 2018 y llevo a cabo diferentes tipos de talleres y actividades formativas en primaria y secundaria sobre educaci\u00f3n y antirracismo, as\u00ed como formaci\u00f3n y asesoramiento a la comunidad educativa (profesorado, tutorxs aula de acogida, ALIC, TIS, etc.). Tambi\u00e9n realizo acompa\u00f1amiento y\/o asesoramiento a criaturas y j\u00f3venes de la di\u00e1spora china y a sus familias.<\/p>\n\n\n\n<p>Miembro de la colectiva antiracista AICE (An\u00e1lisis, Investigaci\u00f3n y Creaci\u00f3n en Educaci\u00f3n) y miembro de <a href=\"http:\/\/www.intervencionesdecoloniales.org\">t.i.c.t.a.c<\/a> (taller de intervenciones cr\u00edticas antiracistas transfeministas). Co-editora de la revista digital <a href=\"http:\/\/ladisruptiva.cat\">La Disruptiva<\/a><\/p>\n\n\n\n<p><span style=\"font-family: arial,helvetica,sans-serif\">Correo&nbsp;electr\u00f3nico: cristina.zhang@uab.cat<\/span><\/p>\n<\/div>\n<\/div>\n","protected":false},"excerpt":{"rendered":"<p>Investigadores principales:&nbsp;Jos\u00e9 Luis Lalueza Sazatornil e Ibis \u00c1lvarez Valdivia. Investigadores UAB: S\u00edlvia Camps Orfila, Cristina Zhang Yu, Crista Weise, Giorgina Garbarino, Karen Jaramillo, Iyad Khnachar Magnass, Joana Paula y Muriel Guti\u00e9rrez. Colaboradores : David Garc\u00eda Romero (USC, Santiago), Beatriz Macias G\u00f3mez-Estern, Virginia Mart\u00ednez Lozano and Mar\u00eda Marco Macarro (UPO, Sevilla), Mois\u00e9s Esteban Guitart (UdG, Girona), [&hellip;]<\/p>\n","protected":false},"author":3134,"featured_media":0,"parent":0,"menu_order":0,"comment_status":"closed","ping_status":"closed","template":"","meta":{"footnotes":""},"class_list":["post-206","page","type-page","status-publish","hentry"],"_links":{"self":[{"href":"https:\/\/webs.uab.cat\/dehisi\/wp-json\/wp\/v2\/pages\/206","targetHints":{"allow":["GET"]}}],"collection":[{"href":"https:\/\/webs.uab.cat\/dehisi\/wp-json\/wp\/v2\/pages"}],"about":[{"href":"https:\/\/webs.uab.cat\/dehisi\/wp-json\/wp\/v2\/types\/page"}],"author":[{"embeddable":true,"href":"https:\/\/webs.uab.cat\/dehisi\/wp-json\/wp\/v2\/users\/3134"}],"replies":[{"embeddable":true,"href":"https:\/\/webs.uab.cat\/dehisi\/wp-json\/wp\/v2\/comments?post=206"}],"version-history":[{"count":15,"href":"https:\/\/webs.uab.cat\/dehisi\/wp-json\/wp\/v2\/pages\/206\/revisions"}],"predecessor-version":[{"id":479,"href":"https:\/\/webs.uab.cat\/dehisi\/wp-json\/wp\/v2\/pages\/206\/revisions\/479"}],"wp:attachment":[{"href":"https:\/\/webs.uab.cat\/dehisi\/wp-json\/wp\/v2\/media?parent=206"}],"curies":[{"name":"wp","href":"https:\/\/api.w.org\/{rel}","templated":true}]}}