{"id":124,"date":"2022-03-19T16:17:11","date_gmt":"2022-03-19T15:17:11","guid":{"rendered":"https:\/\/blogs.uab.cat\/derecho-y-digitalizacion-empresarial\/?page_id=124"},"modified":"2023-01-27T13:01:29","modified_gmt":"2023-01-27T11:01:29","slug":"dr-josep-canabate-perez","status":"publish","type":"page","link":"https:\/\/webs.uab.cat\/derecho-y-digitalizacion-empresarial\/equipo\/dr-josep-canabate-perez\/","title":{"rendered":"Dr. Josep Ca\u00f1abate P\u00e9rez"},"content":{"rendered":"<p><img loading=\"lazy\" decoding=\"async\" class=\"alignnone size-medium wp-image-73\" src=\"https:\/\/webs.uab.cat\/derecho-y-digitalizacion-empresarial\/wp-content\/uploads\/sites\/186\/2022\/03\/IMG_4815-scaled-1-230x300.jpg\" alt=\"\" width=\"230\" height=\"300\" srcset=\"https:\/\/webs.uab.cat\/derecho-y-digitalizacion-empresarial\/wp-content\/uploads\/sites\/186\/2022\/03\/IMG_4815-scaled-1-230x300.jpg 230w, https:\/\/webs.uab.cat\/derecho-y-digitalizacion-empresarial\/wp-content\/uploads\/sites\/186\/2022\/03\/IMG_4815-scaled-1-785x1024.jpg 785w, https:\/\/webs.uab.cat\/derecho-y-digitalizacion-empresarial\/wp-content\/uploads\/sites\/186\/2022\/03\/IMG_4815-scaled-1-768x1002.jpg 768w, https:\/\/webs.uab.cat\/derecho-y-digitalizacion-empresarial\/wp-content\/uploads\/sites\/186\/2022\/03\/IMG_4815-scaled-1-1177x1536.jpg 1177w, https:\/\/webs.uab.cat\/derecho-y-digitalizacion-empresarial\/wp-content\/uploads\/sites\/186\/2022\/03\/IMG_4815-scaled-1-1570x2048.jpg 1570w, https:\/\/webs.uab.cat\/derecho-y-digitalizacion-empresarial\/wp-content\/uploads\/sites\/186\/2022\/03\/IMG_4815-scaled-1-1200x1566.jpg 1200w, https:\/\/webs.uab.cat\/derecho-y-digitalizacion-empresarial\/wp-content\/uploads\/sites\/186\/2022\/03\/IMG_4815-scaled-1.jpg 1962w\" sizes=\"auto, (max-width: 230px) 100vw, 230px\" \/><\/p>\n<p>Profesor lector Serra H\u00fanter de Historia del Derecho en la Universidad Aut\u00f3noma de Barcelona. Sus l\u00edneas de investigaci\u00f3n se han centrado en los \u00faltimos a\u00f1os en dos \u00e1mbitos: a) la historia del colonialismo jur\u00eddico, con un enfoque especial en las situaciones de pluralismo jur\u00eddico del Protectorado de Marruecos; y la historia social, en particular, el an\u00e1lisis de la emigraci\u00f3n espa\u00f1ola a principios del s. XIX, y b) privacidad y protecci\u00f3n de datos personales, en el que ha estudiado el impacto del Reglamento General de Protecci\u00f3n de datos en diversas \u00e1reas (salud, transferencia internacional de datos, etc.).<\/p>\n<p>Algunas de las publicaciones en est\u00e1s l\u00edneas:<\/p>\n<p>Ca\u00f1abate P\u00e9rez, J., \u201cEl r\u00e9gimen de la propiedad inmobiliaria en el Protectorado espa\u00f1ol de Marruecos: colonizaci\u00f3n jur\u00eddica y marginaci\u00f3n de las formas tradicionales\u201d en <em>Ius Fugit<\/em>, (24), 2021, pp. 268-299.<\/p>\n<p>Ca\u00f1abate P\u00e9rez, J., Castellanos Rodr\u00edguez, A., \u201cAn\u00e1lisis de las aplicaciones para seguimientos de contactos COVID-19 en los pa\u00edses de Asia oriental a la luz del Reglamento General de Protecci\u00f3n de Datos\u201d en Susana Navas Navarro (dir.), <em>Salud e Inteligencia Artificial desde el Derecho Privado. Con especial atenci\u00f3n a la pandemia por SARS-CoV-2 8covid 19), <\/em>Editorial Comares, Granada, 2020.<\/p>\n<p>Ca\u00f1abate P\u00e9rez, J., \u201cDossier sobre la llibertat d\u2019expressi\u00f3 a l\u2019era digital, <em>Revista Catalana de Dret P\u00fablic<\/em>, N\u00ba. 61, 2020, pp. 252-288<\/p>\n<p>Ca\u00f1abate P\u00e9rez, J., \u201c\u00bfSe ha roto el fr\u00e1gil equilibrio entre garant\u00eda de la protecci\u00f3n de datos personales y seguridad? La Directiva (UE) 2016\/681 del Parlamento Europeo y del Consejo, de 27 de abril de 2016, relativa a la utilizaci\u00f3n de datos del registro de nombres de los pasajeros (PNR)\u201d en Morales Hasan, V., P\u00e9rez Francesh, J. L., <em>En defensa del Estado de Derecho (II.Estudios sobre las tensiones entre libertad y Seguridad en el mundo de hoy &#8211; Seguridad humana, Sociedad del control y derechos fundamentales,<\/em> 2016, Universidad del Norte Editorial, pp. 71-102.<\/p>\n<p>Ha realizado estancias de investigaci\u00f3n en la Robbins Collection (UC Berkeley), Centrum f\u00fcr Europ\u00e4isches Privatrecht (Westf\u00e4lische Wilhems-Universit\u00e4t, M\u00fcnster), Fordham Law School, Laboratorio di eGovernment (Universit\u00e0 del Salento), School of Law (University of Edinburgh).<\/p>\n<p>Ha sido abogado especializado en derecho digital y en ciberseguridad, y cuenta actualmente con las siguientes certificaciones: <em>Certified Data Privacy Solution Engineer (CDPSE), Certified Information System Auditor (CISA)<\/em> emitidas por la <em>Information System Audit and Control Association (ISACA)<\/em>, Auditor de entornos digitales por el ICAB. Ha sido vocal de la comisi\u00f3n de transformaci\u00f3n digital del ICAB, y secretario de la junta directiva del cap\u00edtulo de ISACA Barcelona. Actualmente es vocal de la junta directa de ENATIC-Abogac\u00eda digital (Asociaci\u00f3n de expertos nacionales en abogac\u00eda TIC.<\/p>\n<p><a href=\"https:\/\/portalrecerca.uab.cat\/en\/persons\/jose-ca%C3%A3%C6%92%C3%A6%C3%A3%C3%A2%C3%AB%C5%93abate-perez\" target=\"_blank\" rel=\"noopener\">M\u00e1s informaci\u00f3n sobre el investigador<\/a><\/p>\n<p style=\"text-align: center\"><strong>PARTICIPACI\u00d3N EN EL PROYECTO<\/strong><\/p>\n<p>Los datos personales se han convertido en un elemento sustancial de la econom\u00eda digital global. Como se\u00f1alaba el diario brit\u00e1nico <em>The Economist <\/em>son la \u201cnueva luz del Sol\u201d ya que est\u00e1n en todas partes y lo sustentan todo. Algunos autores, abundando en est\u00e1 l\u00ednea, \u00a0destacan su naturaleza de \u201ccommodity\u201d o bien de mercado, denomin\u00e1ndolos el \u201cnuevo oro negro\u201d. Las grandes organizaciones re\u00fanen, en efecto, cada d\u00eda vol\u00famenes ingentes de datos personales, lamentablemente, sin muchas restricciones. Esta informaci\u00f3n personal es sometida a tratamientos masivos a trav\u00e9s de tecnolog\u00eda de Big Data, Inteligencia Artificial, etc.<\/p>\n<p>La arquitectura de Internet y de los sistemas de informaci\u00f3n, convierten a los datos personales en muy vulnerables. La regulaci\u00f3n existente trata de otorgar un marco jur\u00eddico que proteja a los derechos fundamentales de los ciudadanos ante estas grandes corporaciones, no obstante, es insuficiente y muy limitada.<\/p>\n<p>Mi contribuci\u00f3n a este proyecto trata de analizar lo que se podr\u00eda denominar como \u201cempoderamiento ciudadano\u201d, es decir, otorgar a los afectados herramientas que desde un punto de vista jur\u00eddico y tecnol\u00f3gico puedan garantizar eficazmente sus derechos. En este sentido, me sit\u00fao en la l\u00ednea de la \u201c<em>Privacy by Design<\/em>\u201d y \u201c<em>Privacy by Default<\/em>\u201d, es decir, dise\u00f1ar sistemas de la informaci\u00f3n que desde el inicio cumplan con la normativa de protecci\u00f3n de datos. En concreto, mi contribuci\u00f3n al proyecto quiere centrarse en el conocidos como <em>personal information manegement system (PIMS), <\/em>en especial los m\u00e9todos criptogr\u00e1ficos conocidas como pruebas de nulo conocimiento (<em>Zero Knowledge Proof-ZKP<\/em>). Estos sistemas, a trav\u00e9s de terceros de confianza, favorecer\u00edan los principios de minimizaci\u00f3n y limitaci\u00f3n en el uso de datos por parte de los responsables de tratamiento, as\u00ed como garantizar\u00eda elevados niveles de seguridad de la informaci\u00f3n<\/p>\n","protected":false},"excerpt":{"rendered":"<p>Profesor lector Serra H\u00fanter de Historia del Derecho en la Universidad Aut\u00f3noma de Barcelona. Sus l\u00edneas de investigaci\u00f3n se han centrado en los \u00faltimos a\u00f1os en dos \u00e1mbitos: a) la historia del colonialismo jur\u00eddico, con un enfoque especial en las situaciones de pluralismo jur\u00eddico del Protectorado de Marruecos; y la historia social, en particular, el [&hellip;]<\/p>\n","protected":false},"author":133,"featured_media":0,"parent":13,"menu_order":0,"comment_status":"closed","ping_status":"closed","template":"","meta":{"footnotes":""},"class_list":["post-124","page","type-page","status-publish","hentry"],"_links":{"self":[{"href":"https:\/\/webs.uab.cat\/derecho-y-digitalizacion-empresarial\/wp-json\/wp\/v2\/pages\/124","targetHints":{"allow":["GET"]}}],"collection":[{"href":"https:\/\/webs.uab.cat\/derecho-y-digitalizacion-empresarial\/wp-json\/wp\/v2\/pages"}],"about":[{"href":"https:\/\/webs.uab.cat\/derecho-y-digitalizacion-empresarial\/wp-json\/wp\/v2\/types\/page"}],"author":[{"embeddable":true,"href":"https:\/\/webs.uab.cat\/derecho-y-digitalizacion-empresarial\/wp-json\/wp\/v2\/users\/133"}],"replies":[{"embeddable":true,"href":"https:\/\/webs.uab.cat\/derecho-y-digitalizacion-empresarial\/wp-json\/wp\/v2\/comments?post=124"}],"version-history":[{"count":2,"href":"https:\/\/webs.uab.cat\/derecho-y-digitalizacion-empresarial\/wp-json\/wp\/v2\/pages\/124\/revisions"}],"predecessor-version":[{"id":332,"href":"https:\/\/webs.uab.cat\/derecho-y-digitalizacion-empresarial\/wp-json\/wp\/v2\/pages\/124\/revisions\/332"}],"up":[{"embeddable":true,"href":"https:\/\/webs.uab.cat\/derecho-y-digitalizacion-empresarial\/wp-json\/wp\/v2\/pages\/13"}],"wp:attachment":[{"href":"https:\/\/webs.uab.cat\/derecho-y-digitalizacion-empresarial\/wp-json\/wp\/v2\/media?parent=124"}],"curies":[{"name":"wp","href":"https:\/\/api.w.org\/{rel}","templated":true}]}}

Dr. Josep Cañabate Pérez

<p><img loading="lazy" decoding="async" class="alignnone size-medium wp-image-73" src="https://webs.uab.cat/derecho-y-digitalizacion-empresarial/wp-content/uploads/sites/186/2022/03/IMG_4815-scaled-1-230x300.jpg" alt="" width="230" height="300" srcset="https://webs.uab.cat/derecho-y-digitalizacion-empresarial/wp-content/uploads/sites/186/2022/03/IMG_4815-scaled-1-230x300.jpg 230w, https://webs.uab.cat/derecho-y-digitalizacion-empresarial/wp-content/uploads/sites/186/2022/03/IMG_4815-scaled-1-785x1024.jpg 785w, https://webs.uab.cat/derecho-y-digitalizacion-empresarial/wp-content/uploads/sites/186/2022/03/IMG_4815-scaled-1-768x1002.jpg 768w, https://webs.uab.cat/derecho-y-digitalizacion-empresarial/wp-content/uploads/sites/186/2022/03/IMG_4815-scaled-1-1177x1536.jpg 1177w, https://webs.uab.cat/derecho-y-digitalizacion-empresarial/wp-content/uploads/sites/186/2022/03/IMG_4815-scaled-1-1570x2048.jpg 1570w, https://webs.uab.cat/derecho-y-digitalizacion-empresarial/wp-content/uploads/sites/186/2022/03/IMG_4815-scaled-1-1200x1566.jpg 1200w, https://webs.uab.cat/derecho-y-digitalizacion-empresarial/wp-content/uploads/sites/186/2022/03/IMG_4815-scaled-1.jpg 1962w" sizes="auto, (max-width: 230px) 100vw, 230px" /></p>
<p>Profesor lector Serra Húnter de Historia del Derecho en la Universidad Autónoma de Barcelona. Sus líneas de investigación se han centrado en los últimos años en dos ámbitos: a) la historia del colonialismo jurídico, con un enfoque especial en las situaciones de pluralismo jurídico del Protectorado de Marruecos; y la historia social, en particular, el análisis de la emigración española a principios del s. XIX, y b) privacidad y protección de datos personales, en el que ha estudiado el impacto del Reglamento General de Protección de datos en diversas áreas (salud, transferencia internacional de datos, etc.).</p>
<p>Algunas de las publicaciones en estás líneas:</p>
<p>Cañabate Pérez, J., “El régimen de la propiedad inmobiliaria en el Protectorado español de Marruecos: colonización jurídica y marginación de las formas tradicionales” en <em>Ius Fugit</em>, (24), 2021, pp. 268-299.</p>
<p>Cañabate Pérez, J., Castellanos Rodríguez, A., “Análisis de las aplicaciones para seguimientos de contactos COVID-19 en los países de Asia oriental a la luz del Reglamento General de Protección de Datos” en Susana Navas Navarro (dir.), <em>Salud e Inteligencia Artificial desde el Derecho Privado. Con especial atención a la pandemia por SARS-CoV-2 8covid 19), </em>Editorial Comares, Granada, 2020.</p>
<p>Cañabate Pérez, J., “Dossier sobre la llibertat d’expressió a l’era digital, <em>Revista Catalana de Dret Públic</em>, Nº. 61, 2020, pp. 252-288</p>
<p>Cañabate Pérez, J., “¿Se ha roto el frágil equilibrio entre garantía de la protección de datos personales y seguridad? La Directiva (UE) 2016/681 del Parlamento Europeo y del Consejo, de 27 de abril de 2016, relativa a la utilización de datos del registro de nombres de los pasajeros (PNR)” en Morales Hasan, V., Pérez Francesh, J. L., <em>En defensa del Estado de Derecho (II.Estudios sobre las tensiones entre libertad y Seguridad en el mundo de hoy &#8211; Seguridad humana, Sociedad del control y derechos fundamentales,</em> 2016, Universidad del Norte Editorial, pp. 71-102.</p>
<p>Ha realizado estancias de investigación en la Robbins Collection (UC Berkeley), Centrum für Europäisches Privatrecht (Westfälische Wilhems-Universität, Münster), Fordham Law School, Laboratorio di eGovernment (Università del Salento), School of Law (University of Edinburgh).</p>
<p>Ha sido abogado especializado en derecho digital y en ciberseguridad, y cuenta actualmente con las siguientes certificaciones: <em>Certified Data Privacy Solution Engineer (CDPSE), Certified Information System Auditor (CISA)</em> emitidas por la <em>Information System Audit and Control Association (ISACA)</em>, Auditor de entornos digitales por el ICAB. Ha sido vocal de la comisión de transformación digital del ICAB, y secretario de la junta directiva del capítulo de ISACA Barcelona. Actualmente es vocal de la junta directa de ENATIC-Abogacía digital (Asociación de expertos nacionales en abogacía TIC.</p>
<p><a href="https://portalrecerca.uab.cat/en/persons/jose-ca%C3%A3%C6%92%C3%A6%C3%A3%C3%A2%C3%AB%C5%93abate-perez" target="_blank" rel="noopener">Más información sobre el investigador</a></p>
<p style="text-align: center"><strong>PARTICIPACIÓN EN EL PROYECTO</strong></p>
<p>Los datos personales se han convertido en un elemento sustancial de la economía digital global. Como señalaba el diario británico <em>The Economist </em>son la “nueva luz del Sol” ya que están en todas partes y lo sustentan todo. Algunos autores, abundando en está línea,  destacan su naturaleza de “commodity” o bien de mercado, denominándolos el “nuevo oro negro”. Las grandes organizaciones reúnen, en efecto, cada día volúmenes ingentes de datos personales, lamentablemente, sin muchas restricciones. Esta información personal es sometida a tratamientos masivos a través de tecnología de Big Data, Inteligencia Artificial, etc.</p>
<p>La arquitectura de Internet y de los sistemas de información, convierten a los datos personales en muy vulnerables. La regulación existente trata de otorgar un marco jurídico que proteja a los derechos fundamentales de los ciudadanos ante estas grandes corporaciones, no obstante, es insuficiente y muy limitada.</p>
<p>Mi contribución a este proyecto trata de analizar lo que se podría denominar como “empoderamiento ciudadano”, es decir, otorgar a los afectados herramientas que desde un punto de vista jurídico y tecnológico puedan garantizar eficazmente sus derechos. En este sentido, me sitúo en la línea de la “<em>Privacy by Design</em>” y “<em>Privacy by Default</em>”, es decir, diseñar sistemas de la información que desde el inicio cumplan con la normativa de protección de datos. En concreto, mi contribución al proyecto quiere centrarse en el conocidos como <em>personal information manegement system (PIMS), </em>en especial los métodos criptográficos conocidas como pruebas de nulo conocimiento (<em>Zero Knowledge Proof-ZKP</em>). Estos sistemas, a través de terceros de confianza, favorecerían los principios de minimización y limitación en el uso de datos por parte de los responsables de tratamiento, así como garantizaría elevados niveles de seguridad de la información</p>

<p>Profesor lector Serra Húnter de Historia del Derecho en la Universidad Autónoma de Barcelona. Sus líneas de investigación se han centrado en los últimos años en dos ámbitos: a) la historia del colonialismo jurídico, con un enfoque especial en las situaciones de pluralismo jurídico del Protectorado de Marruecos; y la historia social, en particular, el [&hellip;]</p>
