{"id":22,"date":"2025-11-17T16:19:56","date_gmt":"2025-11-17T14:19:56","guid":{"rendered":"https:\/\/webs.uab.cat\/desincare\/?page_id=22"},"modified":"2025-12-05T15:18:23","modified_gmt":"2025-12-05T13:18:23","slug":"actualidad-noticias","status":"publish","type":"page","link":"https:\/\/webs.uab.cat\/desincare\/actualidad-noticias\/","title":{"rendered":"ACTUALIDAD \/ NOT\u00cdCIAS"},"content":{"rendered":"\n<h2 class=\"wp-block-heading\">\ud83d\udcf0 <strong>Noticias<\/strong><\/h2>\n\n\n\n<p class=\"has-small-font-size\">En esta secci\u00f3n difundimos noticias y actualizaciones relevantes relacionadas con las pol\u00edticas de cuidados y el proyecto <strong>DESINCARE<\/strong>.<\/p>\n\n\n\n<hr class=\"wp-block-separator has-alpha-channel-opacity\" \/>\n\n\n\n<h3 class=\"wp-block-heading\"><strong>\ud83d\udce2 Reforma de las leyes de Dependencia y Discapacidad<\/strong><\/h3>\n\n\n\n<p class=\"has-small-font-size\"><em>15 de julio de 2025<\/em><\/p>\n\n\n\n<p class=\"has-small-font-size\">El Gobierno ha remitido al Congreso la reforma de las leyes de Dependencia y Discapacidad, una propuesta orientada a ampliar servicios y prestaciones, reducir la burocracia y modernizar el sistema. La reforma refuerza la accesibilidad como derecho, elimina incompatibilidades en las prestaciones y reconoce la teleasistencia como servicio garantizado. Tambi\u00e9n se autoriza el reparto de 783,2 millones de euros a las comunidades aut\u00f3nomas para fortalecer el Sistema de Autonom\u00eda y Atenci\u00f3n a la Dependencia.<\/p>\n\n\n\n<p class=\"has-small-font-size\"><strong>Fuente:<\/strong><br>Ministerio de Derechos Sociales, Consumo y Agenda 2030 (2025, julio 15). <em>El Gobierno env\u00eda al Congreso la reforma de las leyes de Dependencia y Discapacidad: m\u00e1s servicios y prestaciones, menos burocracia y m\u00e1s tecnolog\u00eda.<\/em><br><a href=\"https:\/\/www.dsca.gob.es\/es\/comunicacion\/notas-prensa\/gobierno-envia-al-congreso-reforma-leyes-dependencia-discapacidad-mas\">https:\/\/www.dsca.gob.es\/es\/comunicacion\/notas-prensa\/gobierno-envia-al-congreso-reforma-leyes-dependencia-discapacidad-mas<\/a><\/p>\n\n\n\n<p><\/p>\n","protected":false},"excerpt":{"rendered":"<p>\ud83d\udcf0 Noticias En esta secci\u00f3n difundimos noticias y actualizaciones relevantes relacionadas con las pol\u00edticas de cuidados y el proyecto DESINCARE. \ud83d\udce2 Reforma de las leyes de Dependencia y Discapacidad 15 de julio de 2025 El Gobierno ha remitido al Congreso la reforma de las leyes de Dependencia y Discapacidad, una propuesta orientada a ampliar servicios [&hellip;]<\/p>\n","protected":false},"author":2648,"featured_media":0,"parent":0,"menu_order":8,"comment_status":"closed","ping_status":"closed","template":"","meta":{"footnotes":""},"class_list":["post-22","page","type-page","status-publish","hentry"],"_links":{"self":[{"href":"https:\/\/webs.uab.cat\/desincare\/wp-json\/wp\/v2\/pages\/22","targetHints":{"allow":["GET"]}}],"collection":[{"href":"https:\/\/webs.uab.cat\/desincare\/wp-json\/wp\/v2\/pages"}],"about":[{"href":"https:\/\/webs.uab.cat\/desincare\/wp-json\/wp\/v2\/types\/page"}],"author":[{"embeddable":true,"href":"https:\/\/webs.uab.cat\/desincare\/wp-json\/wp\/v2\/users\/2648"}],"replies":[{"embeddable":true,"href":"https:\/\/webs.uab.cat\/desincare\/wp-json\/wp\/v2\/comments?post=22"}],"version-history":[{"count":4,"href":"https:\/\/webs.uab.cat\/desincare\/wp-json\/wp\/v2\/pages\/22\/revisions"}],"predecessor-version":[{"id":418,"href":"https:\/\/webs.uab.cat\/desincare\/wp-json\/wp\/v2\/pages\/22\/revisions\/418"}],"wp:attachment":[{"href":"https:\/\/webs.uab.cat\/desincare\/wp-json\/wp\/v2\/media?parent=22"}],"curies":[{"name":"wp","href":"https:\/\/api.w.org\/{rel}","templated":true}]}}