{"id":40,"date":"2025-11-18T11:11:55","date_gmt":"2025-11-18T09:11:55","guid":{"rendered":"https:\/\/webs.uab.cat\/desincare\/?page_id=40"},"modified":"2025-12-03T10:20:44","modified_gmt":"2025-12-03T08:20:44","slug":"desincare-1","status":"publish","type":"page","link":"https:\/\/webs.uab.cat\/desincare\/proyecto\/desincare-1\/","title":{"rendered":"DESINCARE 1"},"content":{"rendered":"\n<blockquote class=\"wp-block-quote is-layout-flow wp-block-quote-is-layout-flow\">\n<p class=\"has-normal-font-size\"><strong>Desinstitucionalizaci\u00f3n del cuidado de larga duraci\u00f3n, reto demogr\u00e1fico e inclusi\u00f3n social: reconocimiento y redistribuci\u00f3n del trabajo y las necesidades de cuidado<\/strong> (DESINCARE1)<\/p>\n<\/blockquote>\n\n\n\n<p><strong>Fecha de inicio<\/strong>: 01\/09\/2025<br><strong>Fecha de finalizaci\u00f3n<\/strong>: 31\/08\/2028<br><strong>Financiaci\u00f3n:<\/strong>\u00a0Agencia Estatal de Investigaci\u00f3n (AEI), Ministerio de Ciencia e Innovaci\u00f3n (MICINN), Fondo Europeo de Desarrollo Regional (FEDER)<br><strong>Referencia<\/strong>: PID2024-157266OB-C21<br><strong>Investigadora principal:<\/strong>\u00a0Sara Moreno Colom\u00a0<\/p>\n\n\n\n<p><\/p>\n","protected":false},"excerpt":{"rendered":"<p>Desinstitucionalizaci\u00f3n del cuidado de larga duraci\u00f3n, reto demogr\u00e1fico e inclusi\u00f3n social: reconocimiento y redistribuci\u00f3n del trabajo y las necesidades de cuidado (DESINCARE1) Fecha de inicio: 01\/09\/2025Fecha de finalizaci\u00f3n: 31\/08\/2028Financiaci\u00f3n:\u00a0Agencia Estatal de Investigaci\u00f3n (AEI), Ministerio de Ciencia e Innovaci\u00f3n (MICINN), Fondo Europeo de Desarrollo Regional (FEDER)Referencia: PID2024-157266OB-C21Investigadora principal:\u00a0Sara Moreno Colom\u00a0<\/p>\n","protected":false},"author":2648,"featured_media":0,"parent":14,"menu_order":1,"comment_status":"closed","ping_status":"closed","template":"","meta":{"footnotes":""},"class_list":["post-40","page","type-page","status-publish","hentry"],"_links":{"self":[{"href":"https:\/\/webs.uab.cat\/desincare\/wp-json\/wp\/v2\/pages\/40","targetHints":{"allow":["GET"]}}],"collection":[{"href":"https:\/\/webs.uab.cat\/desincare\/wp-json\/wp\/v2\/pages"}],"about":[{"href":"https:\/\/webs.uab.cat\/desincare\/wp-json\/wp\/v2\/types\/page"}],"author":[{"embeddable":true,"href":"https:\/\/webs.uab.cat\/desincare\/wp-json\/wp\/v2\/users\/2648"}],"replies":[{"embeddable":true,"href":"https:\/\/webs.uab.cat\/desincare\/wp-json\/wp\/v2\/comments?post=40"}],"version-history":[{"count":6,"href":"https:\/\/webs.uab.cat\/desincare\/wp-json\/wp\/v2\/pages\/40\/revisions"}],"predecessor-version":[{"id":367,"href":"https:\/\/webs.uab.cat\/desincare\/wp-json\/wp\/v2\/pages\/40\/revisions\/367"}],"up":[{"embeddable":true,"href":"https:\/\/webs.uab.cat\/desincare\/wp-json\/wp\/v2\/pages\/14"}],"wp:attachment":[{"href":"https:\/\/webs.uab.cat\/desincare\/wp-json\/wp\/v2\/media?parent=40"}],"curies":[{"name":"wp","href":"https:\/\/api.w.org\/{rel}","templated":true}]}}

<blockquote class="wp-block-quote is-layout-flow wp-block-quote-is-layout-flow">
<p class="has-normal-font-size"><strong>Desinstitucionalización del cuidado de larga duración, reto demográfico e inclusión social: reconocimiento y redistribución del trabajo y las necesidades de cuidado</strong> (DESINCARE1)</p>
</blockquote>



<p><strong>Fecha de inicio</strong>: 01/09/2025<br><strong>Fecha de finalización</strong>: 31/08/2028<br><strong>Financiación:</strong> Agencia Estatal de Investigación (AEI), Ministerio de Ciencia e Innovación (MICINN), Fondo Europeo de Desarrollo Regional (FEDER)<br><strong>Referencia</strong>: PID2024-157266OB-C21<br><strong>Investigadora principal:</strong> Sara Moreno Colom </p>



<p></p>

<p>Desinstitucionalización del cuidado de larga duración, reto demográfico e inclusión social: reconocimiento y redistribución del trabajo y las necesidades de cuidado (DESINCARE1) Fecha de inicio: 01/09/2025Fecha de finalización: 31/08/2028Financiación: Agencia Estatal de Investigación (AEI), Ministerio de Ciencia e Innovación (MICINN), Fondo Europeo de Desarrollo Regional (FEDER)Referencia: PID2024-157266OB-C21Investigadora principal: Sara Moreno Colom </p>
