{"id":27,"date":"2009-05-08T11:23:04","date_gmt":"2009-05-08T11:23:04","guid":{"rendered":"https:\/\/webs.uab.cat\/diego-prior\/master-courses\/"},"modified":"2022-08-03T10:21:34","modified_gmt":"2022-08-03T10:21:34","slug":"master-courses","status":"publish","type":"page","link":"https:\/\/webs.uab.cat\/diego-prior\/master-courses\/","title":{"rendered":"Master courses"},"content":{"rendered":"\n<p><strong><a href=\"https:\/\/webs.uab.cat\/diego-prior\/taller-de-eficiencia\/\" data-type=\"page\" data-id=\"273\">Taller de eficiencia<\/a><\/strong><\/p>\n\n\n\n<p><a href=\"https:\/\/webs.uab.cat\/diego-prior\/productivity-and-profitability-assessment-using-financial-statements-ieseg\/\" data-type=\"page\" data-id=\"35\"><strong>Productivity and profitability assessment using financial statements (IESEG<\/strong>)<\/a><\/p>\n\n\n\n<p><strong><a href=\"https:\/\/webs.uab.cat\/diego-prior\/investigacion-en-contabilidad\/\" data-type=\"page\" data-id=\"147\">Investigaci\u00f3n en Contabilidad (Doctorado en Estrategia, Creaci\u00f3n y Gesti\u00f3n de Empresas)<\/a> <\/strong><\/p>\n\n\n\n<p><strong><a href=\"https:\/\/webs.uab.cat\/diego-prior\/seminario-de-investigacion\/\" data-type=\"page\" data-id=\"151\">Metodolog\u00eda de Investigaci\u00f3n (Maestr\u00eda en Ciencias Econ\u00f3micas y de Gesti\u00f3n, Pontificia Universidad Javeriana de Cali)<\/a><\/strong><\/p>\n\n\n\n<p><strong><a href=\"https:\/\/webs.uab.cat\/diego-prior\/productive-efficiency-and-innovation-master-applied-research-economics-and-business-mareb\/\" data-type=\"page\" data-id=\"202\">Productive Efficiency and Innovation (MASTER OF APPLIED RESEARCH IN ECONOMICS AND BUSINESS, MAREB)<\/a><\/strong><\/p>\n","protected":false},"excerpt":{"rendered":"<p>Taller de eficiencia Productivity and profitability assessment using financial statements (IESEG) Investigaci\u00f3n en Contabilidad (Doctorado en Estrategia, Creaci\u00f3n y Gesti\u00f3n de Empresas) Metodolog\u00eda de Investigaci\u00f3n (Maestr\u00eda en Ciencias Econ\u00f3micas y de Gesti\u00f3n, Pontificia Universidad Javeriana de Cali) Productive Efficiency and Innovation (MASTER OF APPLIED RESEARCH IN ECONOMICS AND BUSINESS, MAREB)<\/p>\n","protected":false},"author":20,"featured_media":0,"parent":0,"menu_order":0,"comment_status":"closed","ping_status":"closed","template":"","meta":{"footnotes":""},"class_list":["post-27","page","type-page","status-publish","hentry"],"_links":{"self":[{"href":"https:\/\/webs.uab.cat\/diego-prior\/wp-json\/wp\/v2\/pages\/27","targetHints":{"allow":["GET"]}}],"collection":[{"href":"https:\/\/webs.uab.cat\/diego-prior\/wp-json\/wp\/v2\/pages"}],"about":[{"href":"https:\/\/webs.uab.cat\/diego-prior\/wp-json\/wp\/v2\/types\/page"}],"author":[{"embeddable":true,"href":"https:\/\/webs.uab.cat\/diego-prior\/wp-json\/wp\/v2\/users\/20"}],"replies":[{"embeddable":true,"href":"https:\/\/webs.uab.cat\/diego-prior\/wp-json\/wp\/v2\/comments?post=27"}],"version-history":[{"count":1,"href":"https:\/\/webs.uab.cat\/diego-prior\/wp-json\/wp\/v2\/pages\/27\/revisions"}],"predecessor-version":[{"id":292,"href":"https:\/\/webs.uab.cat\/diego-prior\/wp-json\/wp\/v2\/pages\/27\/revisions\/292"}],"wp:attachment":[{"href":"https:\/\/webs.uab.cat\/diego-prior\/wp-json\/wp\/v2\/media?parent=27"}],"curies":[{"name":"wp","href":"https:\/\/api.w.org\/{rel}","templated":true}]}}