{"id":254,"date":"2024-10-07T12:05:24","date_gmt":"2024-10-07T10:05:24","guid":{"rendered":"https:\/\/webs.uab.cat\/digart\/?page_id=254"},"modified":"2024-10-07T12:05:38","modified_gmt":"2024-10-07T10:05:38","slug":"marc-barbeta","status":"publish","type":"page","link":"https:\/\/webs.uab.cat\/digart\/equipo\/marc-barbeta\/","title":{"rendered":"MARC BARBETA"},"content":{"rendered":"\n<h2 class=\"wp-block-heading has-groc-caputxina-color has-text-color has-link-color has-large-font-size wp-elements-906d325245678ab3fc7c8463e7b9b341\"><strong>MARC BARBETA<\/strong><\/h2>\n\n\n\n<div class=\"wp-block-columns is-layout-flex wp-container-core-columns-is-layout-9d6595d7 wp-block-columns-is-layout-flex\">\n<div class=\"wp-block-column is-layout-flow wp-block-column-is-layout-flow\" style=\"flex-basis:66.66%\">\n<p><\/p>\n\n\n\n<p class=\"has-normal-font-size\"><strong>Equipo investigador<\/strong><\/p>\n\n\n\n<p>Marc es doctor por la Universitat Aut\u00f2noma de Barcelona con la tesis\u00a0<em>Processos motivacionals de consum de marques<\/em>\u00a0(2013)\u00a0. Actualmente es profesor en el Departamento de Sociolog\u00eda de la misma universidad.<\/p>\n<\/div>\n\n\n\n<div class=\"wp-block-column is-layout-flow wp-block-column-is-layout-flow\" style=\"flex-basis:33.33%\">\n<figure class=\"wp-block-image size-full is-resized\"><img loading=\"lazy\" decoding=\"async\" width=\"544\" height=\"541\" src=\"https:\/\/webs.uab.cat\/digart\/wp-content\/uploads\/sites\/581\/2024\/10\/Marc-Barbeta.jpg\" alt=\"\" class=\"wp-image-255\" style=\"width:275px;height:auto\" srcset=\"https:\/\/webs.uab.cat\/digart\/wp-content\/uploads\/sites\/581\/2024\/10\/Marc-Barbeta.jpg 544w, https:\/\/webs.uab.cat\/digart\/wp-content\/uploads\/sites\/581\/2024\/10\/Marc-Barbeta-300x298.jpg 300w, https:\/\/webs.uab.cat\/digart\/wp-content\/uploads\/sites\/581\/2024\/10\/Marc-Barbeta-150x150.jpg 150w\" sizes=\"auto, (max-width: 544px) 100vw, 544px\" \/><\/figure>\n<\/div>\n<\/div>\n\n\n\n<p>Durante los \u00faltimos 9 a\u00f1os ha compaginado la docencia, principalmente en dos universidades (UAB y UdG), con la investigaci\u00f3n, iniciada con su Tesis en 2009. Las l\u00edneas principales de trabajo son: La sociolog\u00eda del consumo; la sociolog\u00eda de la cultura y de los v\u00ednculos; la sociolog\u00eda del g\u00e9nero, de la familia y en particular de la paternidad y la sociolog\u00eda de la educaci\u00f3n y sociolog\u00eda rural. En t\u00e9rminos generales, las l\u00edneas de trabajo que dan una coherencia te\u00f3rica y metodol\u00f3gica a las investigaciones realizadas son, por un lado, un marcado inter\u00e9s por lo que en t\u00e9rminos gen\u00e9ricos podemos llamar el an\u00e1lisis de las ideolog\u00edas. Y, por otro lado, en correspondencia con esto, se ha desarrollado una sociolog\u00eda de la vida cotidiana que est\u00e1 estrechamente vinculada a los problemas pr\u00e1cticos de la vida social. En relaci\u00f3n a la dimensi\u00f3n docente, como profesor asociado\/substituto en dos universidades  Barbeta ha sido, durante los \u00faltimos 9 a\u00f1os, profesor responsable de diversas materias y profesor colaborador en otras.<\/p>\n","protected":false},"excerpt":{"rendered":"<p>MARC BARBETA Equipo investigador Marc es doctor por la Universitat Aut\u00f2noma de Barcelona con la tesis\u00a0Processos motivacionals de consum de marques\u00a0(2013)\u00a0. Actualmente es profesor en el Departamento de Sociolog\u00eda de la misma universidad. Durante los \u00faltimos 9 a\u00f1os ha compaginado la docencia, principalmente en dos universidades (UAB y UdG), con la investigaci\u00f3n, iniciada con su [&hellip;]<\/p>\n","protected":false},"author":2648,"featured_media":0,"parent":13,"menu_order":6,"comment_status":"closed","ping_status":"closed","template":"","meta":{"footnotes":""},"class_list":["post-254","page","type-page","status-publish","hentry"],"_links":{"self":[{"href":"https:\/\/webs.uab.cat\/digart\/wp-json\/wp\/v2\/pages\/254","targetHints":{"allow":["GET"]}}],"collection":[{"href":"https:\/\/webs.uab.cat\/digart\/wp-json\/wp\/v2\/pages"}],"about":[{"href":"https:\/\/webs.uab.cat\/digart\/wp-json\/wp\/v2\/types\/page"}],"author":[{"embeddable":true,"href":"https:\/\/webs.uab.cat\/digart\/wp-json\/wp\/v2\/users\/2648"}],"replies":[{"embeddable":true,"href":"https:\/\/webs.uab.cat\/digart\/wp-json\/wp\/v2\/comments?post=254"}],"version-history":[{"count":2,"href":"https:\/\/webs.uab.cat\/digart\/wp-json\/wp\/v2\/pages\/254\/revisions"}],"predecessor-version":[{"id":257,"href":"https:\/\/webs.uab.cat\/digart\/wp-json\/wp\/v2\/pages\/254\/revisions\/257"}],"up":[{"embeddable":true,"href":"https:\/\/webs.uab.cat\/digart\/wp-json\/wp\/v2\/pages\/13"}],"wp:attachment":[{"href":"https:\/\/webs.uab.cat\/digart\/wp-json\/wp\/v2\/media?parent=254"}],"curies":[{"name":"wp","href":"https:\/\/api.w.org\/{rel}","templated":true}]}}