{"id":264,"date":"2024-10-09T11:36:21","date_gmt":"2024-10-09T09:36:21","guid":{"rendered":"https:\/\/webs.uab.cat\/digart\/?page_id=264"},"modified":"2024-10-09T11:37:48","modified_gmt":"2024-10-09T09:37:48","slug":"eduardo-leste","status":"publish","type":"page","link":"https:\/\/webs.uab.cat\/digart\/equipo\/eduardo-leste\/","title":{"rendered":"EDUARDO LESTE"},"content":{"rendered":"\n<h2 class=\"wp-block-heading has-groc-caputxina-color has-text-color has-link-color has-large-font-size wp-elements-267edea62eb95c465dab7d763c9bccec\"><strong>EDUARDO LESTE MOYANO<\/strong><\/h2>\n\n\n\n<div class=\"wp-block-columns is-layout-flex wp-container-core-columns-is-layout-9d6595d7 wp-block-columns-is-layout-flex\">\n<div class=\"wp-block-column is-layout-flow wp-block-column-is-layout-flow\" style=\"flex-basis:66.66%\">\n<p><\/p>\n\n\n\n<p class=\"has-normal-font-size\"><strong>Equipo investigador<\/strong><\/p>\n\n\n\n<p>Eduardo es doctor por la Universidad Complutense de Madrid con la tesis\u00a0&#8220;<strong>Memoria y nostalgia en la industria musical\u00a0el caso de la m\u00fasica electr\u00f3nica&#8221;\u00a0(<\/strong>2018).<\/p>\n<\/div>\n\n\n\n<div class=\"wp-block-column is-layout-flow wp-block-column-is-layout-flow\" style=\"flex-basis:33.33%\">\n<figure class=\"wp-block-image size-full is-resized\"><img loading=\"lazy\" decoding=\"async\" width=\"200\" height=\"200\" src=\"https:\/\/webs.uab.cat\/digart\/wp-content\/uploads\/sites\/581\/2024\/10\/1516893098265.jpg\" alt=\"\" class=\"wp-image-265\" style=\"width:245px;height:auto\" srcset=\"https:\/\/webs.uab.cat\/digart\/wp-content\/uploads\/sites\/581\/2024\/10\/1516893098265.jpg 200w, https:\/\/webs.uab.cat\/digart\/wp-content\/uploads\/sites\/581\/2024\/10\/1516893098265-150x150.jpg 150w\" sizes=\"auto, (max-width: 200px) 100vw, 200px\" \/><\/figure>\n<\/div>\n<\/div>\n\n\n\n<p>Su carrera acad\u00e9mica la ha dedicado al an\u00e1lisis y la investigaci\u00f3n del consumo de la industria cultural, especialmente la m\u00fasica y el cine. Sociedad, cultura, comunicaci\u00f3n y tecnolog\u00eda, por tanto, forman parte fundamental de su trabajo y, para ello, ha manejado metodolog\u00edas cualitativas y cuantitativas. Desde el punto de vista cualitativo, destaca su gusto por la etnograf\u00eda (cl\u00e1sica y digital), que proviene de suformaci\u00f3n en antropolog\u00eda. En cuanto al manejo de metodolog\u00edas cuantitativas esto se debe a que, en paralelo a sucarrera acad\u00e9mica, ha desarrollado su carrera profesional en medios de comunicaci\u00f3n y consultor\u00eda tecnol\u00f3gica. <\/p>\n\n\n\n<p>En l\u00edneas generales sutrabajo se centra en la socioantropolog\u00eda del consumo y de los medios y aborda: 1) el uso y la reformulaci\u00f3n identitaria y ritual que la escena musical neobakala ha hecho del Bacalao, 2) las mediaciones, remediaciones y procesos de cambio tecnol\u00f3gico que han posibilitado estas reformulaciones y usos, 3) la dimensi\u00f3n afectiva y corporal del consumo cultural (nostalgia y amor), 4) el an\u00e1lisis de las relaciones y representaciones de g\u00e9nero, y 5) las relaciones entre memoria, historia y nostalgia en los procesos de patrimonializaci\u00f3n cultural.<\/p>\n","protected":false},"excerpt":{"rendered":"<p>EDUARDO LESTE MOYANO Equipo investigador Eduardo es doctor por la Universidad Complutense de Madrid con la tesis\u00a0&#8220;Memoria y nostalgia en la industria musical\u00a0el caso de la m\u00fasica electr\u00f3nica&#8221;\u00a0(2018). Su carrera acad\u00e9mica la ha dedicado al an\u00e1lisis y la investigaci\u00f3n del consumo de la industria cultural, especialmente la m\u00fasica y el cine. Sociedad, cultura, comunicaci\u00f3n y [&hellip;]<\/p>\n","protected":false},"author":2648,"featured_media":0,"parent":13,"menu_order":8,"comment_status":"closed","ping_status":"closed","template":"","meta":{"footnotes":""},"class_list":["post-264","page","type-page","status-publish","hentry"],"_links":{"self":[{"href":"https:\/\/webs.uab.cat\/digart\/wp-json\/wp\/v2\/pages\/264","targetHints":{"allow":["GET"]}}],"collection":[{"href":"https:\/\/webs.uab.cat\/digart\/wp-json\/wp\/v2\/pages"}],"about":[{"href":"https:\/\/webs.uab.cat\/digart\/wp-json\/wp\/v2\/types\/page"}],"author":[{"embeddable":true,"href":"https:\/\/webs.uab.cat\/digart\/wp-json\/wp\/v2\/users\/2648"}],"replies":[{"embeddable":true,"href":"https:\/\/webs.uab.cat\/digart\/wp-json\/wp\/v2\/comments?post=264"}],"version-history":[{"count":2,"href":"https:\/\/webs.uab.cat\/digart\/wp-json\/wp\/v2\/pages\/264\/revisions"}],"predecessor-version":[{"id":268,"href":"https:\/\/webs.uab.cat\/digart\/wp-json\/wp\/v2\/pages\/264\/revisions\/268"}],"up":[{"embeddable":true,"href":"https:\/\/webs.uab.cat\/digart\/wp-json\/wp\/v2\/pages\/13"}],"wp:attachment":[{"href":"https:\/\/webs.uab.cat\/digart\/wp-json\/wp\/v2\/media?parent=264"}],"curies":[{"name":"wp","href":"https:\/\/api.w.org\/{rel}","templated":true}]}}