{"id":274,"date":"2024-10-09T13:01:41","date_gmt":"2024-10-09T11:01:41","guid":{"rendered":"https:\/\/webs.uab.cat\/digart\/?page_id=274"},"modified":"2024-10-09T13:01:41","modified_gmt":"2024-10-09T11:01:41","slug":"irina-casanovas","status":"publish","type":"page","link":"https:\/\/webs.uab.cat\/digart\/equipo\/irina-casanovas\/","title":{"rendered":"IRINA CASANOVAS"},"content":{"rendered":"\n<h2 class=\"wp-block-heading has-groc-caputxina-color has-text-color has-link-color has-large-font-size wp-elements-9cf2a09b0e3a8bcb65f7112af3fbf0c1\"><strong>IRINA CASANOVAS ROIG<\/strong><\/h2>\n\n\n\n<div class=\"wp-block-columns is-layout-flex wp-container-core-columns-is-layout-9d6595d7 wp-block-columns-is-layout-flex\">\n<div class=\"wp-block-column is-layout-flow wp-block-column-is-layout-flow\" style=\"flex-basis:66.66%\">\n<p><\/p>\n\n\n\n<p class=\"has-normal-font-size\"><strong>Equipo investigador<\/strong><\/p>\n\n\n\n<p>Graduada en Sociolog\u00eda por la Universitat Aut\u00f2noma de Barcelona (2023), actualmente est\u00e1 cursando el M\u00e1ster Universitario en Estudios Territoriales y Planeamiento, coordinado por la Universitat Aut\u00f2noma de Barcelona.<\/p>\n<\/div>\n\n\n\n<div class=\"wp-block-column is-layout-flow wp-block-column-is-layout-flow\" style=\"flex-basis:33.33%\">\n<figure class=\"wp-block-image size-full is-resized\"><img loading=\"lazy\" decoding=\"async\" width=\"1062\" height=\"944\" src=\"https:\/\/webs.uab.cat\/digart\/wp-content\/uploads\/sites\/581\/2024\/10\/irina-caanovas2.jpg\" alt=\"\" class=\"wp-image-275\" style=\"width:245px;height:auto\" srcset=\"https:\/\/webs.uab.cat\/digart\/wp-content\/uploads\/sites\/581\/2024\/10\/irina-caanovas2.jpg 1062w, https:\/\/webs.uab.cat\/digart\/wp-content\/uploads\/sites\/581\/2024\/10\/irina-caanovas2-300x267.jpg 300w, https:\/\/webs.uab.cat\/digart\/wp-content\/uploads\/sites\/581\/2024\/10\/irina-caanovas2-1024x910.jpg 1024w, https:\/\/webs.uab.cat\/digart\/wp-content\/uploads\/sites\/581\/2024\/10\/irina-caanovas2-768x683.jpg 768w\" sizes=\"auto, (max-width: 1062px) 100vw, 1062px\" \/><\/figure>\n<\/div>\n<\/div>\n\n\n\n<p>Durante el curso 2022\/2023 realiz\u00f3 las pr\u00e1cticas curriculares en el Centro de Estudios Sociol\u00f3gicos sobre la Vida Cotidiana y el Trabajo en el marco del proyecto \u201cEl giro digital en las artes: Etnograf\u00edas de las pr\u00e1cticas art\u00edsticas \u2013&nbsp;DIGART\u201d, para el cual actualmente trabaja como T\u00e9cnica de apoyo en la investigaci\u00f3n.<\/p>\n","protected":false},"excerpt":{"rendered":"<p>IRINA CASANOVAS ROIG Equipo investigador Graduada en Sociolog\u00eda por la Universitat Aut\u00f2noma de Barcelona (2023), actualmente est\u00e1 cursando el M\u00e1ster Universitario en Estudios Territoriales y Planeamiento, coordinado por la Universitat Aut\u00f2noma de Barcelona. Durante el curso 2022\/2023 realiz\u00f3 las pr\u00e1cticas curriculares en el Centro de Estudios Sociol\u00f3gicos sobre la Vida Cotidiana y el Trabajo en [&hellip;]<\/p>\n","protected":false},"author":2648,"featured_media":0,"parent":13,"menu_order":10,"comment_status":"closed","ping_status":"closed","template":"","meta":{"footnotes":""},"class_list":["post-274","page","type-page","status-publish","hentry"],"_links":{"self":[{"href":"https:\/\/webs.uab.cat\/digart\/wp-json\/wp\/v2\/pages\/274","targetHints":{"allow":["GET"]}}],"collection":[{"href":"https:\/\/webs.uab.cat\/digart\/wp-json\/wp\/v2\/pages"}],"about":[{"href":"https:\/\/webs.uab.cat\/digart\/wp-json\/wp\/v2\/types\/page"}],"author":[{"embeddable":true,"href":"https:\/\/webs.uab.cat\/digart\/wp-json\/wp\/v2\/users\/2648"}],"replies":[{"embeddable":true,"href":"https:\/\/webs.uab.cat\/digart\/wp-json\/wp\/v2\/comments?post=274"}],"version-history":[{"count":1,"href":"https:\/\/webs.uab.cat\/digart\/wp-json\/wp\/v2\/pages\/274\/revisions"}],"predecessor-version":[{"id":276,"href":"https:\/\/webs.uab.cat\/digart\/wp-json\/wp\/v2\/pages\/274\/revisions\/276"}],"up":[{"embeddable":true,"href":"https:\/\/webs.uab.cat\/digart\/wp-json\/wp\/v2\/pages\/13"}],"wp:attachment":[{"href":"https:\/\/webs.uab.cat\/digart\/wp-json\/wp\/v2\/media?parent=274"}],"curies":[{"name":"wp","href":"https:\/\/api.w.org\/{rel}","templated":true}]}}