{"id":46,"date":"2020-07-22T10:35:23","date_gmt":"2020-07-22T10:35:23","guid":{"rendered":"https:\/\/webs.uab.cat\/dinamos\/equipo-de-investigacion\/"},"modified":"2023-04-10T19:06:12","modified_gmt":"2023-04-10T19:06:12","slug":"equipo-de-investigacion","status":"publish","type":"page","link":"https:\/\/webs.uab.cat\/dinamos\/equipo-de-investigacion\/","title":{"rendered":"Equipo"},"content":{"rendered":"\n<h2 class=\"wp-block-heading\">Equipo de investigaci\u00f3n<\/h2>\n\n\n\n<figure class=\"wp-block-table\"><table><tbody><tr><td><strong>Subproyecto DINAMOS1<\/strong><\/td><td><strong>Subproyecto DINAMOS2<\/strong><\/td><\/tr><tr><td><mark style=\"background-color:#fff\" class=\"has-inline-color has-accent-color\">Equipo de investigaci\u00f3n<\/mark><br>Pedro L\u00f3pez-Rold\u00e1n (UAB)<br>Pilar Carrasquer (UAB)<br>Antonio Mart\u00edn Artiles (UAB)<br>Andreu Lope (UAB)<br>Mar\u00eda Cascales (US-UAB)<br><br><mark style=\"background-color:#fff\" class=\"has-inline-color has-accent-color\">Equipo de trabajo<\/mark><br>Cristian Segura (UAB)<br>Jos\u00e9 Zawadsky (UAB)<br>Claudia Baeza (UAB)<br>Abraham Garc\u00eda-Gonz\u00e1lez (UAB)<br>J\u00falia Herrera Belzunces (UAB)<\/td><td><mark style=\"background-color:#fff\" class=\"has-inline-color has-accent-color\">Equipo de investigaci\u00f3n<\/mark><br>Sandra Fachelli (UPO)<br>Luis Navarro Ardoy (UPO)<br>Jos\u00e9 Saturnino Mart\u00ednez Garc\u00eda (ULL)<br>Agust\u00edn Fleta (US)<br><br><mark style=\"background-color:#fff\" class=\"has-inline-color has-accent-color\">Equipo de trabajo<\/mark><br>Carlos Lubi\u00e1n (UJA)<br>Carlos Alonso Carmona (UCM)<br>Juan Ram\u00f3n Jim\u00e9nez Garc\u00eda (UPO)<br>Manuel \u00c1ngel R\u00edo Ruiz (US)<br>Pablo Molina Darteano (UBA)<br>Ricardo Quintero Carrizosa (UPO)<\/td><\/tr><\/tbody><\/table><\/figure>\n\n\n\n<figure class=\"wp-block-table\"><table><tbody><tr><td><strong>Comisi\u00f3n de seguimiento<\/strong><\/td><\/tr><tr><td><strong>Carlo Barone <\/strong><br>(Observatoire Sociologique du Changement, Sciences Po, Francia)<br><strong>Marcelo Boado<\/strong><br>(Departamento de Sociolog\u00eda, Universidad de la Rep\u00fablica, Uruguay)<br><strong>Eduardo Ch\u00e1vez Molina <\/strong><br>(Instituto de Investigaciones Gino Germani, Universidad de Buenos Aires, Argentina)<br><strong>Julio Caraba\u00f1a <\/strong><br>(Departamento de Sociolog\u00eda Aplicada, Universidad Complutense de Madrid, Espa\u00f1a)<br><strong>Ildefonso Marqu\u00e9s Perales <\/strong><br>(Departamento de Sociolog\u00eda, Universidad de Sevilla, Espa\u00f1a)<br><strong>Renata Semenza <\/strong><br>(Dipartimento di Scienze Sociali e Politiche, Universit\u00e0 degli Studi di Milano, Italia)<\/td><\/tr><\/tbody><\/table><\/figure>\n\n\n\n<p><\/p>\n\n\n\n<figure class=\"wp-block-table\"><table><tbody><tr><td><strong>Estudiantado en pr\u00e1cticas<\/strong><\/td><\/tr><tr><td>Efr\u00e9n Dom\u00ednguez Domingo (Universidad Pablo de Olavide)<br>Rosa Mar\u00eda Fern\u00e1ndez (Universidad Pablo de Olavide)<br>Joan Font L\u00f3pez (Universitat Aut\u00f2noma de Barcelona)<br>Carlos Guti\u00e9rrez S\u00e1nchez (Universidad Pablo de Olavide)<br>Tania Mart\u00ednez (Universidad Pablo de Olavide)<br>Inmaculada Mena (Universidad Pablo de Olavide)<br>M\u00f3nica Mu\u00f1oz Parada (Universitat Aut\u00f2noma de Barcelona)<br>Mar\u00eda Nieto Garc\u00eda (Universidad Pablo de Olavide)<br>Erica Noguera Mart\u00ednez (Universitat Aut\u00f2noma de Barcelona)<br>Roxana Parra P\u00e9rez (Universidad Pablo de Olavide)<br>Mar\u00eda Pinelo (Universidad Pablo de Olavide)<br>Adri\u00e1n Polonio Muras (Universidad Nacional de Educaci\u00f3n a Distancia)<br>Nazaret Ram\u00edrez Moyano (Universidad Pablo de Olavide)<br>Ricardo Quintero Carrizosa\u00a0(Universidad Pablo de Olavide)<br>Pablo Romero Medinilla (Universidad Pablo de Olavide)<br>Miguel \u00c1ngel S\u00e1nchez (Universidad Pablo de Olavide)<br>Marta Sig\u00fcenza (Universitat Aut\u00f2noma de Barcelona)<br>Ana Teresa Fernandez Junquera (Universidad Pablo de Olavide)<br>Lidia Iglesias Gir\u00e1ldez (Universidad Pablo de Olavide)<br>Mikel de Aralar Armedariz Morales (Universidad Pablo de Olavide)<\/td><\/tr><\/tbody><\/table><\/figure>\n","protected":false},"excerpt":{"rendered":"<p>Equipo de investigaci\u00f3n Subproyecto DINAMOS1 Subproyecto DINAMOS2 Equipo de investigaci\u00f3nPedro L\u00f3pez-Rold\u00e1n (UAB)Pilar Carrasquer (UAB)Antonio Mart\u00edn Artiles (UAB)Andreu Lope (UAB)Mar\u00eda Cascales (US-UAB) Equipo de trabajoCristian Segura (UAB)Jos\u00e9 Zawadsky (UAB)Claudia Baeza (UAB)Abraham Garc\u00eda-Gonz\u00e1lez (UAB)J\u00falia Herrera Belzunces (UAB) Equipo de investigaci\u00f3nSandra Fachelli (UPO)Luis Navarro Ardoy (UPO)Jos\u00e9 Saturnino Mart\u00ednez Garc\u00eda (ULL)Agust\u00edn Fleta (US) Equipo de trabajoCarlos Lubi\u00e1n (UJA)Carlos Alonso [&hellip;]<\/p>\n","protected":false},"author":20,"featured_media":0,"parent":0,"menu_order":0,"comment_status":"closed","ping_status":"closed","template":"","meta":{"footnotes":""},"class_list":["post-46","page","type-page","status-publish","hentry"],"_links":{"self":[{"href":"https:\/\/webs.uab.cat\/dinamos\/wp-json\/wp\/v2\/pages\/46","targetHints":{"allow":["GET"]}}],"collection":[{"href":"https:\/\/webs.uab.cat\/dinamos\/wp-json\/wp\/v2\/pages"}],"about":[{"href":"https:\/\/webs.uab.cat\/dinamos\/wp-json\/wp\/v2\/types\/page"}],"author":[{"embeddable":true,"href":"https:\/\/webs.uab.cat\/dinamos\/wp-json\/wp\/v2\/users\/20"}],"replies":[{"embeddable":true,"href":"https:\/\/webs.uab.cat\/dinamos\/wp-json\/wp\/v2\/comments?post=46"}],"version-history":[{"count":21,"href":"https:\/\/webs.uab.cat\/dinamos\/wp-json\/wp\/v2\/pages\/46\/revisions"}],"predecessor-version":[{"id":193,"href":"https:\/\/webs.uab.cat\/dinamos\/wp-json\/wp\/v2\/pages\/46\/revisions\/193"}],"wp:attachment":[{"href":"https:\/\/webs.uab.cat\/dinamos\/wp-json\/wp\/v2\/media?parent=46"}],"curies":[{"name":"wp","href":"https:\/\/api.w.org\/{rel}","templated":true}]}}