{"id":138,"date":"2016-04-26T14:50:35","date_gmt":"2016-04-26T12:50:35","guid":{"rendered":"https:\/\/webs.uab.cat\/drelates\/publicaciones\/"},"modified":"2016-04-26T14:53:56","modified_gmt":"2016-04-26T12:53:56","slug":"publicaciones","status":"publish","type":"page","link":"https:\/\/webs.uab.cat\/drelates\/es\/publicaciones\/","title":{"rendered":"Publicaciones"},"content":{"rendered":"<p><span style=\"font-size:14px;\"><strong>Publicaciones colectivas. Las publicacions individuales se pueden consultar en el espacio de cada miembro del grupo.<\/strong><\/span><\/p>\n<p>&nbsp;<\/p>\n<p>P\u00c9REZ AMOR\u00d3S, F.; ROJO&nbsp;TORRECILLA, E. (Directores), \u201cLa intervenci\u00f3n p\u00fablica en los procesos de modificaci\u00f3n y reestructuraci\u00f3n empresarial\u201d. Ed. Bomarzo, Albacete, 2012, 365 p\u00e1gs. ISBN 978-84-15000-50-1<\/p>\n<p>&nbsp;<\/p>\n<p>AMAUGER-LATTES, M.C. y ESTEBAN LEGARRETA, R.: (Directores): \u00abLa protecci\u00f3n del empleo de los trabajadores de edad. Una perspectiva franco-espa\u00f1ola\u00bb. Tirant lo Blanch, Valencia, 2013,&nbsp; ISBN: 978-84-9053-079-5<\/p>\n<p>&nbsp;<\/p>\n<p>ESTEBAN LEGARRETA, R. y P\u00c9REZ AMOR\u00d3S, F. (Directores): &nbsp;La aplicaci\u00f3n del Derecho del Trabajo en los Centros Especiales de Empleo, Tirant lo Blanch, Valencia, 2009,&nbsp; ISBN: 978-84-9876-538-0<\/p>\n<p>&nbsp;<\/p>\n<p>P\u00c9REZ AMOR\u00d3S, F.; ROJO&nbsp;TORRECILLA, E. (Directores), \u201cBalance de la reforma laboral de 2012\u201d. Ed. Bomarzo, Albacete, 2016, 376 p\u00e1gs. ISBN 978-84-16608-32-4.<\/p>\n<p>&nbsp;<\/p>\n<p>ESTEBAN, R., P\u00c9REZ AMOR\u00d3S, F.; CISCART, N., FEIJ\u00d3O, M., &amp; FUST\u00c9, J. (2005). \u00abEl marc catal\u00e0 de relacions laboral i de la protecci\u00f3 social. Vol. II\u00bb. Barcelona: Generalitat de Catalunya. Consell de Treball Econ\u00f3mic i Social de Catalunya.&nbsp;<\/p>\n","protected":false},"excerpt":{"rendered":"<p>Publicaciones colectivas. Las publicacions individuales se pueden consultar en el espacio de cada miembro del grupo. &nbsp; P\u00c9REZ AMOR\u00d3S, F.; ROJO&nbsp;TORRECILLA, E. (Directores), \u201cLa intervenci\u00f3n p\u00fablica en los procesos de modificaci\u00f3n y reestructuraci\u00f3n empresarial\u201d. Ed. Bomarzo, Albacete, 2012, 365 p\u00e1gs. ISBN 978-84-15000-50-1 &nbsp; AMAUGER-LATTES, M.C. y ESTEBAN LEGARRETA, R.: (Directores): \u00abLa protecci\u00f3n del empleo de [&hellip;]<\/p>\n","protected":false},"author":20,"featured_media":0,"parent":0,"menu_order":0,"comment_status":"closed","ping_status":"closed","template":"","meta":{"footnotes":""},"class_list":["post-138","page","type-page","status-publish","hentry"],"_links":{"self":[{"href":"https:\/\/webs.uab.cat\/drelates\/es\/wp-json\/wp\/v2\/pages\/138","targetHints":{"allow":["GET"]}}],"collection":[{"href":"https:\/\/webs.uab.cat\/drelates\/es\/wp-json\/wp\/v2\/pages"}],"about":[{"href":"https:\/\/webs.uab.cat\/drelates\/es\/wp-json\/wp\/v2\/types\/page"}],"author":[{"embeddable":true,"href":"https:\/\/webs.uab.cat\/drelates\/es\/wp-json\/wp\/v2\/users\/20"}],"replies":[{"embeddable":true,"href":"https:\/\/webs.uab.cat\/drelates\/es\/wp-json\/wp\/v2\/comments?post=138"}],"version-history":[{"count":0,"href":"https:\/\/webs.uab.cat\/drelates\/es\/wp-json\/wp\/v2\/pages\/138\/revisions"}],"wp:attachment":[{"href":"https:\/\/webs.uab.cat\/drelates\/es\/wp-json\/wp\/v2\/media?parent=138"}],"curies":[{"name":"wp","href":"https:\/\/api.w.org\/{rel}","templated":true}]}}

<p><span style="font-size:14px;"><strong>Publicaciones colectivas. Las publicacions individuales se pueden consultar en el espacio de cada miembro del grupo.</strong></span></p>
<p>&nbsp;</p>
<p>PÉREZ AMORÓS, F.; ROJO&nbsp;TORRECILLA, E. (Directores), “La intervención pública en los procesos de modificación y reestructuración empresarial”. Ed. Bomarzo, Albacete, 2012, 365 págs. ISBN 978-84-15000-50-1</p>
<p>&nbsp;</p>
<p>AMAUGER-LATTES, M.C. y ESTEBAN LEGARRETA, R.: (Directores): «La protección del empleo de los trabajadores de edad. Una perspectiva franco-española». Tirant lo Blanch, Valencia, 2013,&nbsp; ISBN: 978-84-9053-079-5</p>
<p>&nbsp;</p>
<p>ESTEBAN LEGARRETA, R. y PÉREZ AMORÓS, F. (Directores): &nbsp;La aplicación del Derecho del Trabajo en los Centros Especiales de Empleo, Tirant lo Blanch, Valencia, 2009,&nbsp; ISBN: 978-84-9876-538-0</p>
<p>&nbsp;</p>
<p>PÉREZ AMORÓS, F.; ROJO&nbsp;TORRECILLA, E. (Directores), “Balance de la reforma laboral de 2012”. Ed. Bomarzo, Albacete, 2016, 376 págs. ISBN 978-84-16608-32-4.</p>
<p>&nbsp;</p>
<p>ESTEBAN, R., PÉREZ AMORÓS, F.; CISCART, N., FEIJÓO, M., &amp; FUSTÉ, J. (2005). «El marc català de relacions laboral i de la protecció social. Vol. II». Barcelona: Generalitat de Catalunya. Consell de Treball Económic i Social de Catalunya.&nbsp;</p>

<p>Publicaciones colectivas. Las publicacions individuales se pueden consultar en el espacio de cada miembro del grupo. &nbsp; PÉREZ AMORÓS, F.; ROJO&nbsp;TORRECILLA, E. (Directores), “La intervención pública en los procesos de modificación y reestructuración empresarial”. Ed. Bomarzo, Albacete, 2012, 365 págs. ISBN 978-84-15000-50-1 &nbsp; AMAUGER-LATTES, M.C. y ESTEBAN LEGARRETA, R.: (Directores): «La protección del empleo de [&hellip;]</p>
