{"id":1067,"date":"2020-06-01T11:06:10","date_gmt":"2020-06-01T09:06:10","guid":{"rendered":"http:\/\/blogs.uab.cat\/dretmercantil\/?page_id=1067"},"modified":"2025-07-22T11:42:10","modified_gmt":"2025-07-22T09:42:10","slug":"firma-invitada","status":"publish","type":"page","link":"https:\/\/webs.uab.cat\/dretmercantil\/firma-invitada\/","title":{"rendered":"Firma invitada"},"content":{"rendered":"<p>Mario C\u00f3rdoba Gal\u00e1n: <a href=\"https:\/\/blogs.uab.cat\/dretmercantil\/2020\/06\/01\/la-sts-381-2019-abre-una-puerta-a-la-cancelacion-de-deuda-publica\/\">&#8220;La STS 381\/2019 abre una puerta a la cancelaci\u00f3n de deuda p\u00fablica&#8221;<\/a>.<\/p>\n<p>Nuria Dar\u00e1n: <a href=\"https:\/\/blogs.uab.cat\/dretmercantil\/2021\/07\/22\/salud-e-inteligencia-artificial-desde-el-derecho-privado-por-nuria-daran\/\">&#8220;Salud e inteligencia artificial desde el Derecho privado&#8221;<\/a>.<\/p>\n<p>Cristian Vela Salda\u00f1a: <a href=\"https:\/\/webs.uab.cat\/dretmercantil\/2025\/07\/21\/la-accion-rescisoria-concursal-un-eje-critico-para-la-recuperacion-patrimonial-del-deudor-por-cristian-vela-saldana\/\">&#8220;La acci\u00f3n rescisoria concursal: un eje cr\u00edtico para la recuperaci\u00f3n patrimonial del deudor&#8221;<\/a><\/p>\n","protected":false},"excerpt":{"rendered":"<p>Mario C\u00f3rdoba Gal\u00e1n: &#8220;La STS 381\/2019 abre una puerta a la cancelaci\u00f3n de deuda p\u00fablica&#8221;. Nuria Dar\u00e1n: &#8220;Salud e inteligencia artificial desde el Derecho privado&#8221;. Cristian Vela Salda\u00f1a: &#8220;La acci\u00f3n rescisoria concursal: un eje cr\u00edtico para la recuperaci\u00f3n patrimonial del deudor&#8221;<\/p>\n","protected":false},"author":133,"featured_media":0,"parent":0,"menu_order":0,"comment_status":"closed","ping_status":"closed","template":"","meta":{"footnotes":""},"class_list":["post-1067","page","type-page","status-publish","hentry"],"_links":{"self":[{"href":"https:\/\/webs.uab.cat\/dretmercantil\/wp-json\/wp\/v2\/pages\/1067","targetHints":{"allow":["GET"]}}],"collection":[{"href":"https:\/\/webs.uab.cat\/dretmercantil\/wp-json\/wp\/v2\/pages"}],"about":[{"href":"https:\/\/webs.uab.cat\/dretmercantil\/wp-json\/wp\/v2\/types\/page"}],"author":[{"embeddable":true,"href":"https:\/\/webs.uab.cat\/dretmercantil\/wp-json\/wp\/v2\/users\/133"}],"replies":[{"embeddable":true,"href":"https:\/\/webs.uab.cat\/dretmercantil\/wp-json\/wp\/v2\/comments?post=1067"}],"version-history":[{"count":2,"href":"https:\/\/webs.uab.cat\/dretmercantil\/wp-json\/wp\/v2\/pages\/1067\/revisions"}],"predecessor-version":[{"id":1415,"href":"https:\/\/webs.uab.cat\/dretmercantil\/wp-json\/wp\/v2\/pages\/1067\/revisions\/1415"}],"wp:attachment":[{"href":"https:\/\/webs.uab.cat\/dretmercantil\/wp-json\/wp\/v2\/media?parent=1067"}],"curies":[{"name":"wp","href":"https:\/\/api.w.org\/{rel}","templated":true}]}}

<p>Mario Córdoba Galán: <a href="https://blogs.uab.cat/dretmercantil/2020/06/01/la-sts-381-2019-abre-una-puerta-a-la-cancelacion-de-deuda-publica/">&#8220;La STS 381/2019 abre una puerta a la cancelación de deuda pública&#8221;</a>.</p>
<p>Nuria Darán: <a href="https://blogs.uab.cat/dretmercantil/2021/07/22/salud-e-inteligencia-artificial-desde-el-derecho-privado-por-nuria-daran/">&#8220;Salud e inteligencia artificial desde el Derecho privado&#8221;</a>.</p>
<p>Cristian Vela Saldaña: <a href="https://webs.uab.cat/dretmercantil/2025/07/21/la-accion-rescisoria-concursal-un-eje-critico-para-la-recuperacion-patrimonial-del-deudor-por-cristian-vela-saldana/">&#8220;La acción rescisoria concursal: un eje crítico para la recuperación patrimonial del deudor&#8221;</a></p>

<p>Mario Córdoba Galán: &#8220;La STS 381/2019 abre una puerta a la cancelación de deuda pública&#8221;. Nuria Darán: &#8220;Salud e inteligencia artificial desde el Derecho privado&#8221;. Cristian Vela Saldaña: &#8220;La acción rescisoria concursal: un eje crítico para la recuperación patrimonial del deudor&#8221;</p>
