{"id":13,"date":"2014-10-15T13:27:27","date_gmt":"2014-10-15T13:27:27","guid":{"rendered":"http:\/\/blogs.uab.cat\/propint\/?page_id=13"},"modified":"2026-03-25T11:47:39","modified_gmt":"2026-03-25T09:47:39","slug":"sobre-el-lloc-web","status":"publish","type":"page","link":"https:\/\/webs.uab.cat\/dretsautor\/sobre-el-lloc-web\/","title":{"rendered":"Qu\u00e8 \u00e9s?"},"content":{"rendered":"\n<p><a name=\"quees\"><\/a><\/p>\n\n\n\n<h2 class=\"wp-block-heading\">Qu\u00e8 ofereix aquest web?<\/h2>\n\n\n\n<p>T\u00e9 com a objectiu proporcionar-vos informaci\u00f3 sobre la propietat intel\u00b7lectual i l\u2019acc\u00e9s obert i oferir-vos atenci\u00f3 personalitzada que respongui a les vostres necessitats derivades de les tasques d\u2019aprenentatge, docents o d\u2019investigaci\u00f3 que porteu a terme a la universitat.<\/p>\n\n\n\n<p>El suport \u00e9s ofert per diferents \u00e0mbits de la universitat :<\/p>\n\n\n\n<ul class=\"wp-block-list\">\n<li>\u00c0rea de Planificaci\u00f3 de Sistemes d\u2019Informaci\u00f3<\/li>\n\n\n\n<li>Delegat de Protecci\u00f3 de Dades<\/li>\n\n\n\n<li>Escola de Doctorat<\/li>\n\n\n\n<li>Gabinet Jur\u00eddic<\/li>\n\n\n\n<li>Servei de Biblioteques<\/li>\n\n\n\n<li>Servei de Publicacions<\/li>\n<\/ul>\n\n\n\n<p>Inicialment les cerques i consultes es poden fer en catal\u00e0. Tanmateix podeu fer arribar les vostres consultes en castell\u00e0 o angl\u00e8s directament al <a href=\"https:\/\/tiquets.uab.cat\/servicedesk\/customer\/portal\/14\/create\/373\" target=\"_blank\" rel=\"noreferrer noopener\">formulari<\/a>.<br><a name=\"quipot\"><\/a><\/p>\n\n\n\n<h2 class=\"wp-block-heading\">A qui s&#8217;adre\u00e7a?<\/h2>\n\n\n\n<p>Als membres de la comunitat universit\u00e0ria de la UAB, preferentment personal docent i investigador i investigadors en formaci\u00f3 (PDI).<br><a name=\"desdon\"><\/a><\/p>\n\n\n\n<h2 class=\"wp-block-heading\">Com trobar la informaci\u00f3?<\/h2>\n\n\n\n<p>Per cercar informaci\u00f3 de diferents tem\u00e0tiques relacionades amb la propietat intel\u00b7lectual i l\u2019acc\u00e9s obert, teniu 3 maneres de fer-ho:<\/p>\n\n\n\n<ul class=\"wp-block-list\">\n<li>Podeu comen\u00e7ar per cercar, en catal\u00e0, les paraules que defineixen la vostra pregunta directament a la casella de cerca.<\/li>\n<\/ul>\n\n\n\n<ul class=\"wp-block-list\">\n<li>Tamb\u00e9 podeu navegar per les carpetes tem\u00e0tiques de la p\u00e0gina principal.<\/li>\n\n\n\n<li>I si finalment no trobeu informaci\u00f3 sobre la vostra consulta, podeu formular-ne una de nova a trav\u00e9s del <a href=\"https:\/\/tiquets.uab.cat\/servicedesk\/customer\/portal\/14\/create\/373\" target=\"_blank\" rel=\"noreferrer noopener\">formulari<\/a> que hi ha al final de la p\u00e0gina (<em>Feu una consulta<\/em>).<\/li>\n<\/ul>\n\n\n\n<p><a name=\"comfunciona\"><\/a><\/p>\n\n\n\n<h2 class=\"wp-block-heading\">Des d&#8217;on podeu fer una consulta?<\/h2>\n\n\n\n<p>Les consultes les podeu formular des de qualsevol ordinador connectat a internet a trav\u00e9s del formulari accessible des de diferents punts de la web de la UAB.<\/p>\n\n\n\n<p><a name=\"quintipus\"><\/a><\/p>\n\n\n\n<h2 class=\"wp-block-heading\">Quin tipus de consultes podeu fer?<\/h2>\n\n\n\n<p>Est\u00e0 pensat per ajudar a resoldre qualsevol dubte que tingueu respecte a:<\/p>\n\n\n\n<ul class=\"wp-block-list\">\n<li>Elaboraci\u00f3 i publicaci\u00f3 de materials docents<\/li>\n<\/ul>\n\n\n\n<ul class=\"wp-block-list\">\n<li>Publicaci\u00f3 de la producci\u00f3 cient\u00edfica al DDD<\/li>\n<\/ul>\n\n\n\n<ul class=\"wp-block-list\">\n<li>Publicar en obert els documents finals dels projectes finan\u00e7ats per organismes nacionals o europeus.<\/li>\n<\/ul>\n\n\n\n<ul class=\"wp-block-list\">\n<li>Publicar en obert dades prim\u00e0ries de recerca<\/li>\n<\/ul>\n\n\n\n<ul class=\"wp-block-list\">\n<li>Registre i publicaci\u00f3 de la tesi doctoral<\/li>\n<\/ul>\n\n\n\n<ul class=\"wp-block-list\">\n<li>Condicions d\u2019\u00fas i acc\u00e9s als recursos digitals (llic\u00e8ncies)<\/li>\n<\/ul>\n\n\n\n<ul class=\"wp-block-list\">\n<li>Llic\u00e8ncies d\u2019acc\u00e9s obert (Creative Commons)<\/li>\n\n\n\n<li>Publicaci\u00f3 d\u2019articles\/llibres al Servei de Publicacions<\/li>\n<\/ul>\n\n\n\n<p>I qualsevol altre dubte relacionat amb la propietat intel\u00b7lectual o l&#8217;acc\u00e9s obert.<\/p>\n\n\n\n<p><a name=\"comiquan\"><\/a><\/p>\n\n\n\n<h2 class=\"wp-block-heading\">Com i quan respondrem?<\/h2>\n\n\n\n<p>Atendrem les vostres consultes i rebreu una resposta al vostre correu electr\u00f2nic de la UAB que consta al formulari en un termini m\u00e0xim de 5 dies laborables. Durant els per\u00edodes de Nadal, Setmana Santa, agost i dies no h\u00e0bils a la UAB les consultes que arribin quedaran a l\u2019espera.<\/p>\n","protected":false},"excerpt":{"rendered":"<p>Qu\u00e8 ofereix aquest web? T\u00e9 com a objectiu proporcionar-vos informaci\u00f3 sobre la propietat intel\u00b7lectual i l\u2019acc\u00e9s obert i oferir-vos atenci\u00f3 personalitzada que respongui a les vostres necessitats derivades de les tasques d\u2019aprenentatge, docents o d\u2019investigaci\u00f3 que porteu a terme a la universitat. El suport \u00e9s ofert per diferents \u00e0mbits de la universitat : Inicialment les [&hellip;]<\/p>\n","protected":false},"author":1734,"featured_media":0,"parent":0,"menu_order":5,"comment_status":"open","ping_status":"open","template":"","meta":{"footnotes":""},"class_list":["post-13","page","type-page","status-publish","hentry"],"_links":{"self":[{"href":"https:\/\/webs.uab.cat\/dretsautor\/wp-json\/wp\/v2\/pages\/13","targetHints":{"allow":["GET"]}}],"collection":[{"href":"https:\/\/webs.uab.cat\/dretsautor\/wp-json\/wp\/v2\/pages"}],"about":[{"href":"https:\/\/webs.uab.cat\/dretsautor\/wp-json\/wp\/v2\/types\/page"}],"author":[{"embeddable":true,"href":"https:\/\/webs.uab.cat\/dretsautor\/wp-json\/wp\/v2\/users\/1734"}],"replies":[{"embeddable":true,"href":"https:\/\/webs.uab.cat\/dretsautor\/wp-json\/wp\/v2\/comments?post=13"}],"version-history":[{"count":5,"href":"https:\/\/webs.uab.cat\/dretsautor\/wp-json\/wp\/v2\/pages\/13\/revisions"}],"predecessor-version":[{"id":3437,"href":"https:\/\/webs.uab.cat\/dretsautor\/wp-json\/wp\/v2\/pages\/13\/revisions\/3437"}],"wp:attachment":[{"href":"https:\/\/webs.uab.cat\/dretsautor\/wp-json\/wp\/v2\/media?parent=13"}],"curies":[{"name":"wp","href":"https:\/\/api.w.org\/{rel}","templated":true}]}}