{"id":289,"date":"2014-10-24T10:11:02","date_gmt":"2014-10-24T08:11:02","guid":{"rendered":"http:\/\/blogs.uab.cat\/propint\/?page_id=289"},"modified":"2024-05-10T13:25:32","modified_gmt":"2024-05-10T11:25:32","slug":"textos-legals","status":"publish","type":"page","link":"https:\/\/webs.uab.cat\/dretsautor\/textos-legals\/","title":{"rendered":"Marc legal"},"content":{"rendered":"<p><a name=\"estatal\"><\/a><\/p>\n<h2>Estatal<\/h2>\n<ul class=\"fa-ul\">\n<li class=\"fa-external-link-square\" style=\"text-align: justify\"><a title=\"Llei de Propietat Intel\u00b7lectual\" href=\"https:\/\/www.boe.es\/buscar\/act.php?id=BOE-A-1996-8930\" target=\"_blank\" rel=\"noopener noreferrer\">Real Decreto Legislativo 1\/1996, de 12 de abril, por el que se aprueba el texto refundido de la Ley de Propiedad Intelectual<br \/>\n<\/a>Bolet\u00edn Oficial del Estado, 22 d&#8217;abril de 1996, n\u00fam 97.<\/li>\n<\/ul>\n<ul class=\"fa-ul\">\n<li class=\"fa-external-link-square\" style=\"text-align: justify\"><a title=\"R\u00e8gim jur\u00eddic de les obres \u00f2rfenes\" href=\"https:\/\/www.boe.es\/diario_boe\/txt.php?id=BOE-A-2016-5717\" target=\"_blank\" rel=\"noopener noreferrer\">Real Decreto 224\/2016, de 27 de mayo, por el que se desarrolla el r\u00e9gimen jur\u00eddico de las obras hu\u00e9rfanas<\/a><br \/>\nBolet\u00edn Oficial del Estado , de 11 de juny de 2016, n\u00fam 141.<\/li>\n<\/ul>\n<ul class=\"fa-ul\">\n<li class=\"fa-external-link-square\" style=\"text-align: justify\"><a title=\"Llei de la Ci\u00e8ncia\" href=\"https:\/\/www.boe.es\/diario_boe\/txt.php?id=BOE-A-2022-14581\" target=\"_blank\" rel=\"noopener noreferrer\">Ley 17\/2022, de 5 de septiembre, por la que se modifica la Ley 14\/2011, de 1 de junio, de la Ciencia, la Tecnolog\u00eda y la Innovaci\u00f3n<\/a><br \/>\nBolet\u00edn Oficial del Estado, 6 de septiembre de 2022, n\u00fam 214. Article 37.<\/li>\n<\/ul>\n<ul class=\"fa-ul\">\n<li><a href=\"https:\/\/dogc.gencat.cat\/ca\/document-del-dogc\/?documentId=946552\" target=\"_blank\" rel=\"noopener\">Llei 9\/2022, del 21 de desembre, de la ci\u00e8ncia<\/a><br \/>\nDiari Oficial de la Generalitat de Catalunya, 23 de desembre de 2023, n\u00fam\u00a0 \u00a0 \u00a0 \u00a0 \u00a0 \u00a0 \u00a0 \u00a08819. Article 79<\/li>\n<\/ul>\n<ul class=\"fa-ul\">\n<li class=\"fa-external-link-square\" style=\"text-align: justify\"><a href=\"https:\/\/www.boe.es\/buscar\/act.php?id=BOE-A-2021-17910\" target=\"_blank\" rel=\"noopener\">Real Decreto-ley 24\/2021, de 2 de noviembre, de transposici\u00f3n de directivas de la Uni\u00f3n Europea en las materias de bonos garantizados, distribuci\u00f3n transfronteriza de organismos de inversi\u00f3n colectiva, datos abiertos y reutilizaci\u00f3n de la informaci\u00f3n del sector p\u00fablico, ejercicio de derechos de autor y derechos afines aplicables a determinadas transmisiones en l\u00ednea y a las retransmisiones de programas de radio y televisi\u00f3n, exenciones temporales a determinadas importaciones y suministros, de personas consumidoras y para la promoci\u00f3n de veh\u00edculos de transporte por carretera limpios y energ\u00e9ticamente eficientes.\u00a0\u00a0<\/a><br \/>\nBolet\u00edn Oficial del Estado, 3 de novembre de 2021, n\u00fam 263<\/li>\n<li class=\"fa-external-link-square\" style=\"text-align: justify\">\n<div>\n<p><a title=\"https:\/\/www.boe.es\/buscar\/act.php?id=BOE-A-2023-7500\" href=\"https:\/\/www.boe.es\/buscar\/act.php?id=BOE-A-2023-7500\" target=\"_blank\" rel=\"noopener noreferrer\" data-auth=\"NotApplicable\" data-safelink=\"true\" data-linkindex=\"1\">Ley Org\u00e1nica 2\/2023, de 22 de marzo, del Sistema Universitario<\/a><br \/>\n<span style=\"font-size: revert;letter-spacing: 0.05rem\">Bolet\u00edn Oficial del Estado, 23 de marzo de 2023, n\u00fam 70.<\/span><\/p>\n<\/div>\n<\/li>\n<li class=\"fa-external-link-square\" style=\"text-align: justify\"><a title=\"Llei de Serveis de la Societat de la Informaci\u00f3 i de Comer\u00e7 Electr\u00f2nic\" href=\"https:\/\/www.boe.es\/buscar\/act.php?id=BOE-A-2002-13758\" target=\"_blank\" rel=\"noopener noreferrer\">Ley 34\/2002, de 11 de julio, de servicios de la sociedad de la informaci\u00f3n y de comercio electr\u00f3nico<\/a><br \/>\nBolet\u00edn Oficial del Estado, 12 de juliol de 2002, n\u00fam 166.<\/li>\n<\/ul>\n<ul class=\"fa-ul\">\n<li class=\"fa-external-link-square\" style=\"text-align: justify\"><a title=\"Real Decret que regula els ensenyaments oficials de doctorat\" href=\"https:\/\/www.boe.es\/buscar\/act.php?id=BOE-A-2011-2541\" target=\"_blank\" rel=\"noopener noreferrer\">Real Decreto 99\/2011, de 28 de enero, por el que se regulan las ense\u00f1anzas oficiales de doctorado<\/a><br \/>\nBolet\u00edn Oficial del Estado, 10 de febrer de 2011, n\u00fam 35. Article 14.5.<\/li>\n<\/ul>\n<ul class=\"fa-ul\">\n<li class=\"fa-external-link-square\" style=\"text-align: justify\"><a title=\"Llei de la Lectura, del Llibre i de les Biblioteques\" href=\"https:\/\/www.boe.es\/buscar\/act.php?id=BOE-A-2007-12351\" target=\"_blank\" rel=\"noopener noreferrer\">Ley 10\/2007, de 22 de junio, de la lectura, del libro y de las bibliotecas<br \/>\n<\/a>Bolet\u00edn Oficial del Estado, 23 de juny de 2007, n\u00fam 150.<\/li>\n<\/ul>\n<ul class=\"fa-ul\">\n<li class=\"fa-external-link-square\" style=\"text-align: justify\"><a title=\"Llei del Llibre\" href=\"https:\/\/www.boe.es\/diario_boe\/txt.php?id=BOE-A-1975-5293\" target=\"_blank\" rel=\"noopener noreferrer\">Ley 9\/1975, de 12 de marzo, del Libro<\/a><br \/>\nBolet\u00edn Oficial del Estado, 14 de mar\u00e7 de 1975, n\u00fam 63. Articles 10, 27 a 32.<\/li>\n<\/ul>\n<ul class=\"fa-ul\">\n<li class=\"fa-external-link-square\" style=\"text-align: justify\"><a title=\"Reial Decret de la Comisi\u00f3n de Propiedad Intelectual\" href=\"https:\/\/www.boe.es\/diario_boe\/txt.php?id=BOE-A-2015-12301\" target=\"_blank\" rel=\"noopener noreferrer\">Real Decreto 1023\/2015, de 13 de noviembre, por el que se desarrolla reglamentariamente la composici\u00f3n, organizaci\u00f3n y ejercicio de funciones de la Secci\u00f3n Primera de la Comisi\u00f3n de Propiedad Intelectual<\/a><br \/>\nBolet\u00edn Oficial del Estado, de 14 de novembre de 2015, n\u00fam. 273.<\/li>\n<\/ul>\n<ul class=\"fa-ul\">\n<li class=\"fa-external-link-square\" style=\"text-align: justify\"><a title=\"Reial Decret de la Comisi\u00f3n de Propiedad Intelectual\" href=\"https:\/\/www.boe.es\/buscar\/doc.php?id=BOE-A-2011-20652\" target=\"_blank\" rel=\"noopener noreferrer\">Real Decreto 1889\/2011, de 30 de diciembre, por el que se regula el<\/a>\u00a0<a title=\"Real Decreto 1889\/2011, de 30 de diciembre, por el que se regula el funcionamiento de la Comisi\u00f3n de Propiedad Intelectual\" href=\"https:\/\/www.boe.es\/boe\/dias\/2011\/12\/31\/pdfs\/BOE-A-2011-20652.pdf\" target=\"_blank\" rel=\"noopener noreferrer\">funcionamiento de la Comisi\u00f3n de Propiedad Intelectual<br \/>\n<\/a>Bolet\u00edn Oficial del Estado, 31 de desembre de 2011, n\u00fam 315. Articles 1, 13 a 24.<\/li>\n<\/ul>\n<ul class=\"fa-ul\">\n<li class=\"fa-external-link-square\" style=\"text-align: justify\"><a title=\"Reial Decret del dret de remuneraci\u00f3 als autors pels pr\u00e9stecs de les seves obres en determinats establiments accessibles al p\u00fablic\" href=\"https:\/\/www.boe.es\/diario_boe\/txt.php?id=BOE-A-2014-8275\" target=\"_blank\" rel=\"noopener noreferrer\">Real Decreto 624\/2014, de 18 de julio, por el que se desarrolla el derecho de remuneraci\u00f3n a los autores por los pr\u00e9stamos de sus obras realizados en determinados establecimientos accesibles al p\u00fablico<\/a><\/li>\n<\/ul>\n<ul class=\"fa-ul\">\n<li class=\"fa-external-link-square\" style=\"text-align: justify\"><a title=\"Llei del Codi Penal\" href=\"https:\/\/www.boe.es\/buscar\/act.php?id=BOE-A-1995-25444\" target=\"_blank\" rel=\"noopener noreferrer\">Ley Org\u00e1nica 10\/1995, de 23 de noviembre, del C\u00f3digo Penal<\/a><br \/>\nBolet\u00edn Oficial del Estado, 24 de novembre de 1995, n\u00fam. 281, p\u00e0g. 33987-34058 (72 p\u00e0gs.) Articles 270 a 272, 287, 288.<\/li>\n<\/ul>\n<ul class=\"fa-ul\">\n<li class=\"fa-external-link-square\" style=\"text-align: justify\"><a title=\"Llei de Protecci\u00f3 de Dades Personals i Garantia de Drets Digitals\" href=\"https:\/\/www.boe.es\/buscar\/act.php?id=BOE-A-2018-16673\" target=\"_blank\" rel=\"noopener noreferrer\">Ley Org\u00e1nica 3\/2018, de 5 de diciembre, de Protecci\u00f3n de Datos Personales y Garant\u00eda de los Derechos Digitales<\/a><\/li>\n<li class=\"fa-external-link-square\" style=\"text-align: justify\"><a title=\"Reial Decret del sistema de compensaci\u00f3 equitativa per c\u00f2pia privada\" href=\"https:\/\/www.boe.es\/buscar\/doc.php?id=BOE-A-2018-16903\" target=\"_blank\" rel=\"noopener noreferrer\">Real Decreto 1398\/2018, de 23 de novembre, por el que se desarrolla el art\u00edculo 25 del texto refundido de la Ley de Propiedad Intelectual, aprobado por el Real Decreto Legislativo 1\/1996, de 12 de abril, en cuanto al sistema de compensaci\u00f3n equitativa por copia privada<\/a><\/li>\n<\/ul>\n<p><a name=\"uab\"><\/a><\/p>\n<h2>Universitat Aut\u00f2noma de Barcelona<\/h2>\n<ul class=\"fa-ul\">\n<li class=\"fa-external-link-square\" style=\"text-align: justify\"><a title=\"Reglament DDD\" href=\"https:\/\/ddd.uab.cat\/record\/149325\" target=\"_blank\" rel=\"noopener noreferrer\">Acord del Consell de Govern del 25 d&#8217;abril de 2012 del Reglament del Dip\u00f2sit Digital de Documents de la UAB<\/a><\/li>\n<\/ul>\n<ul class=\"fa-ul\">\n<li class=\"fa-external-link-square\" style=\"text-align: justify\"><a title=\"Pol\u00edtica UAB d'Acc\u00e9s Obert\" href=\"https:\/\/ddd.uab.cat\/record\/89641\" target=\"_blank\" rel=\"noopener noreferrer\">Acord del Consell de Govern, de 14 de desembre de 2022, de Pol\u00edtica Institucional d&#8217;Acc\u00e9s Obert de la Universitat Aut\u00f2noma de Barcelona<\/a><\/li>\n<\/ul>\n<ul class=\"fa-ul\">\n<li class=\"fa-external-link-square\" style=\"text-align: justify\"><a title=\"Pol\u00edtica UAB d'Acc\u00e9s Obert per a Dades de Recerca\" href=\"https:\/\/ddd.uab.cat\/record\/222172\" target=\"_blank\" rel=\"noopener\">Acord del Consell de Govern, de 14 de desembre de 2022, de Pol\u00edtica Institucional d&#8217;Acc\u00e9s Obert per a les Dades de Recerca de la Universitat Aut\u00f2noma de Barcelona<\/a><\/li>\n<li><a href=\"https:\/\/www.uab.cat\/ca\/ciencia-oberta\/estrategia\" target=\"_blank\" rel=\"noopener\">Estrat\u00e8gia de la ci\u00e8ncia a la UAB i compromisos<\/a><\/li>\n<\/ul>\n<ul class=\"fa-ul\">\n<li class=\"fa-external-link-square\" style=\"text-align: justify\"><a title=\"Normatives UAB vigents en l\u2019\u00e0mbit de les TIC\" href=\"https:\/\/www.uab.cat\/web\/la-uab\/itineraris\/normatives\/tecnologies-de-la-informacio-i-comunicacio-1345668305827.html\" target=\"_blank\" rel=\"noopener noreferrer\">Text Ref\u00f3s de les Normatives vigents en l\u2019\u00e0mbit de les Tecnologies de la Informaci\u00f3 i de la Comunicaci\u00f3 (TIC) de la Universitat Aut\u00f2noma de Barcelona<\/a>, text ref\u00f3s aprovat per Acord del Consell de Govern de 13 de juliol de 2011 i modificat per Acord de Consell de Govern de 25 d\u2019abril de 2012.<\/li>\n<\/ul>\n<ul class=\"fa-ul\">\n<li class=\"fa-external-link-square\" style=\"text-align: justify\"><a title=\"Normativa UAB en mat\u00e8ria d\u2019Investigaci\u00f3\" href=\"https:\/\/www.uab.cat\/doc\/Text_refos_materia_investigacio\" target=\"_blank\" rel=\"noopener\">Normativa de la Universitat Aut\u00f2noma de Barcelona en Mat\u00e8ria d\u2019Investigaci\u00f3<\/a>, text ref\u00f3s aprovat per Acord del Consell de Govern de 2 de mar\u00e7 de 2011 i modificat pels acords de 5 de juny de 2013, 22 de juliol de 2014, 19 de mar\u00e7 de 2015, 8 de novembre de 2016, 12 de juliol de 2017 i 30 de gener de 2020.<\/li>\n<\/ul>\n","protected":false},"excerpt":{"rendered":"<p>Estatal Real Decreto Legislativo 1\/1996, de 12 de abril, por el que se aprueba el texto refundido de la Ley de Propiedad Intelectual Bolet\u00edn Oficial del Estado, 22 d&#8217;abril de 1996, n\u00fam 97. Real Decreto 224\/2016, de 27 de mayo, por el que se desarrolla el r\u00e9gimen jur\u00eddico de las obras hu\u00e9rfanas Bolet\u00edn Oficial del [&hellip;]<\/p>\n","protected":false},"author":1734,"featured_media":0,"parent":0,"menu_order":4,"comment_status":"closed","ping_status":"closed","template":"","meta":{"footnotes":""},"class_list":["post-289","page","type-page","status-publish","hentry"],"_links":{"self":[{"href":"https:\/\/webs.uab.cat\/dretsautor\/wp-json\/wp\/v2\/pages\/289","targetHints":{"allow":["GET"]}}],"collection":[{"href":"https:\/\/webs.uab.cat\/dretsautor\/wp-json\/wp\/v2\/pages"}],"about":[{"href":"https:\/\/webs.uab.cat\/dretsautor\/wp-json\/wp\/v2\/types\/page"}],"author":[{"embeddable":true,"href":"https:\/\/webs.uab.cat\/dretsautor\/wp-json\/wp\/v2\/users\/1734"}],"replies":[{"embeddable":true,"href":"https:\/\/webs.uab.cat\/dretsautor\/wp-json\/wp\/v2\/comments?post=289"}],"version-history":[{"count":11,"href":"https:\/\/webs.uab.cat\/dretsautor\/wp-json\/wp\/v2\/pages\/289\/revisions"}],"predecessor-version":[{"id":3277,"href":"https:\/\/webs.uab.cat\/dretsautor\/wp-json\/wp\/v2\/pages\/289\/revisions\/3277"}],"wp:attachment":[{"href":"https:\/\/webs.uab.cat\/dretsautor\/wp-json\/wp\/v2\/media?parent=289"}],"curies":[{"name":"wp","href":"https:\/\/api.w.org\/{rel}","templated":true}]}}